-- Table structure for table `nbn_woocommerce_shipping_zone_locations`
--

CREATE TABLE `nbn_woocommerce_shipping_zone_locations` (
  `location_id` bigint(20) unsigned NOT NULL AUTO_INCREMENT,
  `zone_id` bigint(20) unsigned NOT NULL,
  `location_code` varchar(200) COLLATE utf8mb4_unicode_520_ci NOT NULL,
  `location_type` varchar(40) COLLATE utf8mb4_unicode_520_ci NOT NULL,
  PRIMARY KEY (`location_id`),
  KEY `zone_id` (`zone_id`),
  KEY `location_type_code` (`location_type`(10),`location_code`(20))
) ENGINE=InnoDB AUTO_INCREMENT=4 DEFAULT CHARSET=utf8mb4 COLLATE=utf8mb4_unicode_520_ci;

--
-- Dumping data for table `nbn_woocommerce_shipping_zone_locations`
--

INSERT INTO `nbn_woocommerce_shipping_zone_locations` VALUES (3,1,'US','country');

--
-- Table structure for table `nbn_woocommerce_shipping_zone_methods`
--

CREATE TABLE `nbn_woocommerce_shipping_zone_methods` (
  `zone_id` bigint(20) unsigned NOT NULL,
  `instance_id` bigint(20) unsigned NOT NULL AUTO_INCREMENT,
  `method_id` varchar(200) COLLATE utf8mb4_unicode_520_ci NOT NULL,
  `method_order` bigint(20) unsigned NOT NULL,
  `is_enabled` tinyint(1) NOT NULL DEFAULT '1',
  PRIMARY KEY (`instance_id`)
) ENGINE=InnoDB AUTO_INCREMENT=5 DEFAULT CHARSET=utf8mb4 COLLATE=utf8mb4_unicode_520_ci;

--
-- Dumping data for table `nbn_woocommerce_shipping_zone_methods`
--

INSERT INTO `nbn_woocommerce_shipping_zone_methods` VALUES (1,3,'free_shipping',3,1),(1,4,'flat_rate',1,1);

--
-- Table structure for table `nbn_woocommerce_shipping_zones`
--

CREATE TABLE `nbn_woocommerce_shipping_zones` (
  `zone_id` bigint(20) unsigned NOT NULL AUTO_INCREMENT,
  `zone_name` varchar(200) COLLATE utf8mb4_unicode_520_ci NOT NULL,
  `zone_order` bigint(20) unsigned NOT NULL,
  PRIMARY KEY (`zone_id`)
) ENGINE=InnoDB AUTO_INCREMENT=2 DEFAULT CHARSET=utf8mb4 COLLATE=utf8mb4_unicode_520_ci;

--
-- Dumping data for table `nbn_woocommerce_shipping_zones`
--

INSERT INTO `nbn_woocommerce_shipping_zones` VALUES (1,'Continental US',0);

--
-- Table structure for table `nbn_woocommerce_tax_rate_locations`
--

CREATE TABLE `nbn_woocommerce_tax_rate_locations` (
  `location_id` bigint(20) unsigned NOT NULL AUTO_INCREMENT,
  `location_code` varchar(200) COLLATE utf8mb4_unicode_520_ci NOT NULL,
  `tax_rate_id` bigint(20) unsigned NOT NULL,
  `location_type` varchar(40) COLLATE utf8mb4_unicode_520_ci NOT NULL,
  PRIMARY KEY (`location_id`),
  KEY `tax_rate_id` (`tax_rate_id`),
  KEY `location_type_code` (`location_type`(10),`location_code`(20))
) ENGINE=InnoDB DEFAULT CHARSET=utf8mb4 COLLATE=utf8mb4_unicode_520_ci;

--
-- Dumping data for table `nbn_woocommerce_tax_rate_locations`
--


--
-- Table structure for table `nbn_woocommerce_tax_rates`
--

CREATE TABLE `nbn_woocommerce_tax_rates` (
  `tax_rate_id` bigint(20) unsigned NOT NULL AUTO_INCREMENT,
  `tax_rate_country` varchar(2) COLLATE utf8mb4_unicode_520_ci NOT NULL DEFAULT '',
  `tax_rate_state` varchar(200) COLLATE utf8mb4_unicode_520_ci NOT NULL DEFAULT '',
  `tax_rate` varchar(8) COLLATE utf8mb4_unicode_520_ci NOT NULL DEFAULT '',
  `tax_rate_name` varchar(200) COLLATE utf8mb4_unicode_520_ci NOT NULL DEFAULT '',
  `tax_rate_priority` bigint(20) unsigned NOT NULL,
  `tax_rate_compound` int(1) NOT NULL DEFAULT '0',
  `tax_rate_shipping` int(1) NOT NULL DEFAULT '1',
  `tax_rate_order` bigint(20) unsigned NOT NULL,
  `tax_rate_class` varchar(200) COLLATE utf8mb4_unicode_520_ci NOT NULL DEFAULT '',
  PRIMARY KEY (`tax_rate_id`),
  KEY `tax_rate_country` (`tax_rate_country`),
  KEY `tax_rate_state` (`tax_rate_state`(2)),
  KEY `tax_rate_class` (`tax_rate_class`(10)),
  KEY `tax_rate_priority` (`tax_rate_priority`)
) ENGINE=InnoDB DEFAULT CHARSET=utf8mb4 COLLATE=utf8mb4_unicode_520_ci;

--
-- Dumping data for table `nbn_woocommerce_tax_rates`
--


--
-- Table structure for table `nbn_wpfm_backup`
--

CREATE TABLE `nbn_wpfm_backup` (
  `id` int(11) NOT NULL AUTO_INCREMENT,
  `backup_name` text COLLATE utf8mb4_unicode_520_ci,
  `backup_date` text COLLATE utf8mb4_unicode_520_ci,
  PRIMARY KEY (`id`)
) ENGINE=InnoDB DEFAULT CHARSET=utf8mb4 COLLATE=utf8mb4_unicode_520_ci;

--
-- Dumping data for table `nbn_wpfm_backup`
--


--
-- Table structure for table `nbn_wpforms_coupons`
--

CREATE TABLE `nbn_wpforms_coupons` (
  `id` bigint(20) unsigned NOT NULL AUTO_INCREMENT,
  `name` varchar(200) COLLATE utf8mb4_unicode_520_ci NOT NULL,
  `code` varchar(36) COLLATE utf8mb4_unicode_520_ci NOT NULL,
  `discount_amount` decimal(26,8) NOT NULL,
  `discount_type` enum('flat','percentage') COLLATE utf8mb4_unicode_520_ci NOT NULL DEFAULT 'flat',
  `usage_limit` smallint(5) unsigned DEFAULT NULL,
  `usage_limit_reached` tinyint(4) NOT NULL DEFAULT '0',
  `start_date_time_gmt` datetime DEFAULT NULL,
  `end_date_time_gmt` datetime DEFAULT NULL,
  `status` varchar(36) COLLATE utf8mb4_unicode_520_ci NOT NULL DEFAULT 'publish',
  `is_global` tinyint(4) NOT NULL DEFAULT '0',
  `date_created_gmt` timestamp NOT NULL DEFAULT CURRENT_TIMESTAMP ON UPDATE CURRENT_TIMESTAMP,
  PRIMARY KEY (`id`),
  KEY `code` (`code`)
) ENGINE=InnoDB DEFAULT CHARSET=utf8mb4 COLLATE=utf8mb4_unicode_520_ci;

--
-- Dumping data for table `nbn_wpforms_coupons`
--


--
-- Table structure for table `nbn_wpforms_coupons_forms`
--

CREATE TABLE `nbn_wpforms_coupons_forms` (
  `id` bigint(20) unsigned NOT NULL AUTO_INCREMENT,
  `coupon_id` bigint(20) unsigned NOT NULL,
  `form_id` bigint(20) unsigned NOT NULL,
  PRIMARY KEY (`id`),
  UNIQUE KEY `coupon_form_ids` (`coupon_id`,`form_id`)
) ENGINE=InnoDB DEFAULT CHARSET=utf8mb4 COLLATE=utf8mb4_unicode_520_ci;

--
-- Dumping data for table `nbn_wpforms_coupons_forms`
--


--
-- Table structure for table `nbn_wpforms_coupons_forms_usage`
--

CREATE TABLE `nbn_wpforms_coupons_forms_usage` (
  `coupon_id` bigint(20) unsigned NOT NULL,
  `form_id` bigint(20) unsigned NOT NULL,
  `payments_count` mediumint(8) unsigned NOT NULL DEFAULT '0',
  `usage_count` mediumint(8) unsigned NOT NULL DEFAULT '0',
  UNIQUE KEY `coupon_form_ids` (`coupon_id`,`form_id`)
) ENGINE=InnoDB DEFAULT CHARSET=utf8mb4 COLLATE=utf8mb4_unicode_520_ci;

--
-- Dumping data for table `nbn_wpforms_coupons_forms_usage`
--


--
-- Table structure for table `nbn_wpforms_entries`
--

CREATE TABLE `nbn_wpforms_entries` (
  `entry_id` bigint(20) NOT NULL AUTO_INCREMENT,
  `form_id` bigint(20) NOT NULL,
  `post_id` bigint(20) NOT NULL,
  `user_id` bigint(20) NOT NULL,
  `status` varchar(30) COLLATE utf8mb4_unicode_520_ci NOT NULL,
  `type` varchar(30) COLLATE utf8mb4_unicode_520_ci NOT NULL,
  `viewed` tinyint(1) DEFAULT '0',
  `starred` tinyint(1) DEFAULT '0',
  `fields` longtext COLLATE utf8mb4_unicode_520_ci NOT NULL,
  `meta` longtext COLLATE utf8mb4_unicode_520_ci NOT NULL,
  `date` datetime NOT NULL,
  `date_modified` datetime NOT NULL,
  `ip_address` varchar(128) COLLATE utf8mb4_unicode_520_ci NOT NULL,
  `user_agent` varchar(256) COLLATE utf8mb4_unicode_520_ci NOT NULL,
  `user_uuid` varchar(36) COLLATE utf8mb4_unicode_520_ci NOT NULL,
  PRIMARY KEY (`entry_id`),
  KEY `form_id` (`form_id`)
) ENGINE=InnoDB AUTO_INCREMENT=96 DEFAULT CHARSET=utf8mb4 COLLATE=utf8mb4_unicode_520_ci;

--
-- Dumping data for table `nbn_wpforms_entries`
--

INSERT INTO `nbn_wpforms_entries` VALUES (1,1943,0,0,'','',0,0,'{\"1\":{\"name\":\"Name\",\"value\":\"GeorgeSmumpGG GeorgeSmumpGG\",\"id\":1,\"type\":\"name\",\"first\":\"GeorgeSmumpGG\",\"middle\":\"\",\"last\":\"GeorgeSmumpGG\"},\"2\":{\"name\":\"Email\",\"value\":\"yawiviseya67@gmail.com\",\"id\":2,\"type\":\"email\"},\"3\":{\"name\":\"Comment or Message\",\"value\":\"Aloha, makemake wau e\\u02bbike i k\\u0101u kumuk\\u016b\\u02bbai.\",\"id\":3,\"type\":\"textarea\"}}','','2025-06-15 11:23:57','2025-06-15 11:23:57','185.39.19.97','Mozilla/5.0 (Windows NT 10.0; Win64; x64) AppleWebKit/537.36 (KHTML, like Gecko) Chrome/131.0.0.0 Safari/537.36',''),(3,1943,0,0,'','',0,0,'{\"1\":{\"name\":\"Name\",\"value\":\"test test\",\"id\":1,\"type\":\"name\",\"first\":\"test\",\"middle\":\"\",\"last\":\"test\"},\"2\":{\"name\":\"Email\",\"value\":\"tets@gmail.com\",\"id\":2,\"type\":\"email\"},\"3\":{\"name\":\"Comment or Message\",\"value\":\"test\",\"id\":3,\"type\":\"textarea\"}}','','2025-06-15 21:25:57','2025-06-15 21:25:57','115.118.128.202','Mozilla/5.0 (Windows NT 10.0; Win64; x64) AppleWebKit/537.36 (KHTML, like Gecko) Chrome/137.0.0.0 Safari/537.36','4871f946-1cf7-4775-856c-113a11353018'),(4,1943,0,1,'','',0,0,'{\"1\":{\"name\":\"Name\",\"value\":\"Ben Wojnarowicz\",\"id\":1,\"type\":\"name\",\"first\":\"Ben\",\"middle\":\"\",\"last\":\"Wojnarowicz\"},\"2\":{\"name\":\"Email\",\"value\":\"ben@aggressivegraphix.com\",\"id\":2,\"type\":\"email\"},\"3\":{\"name\":\"Comment or Message\",\"value\":\"Test\",\"id\":3,\"type\":\"textarea\"}}','','2025-06-18 14:27:28','2025-06-18 14:27:28','71.11.17.27','Mozilla/5.0 (Windows NT 10.0; Win64; x64) AppleWebKit/537.36 (KHTML, like Gecko) Chrome/137.0.0.0 Safari/537.36','f9f88250-07df-4417-8329-16a0c52afa8f'),(5,2516,0,1,'','',0,0,'{\"1\":{\"name\":\"Name\",\"value\":\"Ben Wojnarowicz\",\"id\":1,\"type\":\"name\",\"first\":\"\",\"middle\":\"\",\"last\":\"\"},\"2\":{\"name\":\"Email\",\"value\":\"ben@aggressivegraphix.com\",\"id\":2,\"type\":\"email\"},\"3\":{\"name\":\"Phone\",\"value\":\"(774) 314-1673\",\"id\":3,\"type\":\"phone\"},\"4\":{\"name\":\"Specific job completion date\",\"value\":\"\",\"id\":4,\"type\":\"date-time\",\"date\":\"\",\"time\":\"\",\"unix\":\"\"},\"5\":{\"name\":\"Project type\",\"value\":\"Car\\/Truck\",\"value_raw\":\"Car\\/Truck\",\"id\":5,\"type\":\"checkbox\"},\"9\":{\"name\":\"Vehicle year\\/make\\/model\",\"value\":\"\",\"id\":9,\"type\":\"text\",\"visible\":false},\"6\":{\"name\":\"Which wrap service are you interested in?\",\"value\":\"Chrome delete\",\"value_raw\":\"Chrome delete\",\"id\":6,\"type\":\"checkbox\"},\"7\":{\"name\":\"Please describe your project\",\"value\":\"Test\",\"id\":7,\"type\":\"textarea\"},\"8\":{\"name\":\"Please upload photos of your vehicle\",\"value\":\"\",\"value_raw\":\"\",\"id\":8,\"type\":\"file-upload\",\"style\":\"modern\"}}','','2025-06-18 14:27:51','2025-06-18 14:27:51','71.11.17.27','Mozilla/5.0 (Windows NT 10.0; Win64; x64) AppleWebKit/537.36 (KHTML, like Gecko) Chrome/137.0.0.0 Safari/537.36','f9f88250-07df-4417-8329-16a0c52afa8f'),(6,1943,0,0,'','',0,0,'{\"1\":{\"name\":\"Name\",\"value\":\"LeeSmumpEY LeeSmumpEY\",\"id\":1,\"type\":\"name\",\"first\":\"LeeSmumpEY\",\"middle\":\"\",\"last\":\"LeeSmumpEY\"},\"2\":{\"name\":\"Email\",\"value\":\"zekisuquc419@gmail.com\",\"id\":2,\"type\":\"email\"},\"3\":{\"name\":\"Comment or Message\",\"value\":\"Hola, volia saber el seu preu.\",\"id\":3,\"type\":\"textarea\"}}','','2025-06-19 19:22:15','2025-06-19 19:22:15','86.54.25.127','Mozilla/5.0 (Windows NT 10.0; Win64; x64) AppleWebKit/537.36 (KHTML, like Gecko) Chrome/131.0.0.0 Safari/537.36',''),(7,2516,0,0,'','',0,0,'{\"1\":{\"name\":\"Name\",\"value\":\"Gabe\",\"id\":1,\"type\":\"name\",\"first\":\"\",\"middle\":\"\",\"last\":\"\"},\"2\":{\"name\":\"Email\",\"value\":\"gaberod94@yahoo.com\",\"id\":2,\"type\":\"email\"},\"3\":{\"name\":\"Phone\",\"value\":\"(508) 579-8059\",\"id\":3,\"type\":\"phone\"},\"4\":{\"name\":\"Specific job completion date\",\"value\":\"06\\/30\\/2025\",\"id\":4,\"type\":\"date-time\",\"date\":\"06\\/30\\/2025\",\"time\":\"\",\"unix\":1751241600},\"5\":{\"name\":\"Project type\",\"value\":\"Car\\/Truck\",\"value_raw\":\"Car\\/Truck\",\"id\":5,\"type\":\"checkbox\"},\"9\":{\"name\":\"Vehicle year\\/make\\/model\",\"value\":\"\",\"id\":9,\"type\":\"text\",\"visible\":false},\"6\":{\"name\":\"Which wrap service are you interested in?\",\"value\":\"Partial color change\",\"value_raw\":\"Partial color change\",\"id\":6,\"type\":\"checkbox\"},\"7\":{\"name\":\"Please describe your project\",\"value\":\"I want to wrap the top of my around the sun roof black. Wrap my window panels and my small spoiler and side mirrors in carbon fiber. And have a small strip of carbon fiber going through the middle of my door handles.\",\"id\":7,\"type\":\"textarea\"},\"8\":{\"name\":\"Please upload photos of your vehicle\",\"value\":\"https:\\/\\/aggressivegraphix.com\\/wp-content\\/uploads\\/wpforms\\/2516-a7b3d1bd5699197bdee7baced0d8e2c6\\/IMG_0300-34a7ad78fe76cff08f6f30c73940d6d9.webp\",\"value_raw\":[{\"name\":\"IMG_0300.webp\",\"value\":\"https:\\/\\/aggressivegraphix.com\\/wp-content\\/uploads\\/wpforms\\/2516-a7b3d1bd5699197bdee7baced0d8e2c6\\/IMG_0300-34a7ad78fe76cff08f6f30c73940d6d9.webp\",\"file\":\"IMG_0300-34a7ad78fe76cff08f6f30c73940d6d9.webp\",\"file_original\":\"IMG_0300.webp\",\"file_user_name\":\"IMG_0300.webp\",\"ext\":\"webp\",\"attachment_id\":0,\"id\":8,\"type\":\"image\\/webp\"}],\"id\":8,\"type\":\"file-upload\",\"style\":\"modern\"}}','','2025-06-20 12:51:09','2025-06-20 12:51:09','75.216.122.144','Mozilla/5.0 (iPhone; CPU iPhone OS 18_5 like Mac OS X) AppleWebKit/605.1.15 (KHTML, like Gecko) Mobile/15E148 [FBAN/FBIOS;FBAV/512.0.0.44.109;FBBV/749838383;FBDV/iPhone17,3;FBMD/iPhone;FBSN/iOS;FBSV/18.5;FBSS/3;FBCR/;FBID/phone;FBLC/en_US;FBOP/80]','fad1e470-0e12-4c28-8e0e-50d6273b75e7'),(13,2736,0,0,'','',0,0,'{\"2\":{\"name\":\"Name\",\"value\":\"Alex\",\"id\":2,\"type\":\"name\",\"first\":\"\",\"middle\":\"\",\"last\":\"\"},\"3\":{\"name\":\"Email\",\"value\":\"alex@apsinctx.com\",\"id\":3,\"type\":\"email\"},\"4\":{\"name\":\"Phone\",\"value\":\"(619) 548-1980\",\"id\":4,\"type\":\"phone\"},\"5\":{\"name\":\"Specific job completion date\",\"value\":\"07\\/04\\/2025\",\"id\":5,\"type\":\"date-time\",\"date\":\"07\\/04\\/2025\",\"time\":\"\",\"unix\":1751587200},\"6\":{\"name\":\"Type of wrap service\",\"value\":\"Full wrap\",\"value_raw\":\"Full wrap\",\"id\":6,\"type\":\"checkbox\"},\"7\":{\"name\":\"Please describe your project\",\"value\":\"Company name Drain Connection a service company in San Antonio Texas \\r\\n\\r\\nColor we want Navy blue,orange Some white \\r\\n\\r\\nInstead of gray, change the D to white\\r\\n\\r\\nInstead of red, change the C to orange\",\"id\":7,\"type\":\"textarea\"},\"8\":{\"name\":\"Upload your logo files and photos of your vehicle\\/trailer\",\"value\":\"https:\\/\\/aggressivegraphix.com\\/wp-content\\/uploads\\/wpforms\\/2736-071fb8427beb12a46ef671bac4dad6e0\\/vecteezy_initial-letter-dc-logo-design-template_5287455-0dafbf7d24124773ea9072117af73350.jpeg\\nhttps:\\/\\/aggressivegraphix.com\\/wp-content\\/uploads\\/wpforms\\/2736-071fb8427beb12a46ef671bac4dad6e0\\/IMG_1091-cd85756fc27996dda38eac67e6b1b71e.jpeg\",\"value_raw\":[{\"name\":\"vecteezy_initial-letter-dc-logo-design-template_5287455.jpeg\",\"value\":\"https:\\/\\/aggressivegraphix.com\\/wp-content\\/uploads\\/wpforms\\/2736-071fb8427beb12a46ef671bac4dad6e0\\/vecteezy_initial-letter-dc-logo-design-template_5287455-0dafbf7d24124773ea9072117af73350.jpeg\",\"file\":\"vecteezy_initial-letter-dc-logo-design-template_5287455-0dafbf7d24124773ea9072117af73350.jpeg\",\"file_original\":\"vecteezy_initial-letter-dc-logo-design-template_5287455.jpeg\",\"file_user_name\":\"vecteezy_initial-letter-dc-logo-design-template_5287455.jpeg\",\"ext\":\"jpeg\",\"attachment_id\":0,\"id\":8,\"type\":\"image\\/jpeg\"},{\"name\":\"IMG_1091.jpeg\",\"value\":\"https:\\/\\/aggressivegraphix.com\\/wp-content\\/uploads\\/wpforms\\/2736-071fb8427beb12a46ef671bac4dad6e0\\/IMG_1091-cd85756fc27996dda38eac67e6b1b71e.jpeg\",\"file\":\"IMG_1091-cd85756fc27996dda38eac67e6b1b71e.jpeg\",\"file_original\":\"IMG_1091.jpeg\",\"file_user_name\":\"IMG_1091.jpeg\",\"ext\":\"jpeg\",\"attachment_id\":0,\"id\":8,\"type\":\"image\\/jpeg\"}],\"id\":8,\"type\":\"file-upload\",\"style\":\"modern\"}}','','2025-06-28 10:26:27','2025-06-28 10:26:27','96.8.195.245','Mozilla/5.0 (iPhone; CPU iPhone OS 18_5 like Mac OS X) AppleWebKit/605.1.15 (KHTML, like Gecko) Mobile/22F76 Instagram 382.0.0.22.84 (iPhone15,3; iOS 18_5; en_US; en; scale=3.00; 1290x2796; 738721990; IABMV/1)','3ebf75fe-a828-47ea-8a6e-a6c534492e19'),(18,1943,0,0,'','',0,0,'{\"1\":{\"name\":\"Name\",\"value\":\"Eric Berube\",\"id\":1,\"type\":\"name\",\"first\":\"Eric\",\"middle\":\"\",\"last\":\"Berube\"},\"2\":{\"name\":\"Email\",\"value\":\"eberube5@gmail.com\",\"id\":2,\"type\":\"email\"},\"3\":{\"name\":\"Comment or Message\",\"value\":\"Hello,\\r\\n\\r\\nSaw that VW bug you guys wrapped at a local car show. Looked awesome.\\r\\nI have a 1995 Ford F150 I\'m interested in getting wrapped.\\r\\nThe paint is tired, and I\'d love to bring it back to life as we take very good care of it.\\r\\nThe truck is currently fire engine red, so I\'d be looking for something very similar.\\r\\nPlease provide a quote for a single cab \'95 F150.\\r\\nI\'m located up in Spencer.\\r\\n\\r\\nThank you,\\r\\nEric\",\"id\":3,\"type\":\"textarea\"}}','','2025-07-02 14:57:23','2025-07-02 14:57:23','24.241.17.155','Mozilla/5.0 (Windows NT 10.0; Win64; x64) AppleWebKit/537.36 (KHTML, like Gecko) Chrome/137.0.0.0 Safari/537.36','ba7183bd-d10d-488e-8b08-1c01f6ab68a8'),(19,1943,0,0,'','',0,0,'{\"1\":{\"name\":\"Name\",\"value\":\"LeeSmumpEY LeeSmumpEY\",\"id\":1,\"type\":\"name\",\"first\":\"LeeSmumpEY\",\"middle\":\"\",\"last\":\"LeeSmumpEY\"},\"2\":{\"name\":\"Email\",\"value\":\"irinademenkova86@gmail.com\",\"id\":2,\"type\":\"email\"},\"3\":{\"name\":\"Comment or Message\",\"value\":\"Salam, qiym\\u0259tinizi bilm\\u0259k ist\\u0259dim.\",\"id\":3,\"type\":\"textarea\"}}','','2025-07-03 03:36:50','2025-07-03 03:36:50','185.39.19.34','Mozilla/5.0 (Windows NT 10.0; Win64; x64) AppleWebKit/537.36 (KHTML, like Gecko) Chrome/130.0.0.0 Safari/537.36',''),(20,1943,0,0,'','',0,0,'{\"1\":{\"name\":\"Name\",\"value\":\"CharlieSmumpLS CharlieSmumpLS\",\"id\":1,\"type\":\"name\",\"first\":\"CharlieSmumpLS\",\"middle\":\"\",\"last\":\"CharlieSmumpLS\"},\"2\":{\"name\":\"Email\",\"value\":\"irinademenkova86@gmail.com\",\"id\":2,\"type\":\"email\"},\"3\":{\"name\":\"Comment or Message\",\"value\":\"Aloha, makemake wau e\\u02bbike i k\\u0101u kumuk\\u016b\\u02bbai.\",\"id\":3,\"type\":\"textarea\"}}','','2025-07-07 11:28:28','2025-07-07 11:28:28','93.152.230.160','Mozilla/5.0 (Windows NT 10.0; Win64; x64) AppleWebKit/537.36 (KHTML, like Gecko) Chrome/131.0.0.0 Safari/537.36',''),(21,1943,0,0,'','',0,0,'{\"1\":{\"name\":\"Name\",\"value\":\"LeeSmumpEY LeeSmumpEY\",\"id\":1,\"type\":\"name\",\"first\":\"LeeSmumpEY\",\"middle\":\"\",\"last\":\"LeeSmumpEY\"},\"2\":{\"name\":\"Email\",\"value\":\"dinanikolskaya99@gmail.com\",\"id\":2,\"type\":\"email\"},\"3\":{\"name\":\"Comment or Message\",\"value\":\"Hi, roeddwn i eisiau gwybod eich pris.\",\"id\":3,\"type\":\"textarea\"}}','','2025-07-08 08:37:02','2025-07-08 08:37:02','185.39.19.49','Mozilla/5.0 (Windows NT 10.0; Win64; x64) AppleWebKit/537.36 (KHTML, like Gecko) Chrome/131.0.0.0 Safari/537.36 Avast/131.0.0.0',''),(22,1943,0,0,'','',0,0,'{\"1\":{\"name\":\"Name\",\"value\":\"GeorgeSmumpGG GeorgeSmumpGG\",\"id\":1,\"type\":\"name\",\"first\":\"GeorgeSmumpGG\",\"middle\":\"\",\"last\":\"GeorgeSmumpGG\"},\"2\":{\"name\":\"Email\",\"value\":\"irinademenkova86@gmail.com\",\"id\":2,\"type\":\"email\"},\"3\":{\"name\":\"Comment or Message\",\"value\":\"Hej, jeg \\u00f8nskede at kende din pris.\",\"id\":3,\"type\":\"textarea\"}}','','2025-07-10 11:23:56','2025-07-10 11:23:56','185.39.19.97','Mozilla/5.0 (Windows NT 10.0; Win64; x64) AppleWebKit/537.36 (KHTML, like Gecko) Chrome/131.0.0.0 Safari/537.36 Avast/131.0.0.0',''),(24,2736,0,0,'','',0,0,'{\"2\":{\"name\":\"Name\",\"value\":\"Justin Roszkiewicz\",\"id\":2,\"type\":\"name\",\"first\":\"\",\"middle\":\"\",\"last\":\"\"},\"3\":{\"name\":\"Email\",\"value\":\"jmrplumber@gmail.com\",\"id\":3,\"type\":\"email\"},\"4\":{\"name\":\"Phone\",\"value\":\"(774) 402-4999\",\"id\":4,\"type\":\"phone\"},\"5\":{\"name\":\"Specific job completion date\",\"value\":\"\",\"id\":5,\"type\":\"date-time\",\"date\":\"\",\"time\":\"\",\"unix\":\"\"},\"6\":{\"name\":\"Type of wrap service\",\"value\":\"Lettering\",\"value_raw\":\"Lettering\",\"id\":6,\"type\":\"checkbox\"},\"7\":{\"name\":\"Please describe your project\",\"value\":\"2022 Isuzu 14\\u2019 box truck lettering for my owner\\/operater plumbing business \\r\\nNothing crazy I kind of like the old school lettering, no logo ect. I have a quick example I made but obviously j.r. Plumber would be bigger and phone number while other letters remain smaller in the middle \\r\\n\\r\\nTruck is white with black trim and wheels so do have black letters with gold shadow would be cool to do on sides and rear garage door.\\r\\n\\r\\nPossible tint front windows, nothing dark just to block the sun a little\",\"id\":7,\"type\":\"textarea\"},\"8\":{\"name\":\"Upload your logo files and photos of your vehicle\\/trailer\",\"value\":\"https:\\/\\/aggressivegraphix.com\\/wp-content\\/uploads\\/wpforms\\/2736-071fb8427beb12a46ef671bac4dad6e0\\/IMG_5414-f39e58abd309c71bdfa4e185bb7bd4f8.jpeg\",\"value_raw\":[{\"name\":\"IMG_5414.jpeg\",\"value\":\"https:\\/\\/aggressivegraphix.com\\/wp-content\\/uploads\\/wpforms\\/2736-071fb8427beb12a46ef671bac4dad6e0\\/IMG_5414-f39e58abd309c71bdfa4e185bb7bd4f8.jpeg\",\"file\":\"IMG_5414-f39e58abd309c71bdfa4e185bb7bd4f8.jpeg\",\"file_original\":\"IMG_5414.jpeg\",\"file_user_name\":\"IMG_5414.jpeg\",\"ext\":\"jpeg\",\"attachment_id\":0,\"id\":8,\"type\":\"image\\/jpeg\"}],\"id\":8,\"type\":\"file-upload\",\"style\":\"modern\"}}','','2025-07-12 00:53:52','2025-07-12 00:53:52','174.83.7.205','Mozilla/5.0 (iPhone; CPU iPhone OS 18_5 like Mac OS X) AppleWebKit/605.1.15 (KHTML, like Gecko) Version/18.5 Mobile/15E148 Safari/604.1','3fa84c8e-27fb-4b9e-8534-73c6573f0762'),(25,2736,0,0,'','',0,0,'{\"2\":{\"name\":\"Name\",\"value\":\"Justin Roszkiewicz\",\"id\":2,\"type\":\"name\",\"first\":\"\",\"middle\":\"\",\"last\":\"\"},\"3\":{\"name\":\"Email\",\"value\":\"jmrplumber@gmail.com\",\"id\":3,\"type\":\"email\"},\"4\":{\"name\":\"Phone\",\"value\":\"(774) 402-4999\",\"id\":4,\"type\":\"phone\"},\"5\":{\"name\":\"Specific job completion date\",\"value\":\"\",\"id\":5,\"type\":\"date-time\",\"date\":\"\",\"time\":\"\",\"unix\":\"\"},\"6\":{\"name\":\"Type of wrap service\",\"value\":\"Lettering\",\"value_raw\":\"Lettering\",\"id\":6,\"type\":\"checkbox\"},\"7\":{\"name\":\"Please describe your project\",\"value\":\"Forgot to add truck pictures from previous message\",\"id\":7,\"type\":\"textarea\"},\"8\":{\"name\":\"Upload your logo files and photos of your vehicle\\/trailer\",\"value\":\"https:\\/\\/aggressivegraphix.com\\/wp-content\\/uploads\\/wpforms\\/2736-071fb8427beb12a46ef671bac4dad6e0\\/IMG_3420-a879a89683ae1e469b895a2ff2771ab7.jpeg\\nhttps:\\/\\/aggressivegraphix.com\\/wp-content\\/uploads\\/wpforms\\/2736-071fb8427beb12a46ef671bac4dad6e0\\/IMG_3429-c2a2098d81ff909c9b50cfd3e1ac057a.jpeg\",\"value_raw\":[{\"name\":\"IMG_3420.jpeg\",\"value\":\"https:\\/\\/aggressivegraphix.com\\/wp-content\\/uploads\\/wpforms\\/2736-071fb8427beb12a46ef671bac4dad6e0\\/IMG_3420-a879a89683ae1e469b895a2ff2771ab7.jpeg\",\"file\":\"IMG_3420-a879a89683ae1e469b895a2ff2771ab7.jpeg\",\"file_original\":\"IMG_3420.jpeg\",\"file_user_name\":\"IMG_3420.jpeg\",\"ext\":\"jpeg\",\"attachment_id\":0,\"id\":8,\"type\":\"image\\/jpeg\"},{\"name\":\"IMG_3429.jpeg\",\"value\":\"https:\\/\\/aggressivegraphix.com\\/wp-content\\/uploads\\/wpforms\\/2736-071fb8427beb12a46ef671bac4dad6e0\\/IMG_3429-c2a2098d81ff909c9b50cfd3e1ac057a.jpeg\",\"file\":\"IMG_3429-c2a2098d81ff909c9b50cfd3e1ac057a.jpeg\",\"file_original\":\"IMG_3429.jpeg\",\"file_user_name\":\"IMG_3429.jpeg\",\"ext\":\"jpeg\",\"attachment_id\":0,\"id\":8,\"type\":\"image\\/jpeg\"}],\"id\":8,\"type\":\"file-upload\",\"style\":\"modern\"}}','','2025-07-12 00:56:01','2025-07-12 00:56:01','174.83.7.205','Mozilla/5.0 (iPhone; CPU iPhone OS 18_5 like Mac OS X) AppleWebKit/605.1.15 (KHTML, like Gecko) Version/18.5 Mobile/15E148 Safari/604.1','3fa84c8e-27fb-4b9e-8534-73c6573f0762'),(26,1943,0,0,'','',0,0,'{\"1\":{\"name\":\"Name\",\"value\":\"LeeSmumpEY LeeSmumpEY\",\"id\":1,\"type\":\"name\",\"first\":\"LeeSmumpEY\",\"middle\":\"\",\"last\":\"LeeSmumpEY\"},\"2\":{\"name\":\"Email\",\"value\":\"dinanikolskaya99@gmail.com\",\"id\":2,\"type\":\"email\"},\"3\":{\"name\":\"Comment or Message\",\"value\":\"Ola, quer\\u00eda saber o seu prezo.\",\"id\":3,\"type\":\"textarea\"}}','','2025-07-13 17:29:14','2025-07-13 17:29:14','185.39.19.49','Mozilla/5.0 (Windows NT 10.0; Win64; x64) AppleWebKit/537.36 (KHTML, like Gecko) Chrome/130.0.0.0 Safari/537.36',''),(27,1943,0,0,'','',0,0,'{\"1\":{\"name\":\"Name\",\"value\":\"SimonSmumpLR SimonSmumpLR\",\"id\":1,\"type\":\"name\",\"first\":\"SimonSmumpLR\",\"middle\":\"\",\"last\":\"SimonSmumpLR\"},\"2\":{\"name\":\"Email\",\"value\":\"irinademenkova86@gmail.com\",\"id\":2,\"type\":\"email\"},\"3\":{\"name\":\"Comment or Message\",\"value\":\"Zdravo, htio sam znati va\\u0161u cijenu.\",\"id\":3,\"type\":\"textarea\"}}','','2025-07-15 10:01:09','2025-07-15 10:01:09','185.39.19.43','Mozilla/5.0 (Windows NT 10.0; Win64; x64) AppleWebKit/537.36 (KHTML, like Gecko) Chrome/131.0.0.0 Safari/537.36 Avast/131.0.0.0',''),(28,1943,0,0,'','',0,0,'{\"1\":{\"name\":\"Name\",\"value\":\"Shane Stanley\",\"id\":1,\"type\":\"name\",\"first\":\"Shane\",\"middle\":\"\",\"last\":\"Stanley\"},\"2\":{\"name\":\"Email\",\"value\":\"lilmotoxguy199@yahoo.com\",\"id\":2,\"type\":\"email\"},\"3\":{\"name\":\"Comment or Message\",\"value\":\"I\\u2019m trying to have number plates made to match what I have on the bike already just change the number and name on front plate.  How much you think it would be and lead time? If you want to text me (774-238-0689) I can send you some pictures of what I\\u2019m trying to match.. something close.\",\"id\":3,\"type\":\"textarea\"}}','','2025-07-16 17:02:48','2025-07-16 17:02:48','98.229.240.29','Mozilla/5.0 (iPhone; CPU iPhone OS 18_5 like Mac OS X) AppleWebKit/605.1.15 (KHTML, like Gecko) Version/18.5 Mobile/15E148 Safari/604.1','1358a210-e454-4e09-bee0-58c629582128'),(29,1943,0,0,'','',0,0,'{\"1\":{\"name\":\"Name\",\"value\":\"LeeSmumpEY LeeSmumpEY\",\"id\":1,\"type\":\"name\",\"first\":\"LeeSmumpEY\",\"middle\":\"\",\"last\":\"LeeSmumpEY\"},\"2\":{\"name\":\"Email\",\"value\":\"dinanikolskaya99@gmail.com\",\"id\":2,\"type\":\"email\"},\"3\":{\"name\":\"Comment or Message\",\"value\":\"Xin ch\\u00e0o, t\\u00f4i mu\\u1ed1n bi\\u1ebft gi\\u00e1 c\\u1ee7a b\\u1ea1n.\",\"id\":3,\"type\":\"textarea\"}}','','2025-07-23 08:57:03','2025-07-23 08:57:03','185.39.19.48','Mozilla/5.0 (Windows NT 10.0; Win64; x64) AppleWebKit/537.36 (KHTML, like Gecko) Chrome/131.0.0.0 Safari/537.36',''),(30,2736,0,0,'','',0,0,'{\"2\":{\"name\":\"Name\",\"value\":\"Joshua Kelly\",\"id\":2,\"type\":\"name\",\"first\":\"\",\"middle\":\"\",\"last\":\"\"},\"3\":{\"name\":\"Email\",\"value\":\"aah1776@yahoo.com\",\"id\":3,\"type\":\"email\"},\"4\":{\"name\":\"Phone\",\"value\":\"(774) 230-7243\",\"id\":4,\"type\":\"phone\"},\"5\":{\"name\":\"Specific job completion date\",\"value\":\"\",\"id\":5,\"type\":\"date-time\",\"date\":\"\",\"time\":\"\",\"unix\":\"\"},\"6\":{\"name\":\"Type of wrap service\",\"value\":\"Lettering\\nPartial\\/half wrap\",\"value_raw\":\"Lettering\\nPartial\\/half wrap\",\"id\":6,\"type\":\"checkbox\"},\"7\":{\"name\":\"Please describe your project\",\"value\":\"I just purchased a 17 f350 supercab with a utility body and would like to possibly get some lettering done or whatever is recommended.  The logo below is what\'s on my shirts, but doesn\'t necessarily need to be whats on the vehicle. The card has the services that I do that I may want listed also.\",\"id\":7,\"type\":\"textarea\"},\"8\":{\"name\":\"Upload your logo files and photos of your vehicle\\/trailer\",\"value\":\"https:\\/\\/aggressivegraphix.com\\/wp-content\\/uploads\\/wpforms\\/2736-071fb8427beb12a46ef671bac4dad6e0\\/preview_da6eea70-ea27-411a-8926-be68a2d1cea8_1_thumb-5c11d3bb3dbcff1727b83f57460d84ab.png\\nhttps:\\/\\/aggressivegraphix.com\\/wp-content\\/uploads\\/wpforms\\/2736-071fb8427beb12a46ef671bac4dad6e0\\/20250723_064040-c3bc400010c7000cd9cedf5d0c8520b8.jpg\",\"value_raw\":[{\"name\":\"preview_da6eea70-ea27-411a-8926-be68a2d1cea8_1_thumb.png\",\"value\":\"https:\\/\\/aggressivegraphix.com\\/wp-content\\/uploads\\/wpforms\\/2736-071fb8427beb12a46ef671bac4dad6e0\\/preview_da6eea70-ea27-411a-8926-be68a2d1cea8_1_thumb-5c11d3bb3dbcff1727b83f57460d84ab.png\",\"file\":\"preview_da6eea70-ea27-411a-8926-be68a2d1cea8_1_thumb-5c11d3bb3dbcff1727b83f57460d84ab.png\",\"file_original\":\"preview_da6eea70-ea27-411a-8926-be68a2d1cea8_1_thumb.png\",\"file_user_name\":\"preview_da6eea70-ea27-411a-8926-be68a2d1cea8_1_thumb.png\",\"ext\":\"png\",\"attachment_id\":0,\"id\":8,\"type\":\"image\\/png\"},{\"name\":\"20250723_064040.jpg\",\"value\":\"https:\\/\\/aggressivegraphix.com\\/wp-content\\/uploads\\/wpforms\\/2736-071fb8427beb12a46ef671bac4dad6e0\\/20250723_064040-c3bc400010c7000cd9cedf5d0c8520b8.jpg\",\"file\":\"20250723_064040-c3bc400010c7000cd9cedf5d0c8520b8.jpg\",\"file_original\":\"20250723_064040.jpg\",\"file_user_name\":\"20250723_064040.jpg\",\"ext\":\"jpg\",\"attachment_id\":0,\"id\":8,\"type\":\"image\\/jpeg\"}],\"id\":8,\"type\":\"file-upload\",\"style\":\"modern\"}}','','2025-07-23 10:42:21','2025-07-23 10:42:21','68.227.185.10','Mozilla/5.0 (Linux; Android 10; K) AppleWebKit/537.36 (KHTML, like Gecko) Chrome/138.0.0.0 Mobile Safari/537.36','5e59cc95-da01-45fb-80f8-c11e8f1f6e7a'),(34,1943,0,0,'','',0,0,'{\"1\":{\"name\":\"Name\",\"value\":\"LeeSmumpEY LeeSmumpEY\",\"id\":1,\"type\":\"name\",\"first\":\"LeeSmumpEY\",\"middle\":\"\",\"last\":\"LeeSmumpEY\"},\"2\":{\"name\":\"Email\",\"value\":\"irinademenkova86@gmail.com\",\"id\":2,\"type\":\"email\"},\"3\":{\"name\":\"Comment or Message\",\"value\":\"\\u0548\\u0572\\u057b\\u0578\\u0582\\u0575\\u0576, \\u0565\\u057d \\u0578\\u0582\\u0566\\u0578\\u0582\\u0574 \\u0567\\u056b \\u056b\\u0574\\u0561\\u0576\\u0561\\u056c \\u0571\\u0565\\u0580 \\u0563\\u056b\\u0576\\u0568.\",\"id\":3,\"type\":\"textarea\"}}','','2025-07-28 02:09:12','2025-07-28 02:09:12','185.39.19.34','Mozilla/5.0 (Windows NT 10.0; Win64; x64) AppleWebKit/537.36 (KHTML, like Gecko) Chrome/131.0.0.0 Safari/537.36 Avast/131.0.0.0',''),(36,1943,0,0,'','',0,0,'{\"1\":{\"name\":\"Name\",\"value\":\"LeeSmumpEY LeeSmumpEY\",\"id\":1,\"type\":\"name\",\"first\":\"LeeSmumpEY\",\"middle\":\"\",\"last\":\"LeeSmumpEY\"},\"2\":{\"name\":\"Email\",\"value\":\"zekisuquc419@gmail.com\",\"id\":2,\"type\":\"email\"},\"3\":{\"name\":\"Comment or Message\",\"value\":\"Aloha, makemake wau e\\u02bbike i k\\u0101u kumuk\\u016b\\u02bbai.\",\"id\":3,\"type\":\"textarea\"}}','','2025-08-03 09:30:59','2025-08-03 09:30:59','45.89.70.30','Mozilla/5.0 (Windows NT 10.0; Win64; x64) AppleWebKit/537.36 (KHTML, like Gecko) Chrome/130.0.0.0 Safari/537.36 CCleaner/130.0.0.0',''),(38,1943,0,0,'','',0,0,'{\"1\":{\"name\":\"Name\",\"value\":\"LeeSmumpEY LeeSmumpEY\",\"id\":1,\"type\":\"name\",\"first\":\"LeeSmumpEY\",\"middle\":\"\",\"last\":\"LeeSmumpEY\"},\"2\":{\"name\":\"Email\",\"value\":\"dinanikolskaya99@gmail.com\",\"id\":2,\"type\":\"email\"},\"3\":{\"name\":\"Comment or Message\",\"value\":\"\\u09b9\\u09be\\u0987, \\u0986\\u09ae\\u09bf \\u0986\\u09aa\\u09a8\\u09be\\u09b0 \\u09ae\\u09c2\\u09b2\\u09cd\\u09af \\u099c\\u09be\\u09a8\\u09a4\\u09c7 \\u099a\\u09c7\\u09af\\u09bc\\u09c7\\u099b\\u09bf\\u09b2\\u09be\\u09ae.\",\"id\":3,\"type\":\"textarea\"}}','','2025-08-04 15:51:29','2025-08-04 15:51:29','185.39.19.48','Mozilla/5.0 (Windows NT 10.0; Win64; x64) AppleWebKit/537.36 (KHTML, like Gecko) Chrome/131.0.0.0 Safari/537.36',''),(39,1943,0,0,'','',0,0,'{\"1\":{\"name\":\"Name\",\"value\":\"SimonSmumpLR SimonSmumpLR\",\"id\":1,\"type\":\"name\",\"first\":\"SimonSmumpLR\",\"middle\":\"\",\"last\":\"SimonSmumpLR\"},\"2\":{\"name\":\"Email\",\"value\":\"irinademenkova86@gmail.com\",\"id\":2,\"type\":\"email\"},\"3\":{\"name\":\"Comment or Message\",\"value\":\"Sveiki, a\\u0161 nor\\u0117jau su\\u017einoti j\\u016bs\\u0173 kain\\u0105.\",\"id\":3,\"type\":\"textarea\"}}','','2025-08-05 15:01:41','2025-08-05 15:01:41','185.39.19.43','Mozilla/5.0 (Windows NT 10.0; Win64; x64) AppleWebKit/537.36 (KHTML, like Gecko) Chrome/130.0.0.0 Safari/537.36',''),(40,2516,0,1,'','',0,0,'{\"1\":{\"name\":\"Name\",\"value\":\"Ben Wojnarowicz\",\"id\":1,\"type\":\"name\",\"first\":\"\",\"middle\":\"\",\"last\":\"\"},\"2\":{\"name\":\"Email\",\"value\":\"wojnarowicz967@gmail.com\",\"id\":2,\"type\":\"email\"},\"3\":{\"name\":\"Phone\",\"value\":\"(508) 641-2513\",\"id\":3,\"type\":\"phone\"},\"4\":{\"name\":\"Specific job completion date\",\"value\":\"08\\/09\\/2025\",\"id\":4,\"type\":\"date-time\",\"date\":\"08\\/09\\/2025\",\"time\":\"\",\"unix\":1754697600},\"5\":{\"name\":\"Project type\",\"value\":\"Car\\/Truck\",\"value_raw\":\"Car\\/Truck\",\"id\":5,\"type\":\"checkbox\"},\"9\":{\"name\":\"Vehicle year\\/make\\/model\",\"value\":\"\",\"id\":9,\"type\":\"text\",\"visible\":false},\"6\":{\"name\":\"Which wrap service are you interested in?\",\"value\":\"Chrome delete\\nPartial printed wrap\",\"value_raw\":\"Chrome delete\\nPartial printed wrap\",\"id\":6,\"type\":\"checkbox\"},\"7\":{\"name\":\"Please describe your project\",\"value\":\"Test\",\"id\":7,\"type\":\"textarea\"},\"8\":{\"name\":\"Please upload photos of your vehicle\",\"value\":\"\",\"value_raw\":\"\",\"id\":8,\"type\":\"file-upload\",\"style\":\"modern\"}}','','2025-08-07 20:17:10','2025-08-07 20:17:10','71.11.17.27','Mozilla/5.0 (Windows NT 10.0; Win64; x64) AppleWebKit/537.36 (KHTML, like Gecko) Chrome/138.0.0.0 Safari/537.36','31982566-e28c-43d7-8e15-7228979187e4'),(41,1943,0,0,'','',0,0,'{\"1\":{\"name\":\"Name\",\"value\":\"LeeSmumpEY LeeSmumpEY\",\"id\":1,\"type\":\"name\",\"first\":\"LeeSmumpEY\",\"middle\":\"\",\"last\":\"LeeSmumpEY\"},\"2\":{\"name\":\"Email\",\"value\":\"dinanikolskaya99@gmail.com\",\"id\":2,\"type\":\"email\"},\"3\":{\"name\":\"Comment or Message\",\"value\":\"Hola, volia saber el seu preu.\",\"id\":3,\"type\":\"textarea\"}}','','2025-08-09 00:48:25','2025-08-09 00:48:25','185.39.19.49','Mozilla/5.0 (Windows NT 10.0; Win64; x64) AppleWebKit/537.36 (KHTML, like Gecko) Chrome/130.0.0.0 Safari/537.36',''),(42,2516,0,0,'','',0,0,'{\"1\":{\"name\":\"Name\",\"value\":\"Kylie maryyanek\",\"id\":1,\"type\":\"name\",\"first\":\"\",\"middle\":\"\",\"last\":\"\"},\"2\":{\"name\":\"Email\",\"value\":\"kmaryyanek7@gmail.com\",\"id\":2,\"type\":\"email\"},\"3\":{\"name\":\"Phone\",\"value\":\"(774) 329-5947\",\"id\":3,\"type\":\"phone\"},\"4\":{\"name\":\"Specific job completion date\",\"value\":\"09\\/01\\/2025\",\"id\":4,\"type\":\"date-time\",\"date\":\"09\\/01\\/2025\",\"time\":\"\",\"unix\":1756684800},\"5\":{\"name\":\"Project type\",\"value\":\"Car\\/Truck\",\"value_raw\":\"Car\\/Truck\",\"id\":5,\"type\":\"checkbox\"},\"9\":{\"name\":\"Vehicle year\\/make\\/model\",\"value\":\"\",\"id\":9,\"type\":\"text\",\"visible\":false},\"6\":{\"name\":\"Which wrap service are you interested in?\",\"value\":\"Full color change\\nFull printed wrap\",\"value_raw\":\"Full color change\\nFull printed wrap\",\"id\":6,\"type\":\"checkbox\"},\"7\":{\"name\":\"Please describe your project\",\"value\":\"Possibly buying a 4 runner in the next week, only problem don\\u2019t like red so was thinking about a wolf grey color and wanting to know the pricing for it thank you so much. lol btw I\\u2019m Ashley\\u2019s Maryyanek sister!!\",\"id\":7,\"type\":\"textarea\"},\"8\":{\"name\":\"Please upload photos of your vehicle\",\"value\":\"https:\\/\\/aggressivegraphix.com\\/wp-content\\/uploads\\/wpforms\\/2516-a7b3d1bd5699197bdee7baced0d8e2c6\\/IMG_4082-64a744de0f56f69466680ed66f6853e1.png\",\"value_raw\":[{\"name\":\"IMG_4082.png\",\"value\":\"https:\\/\\/aggressivegraphix.com\\/wp-content\\/uploads\\/wpforms\\/2516-a7b3d1bd5699197bdee7baced0d8e2c6\\/IMG_4082-64a744de0f56f69466680ed66f6853e1.png\",\"file\":\"IMG_4082-64a744de0f56f69466680ed66f6853e1.png\",\"file_original\":\"IMG_4082.png\",\"file_user_name\":\"IMG_4082.png\",\"ext\":\"png\",\"attachment_id\":0,\"id\":8,\"type\":\"image\\/png\"}],\"id\":8,\"type\":\"file-upload\",\"style\":\"modern\"}}','','2025-08-10 22:11:53','2025-08-10 22:11:53','166.198.21.66','Mozilla/5.0 (iPhone; CPU iPhone OS 18_6 like Mac OS X) AppleWebKit/605.1.15 (KHTML, like Gecko) Version/18.6 Mobile/15E148 Safari/604.1','0db0495c-fc76-40f5-a954-915afd9baeec'),(45,2736,0,0,'','',0,0,'{\"2\":{\"name\":\"Name\",\"value\":\"Chelsea Bentley\",\"id\":2,\"type\":\"name\",\"first\":\"\",\"middle\":\"\",\"last\":\"\"},\"3\":{\"name\":\"Email\",\"value\":\"sales@rainbowfurniture.net\",\"id\":3,\"type\":\"email\"},\"4\":{\"name\":\"Phone\",\"value\":\"(508) 752-9143\",\"id\":4,\"type\":\"phone\"},\"5\":{\"name\":\"Specific job completion date\",\"value\":\"\",\"id\":5,\"type\":\"date-time\",\"date\":\"\",\"time\":\"\",\"unix\":\"\"},\"6\":{\"name\":\"Type of wrap service\",\"value\":\"Lettering\",\"value_raw\":\"Lettering\",\"id\":6,\"type\":\"checkbox\"},\"7\":{\"name\":\"Please describe your project\",\"value\":\"Hi Ben,\\r\\nMy father, Bob, met you recently and got your business card to reach out in regards to lettering. I am looking for a quote on lettering on a new truck we recently added to our company\'s fleet. I\'ve attached pictures of our current truck and am hoping to do something similar on the new one. Our address has changed to 240 Barber Ave. Worcester, MA 01606 but all other information would remain the same. I am open to different placement ideas but would like to keep the logo as is. Our new truck is the same size (16\') as the old one but is a Ford E350 box truck. \\r\\nAdditionally, I\'m looking for a quote to change the lettering of the address on our old truck. \\r\\nPlease let me know if you need more information to create the quote. If you have any questions, I can be reached via email or office phone 508-752-9143.\\r\\nI look forward to hearing from you.\\r\\n\\r\\nThank you!\\r\\nChelsea Bentley\",\"id\":7,\"type\":\"textarea\"},\"8\":{\"name\":\"Upload your logo files and photos of your vehicle\\/trailer\",\"value\":\"https:\\/\\/aggressivegraphix.com\\/wp-content\\/uploads\\/wpforms\\/2736-071fb8427beb12a46ef671bac4dad6e0\\/20200927_-5c5339bc44abd27018f272319b816d20.jpg\\nhttps:\\/\\/aggressivegraphix.com\\/wp-content\\/uploads\\/wpforms\\/2736-071fb8427beb12a46ef671bac4dad6e0\\/C37F82CB--d2a48a61332f06dd01b361e5c03784fe.jpg\\nhttps:\\/\\/aggressivegraphix.com\\/wp-content\\/uploads\\/wpforms\\/2736-071fb8427beb12a46ef671bac4dad6e0\\/20200927_-2-1797a88ff2089cba08d8201d948686a5.jpg\\nhttps:\\/\\/aggressivegraphix.com\\/wp-content\\/uploads\\/wpforms\\/2736-071fb8427beb12a46ef671bac4dad6e0\\/20200927_-1-ae770f0b3e029e0cbd119e6b482d08aa.jpg\",\"value_raw\":[{\"name\":\"20200927_.JPG\",\"value\":\"https:\\/\\/aggressivegraphix.com\\/wp-content\\/uploads\\/wpforms\\/2736-071fb8427beb12a46ef671bac4dad6e0\\/20200927_-5c5339bc44abd27018f272319b816d20.jpg\",\"file\":\"20200927_-5c5339bc44abd27018f272319b816d20.jpg\",\"file_original\":\"20200927_.JPG\",\"file_user_name\":\"20200927_.JPG\",\"ext\":\"jpg\",\"attachment_id\":0,\"id\":8,\"type\":\"image\\/jpeg\"},{\"name\":\"C37F82CB-.jpg\",\"value\":\"https:\\/\\/aggressivegraphix.com\\/wp-content\\/uploads\\/wpforms\\/2736-071fb8427beb12a46ef671bac4dad6e0\\/C37F82CB--d2a48a61332f06dd01b361e5c03784fe.jpg\",\"file\":\"C37F82CB--d2a48a61332f06dd01b361e5c03784fe.jpg\",\"file_original\":\"C37F82CB-.jpg\",\"file_user_name\":\"C37F82CB-.jpg\",\"ext\":\"jpg\",\"attachment_id\":0,\"id\":8,\"type\":\"image\\/jpeg\"},{\"name\":\"20200927_-2.jpg\",\"value\":\"https:\\/\\/aggressivegraphix.com\\/wp-content\\/uploads\\/wpforms\\/2736-071fb8427beb12a46ef671bac4dad6e0\\/20200927_-2-1797a88ff2089cba08d8201d948686a5.jpg\",\"file\":\"20200927_-2-1797a88ff2089cba08d8201d948686a5.jpg\",\"file_original\":\"20200927_-2.jpg\",\"file_user_name\":\"20200927_ (2).jpg\",\"ext\":\"jpg\",\"attachment_id\":0,\"id\":8,\"type\":\"image\\/jpeg\"},{\"name\":\"20200927_-1.JPG\",\"value\":\"https:\\/\\/aggressivegraphix.com\\/wp-content\\/uploads\\/wpforms\\/2736-071fb8427beb12a46ef671bac4dad6e0\\/20200927_-1-ae770f0b3e029e0cbd119e6b482d08aa.jpg\",\"file\":\"20200927_-1-ae770f0b3e029e0cbd119e6b482d08aa.jpg\",\"file_original\":\"20200927_-1.JPG\",\"file_user_name\":\"20200927_ (1).JPG\",\"ext\":\"jpg\",\"attachment_id\":0,\"id\":8,\"type\":\"image\\/jpeg\"}],\"id\":8,\"type\":\"file-upload\",\"style\":\"modern\"}}','','2025-08-12 16:32:11','2025-08-12 16:32:11','24.181.181.136','Mozilla/5.0 (Windows NT 10.0; Win64; x64) AppleWebKit/537.36 (KHTML, like Gecko) Chrome/138.0.0.0 Safari/537.36','561b2c18-4ab9-4495-8092-0be769188d43'),(48,1943,0,0,'','',0,0,'{\"1\":{\"name\":\"Name\",\"value\":\"SimonSmumpLR SimonSmumpLR\",\"id\":1,\"type\":\"name\",\"first\":\"SimonSmumpLR\",\"middle\":\"\",\"last\":\"SimonSmumpLR\"},\"2\":{\"name\":\"Email\",\"value\":\"irinademenkova86@gmail.com\",\"id\":2,\"type\":\"email\"},\"3\":{\"name\":\"Comment or Message\",\"value\":\"Kaixo, zure prezioa jakin nahi nuen.\",\"id\":3,\"type\":\"textarea\"}}','','2025-08-17 15:29:59','2025-08-17 15:29:59','185.39.19.43','Mozilla/5.0 (Windows NT 10.0; Win64; x64) AppleWebKit/537.36 (KHTML, like Gecko) Chrome/129.0.0.0 Safari/537.36',''),(49,1943,0,0,'','',0,0,'{\"1\":{\"name\":\"Name\",\"value\":\"Jarrad Lane\",\"id\":1,\"type\":\"name\",\"first\":\"Jarrad\",\"middle\":\"\",\"last\":\"Lane\"},\"2\":{\"name\":\"Email\",\"value\":\"matrixjr2002002@yahoo.com\",\"id\":2,\"type\":\"email\"},\"3\":{\"name\":\"Comment or Message\",\"value\":\"2017 ford transit cargo 3 door lwb high roof down extended cargo\",\"id\":3,\"type\":\"textarea\"}}','','2025-08-18 23:31:18','2025-08-18 23:31:18','76.19.218.236','Mozilla/5.0 (Linux; Android 10; K) AppleWebKit/537.36 (KHTML, like Gecko) Chrome/139.0.0.0 Mobile Safari/537.36','c22cd950-240d-47f4-a3f4-543a74a5e483'),(50,2736,0,0,'','',0,0,'{\"2\":{\"name\":\"Name\",\"value\":\"Miles\",\"id\":2,\"type\":\"name\",\"first\":\"\",\"middle\":\"\",\"last\":\"\"},\"3\":{\"name\":\"Email\",\"value\":\"malcolmnjogu1@gmail.com\",\"id\":3,\"type\":\"email\"},\"4\":{\"name\":\"Phone\",\"value\":\"(817) 703-9444\",\"id\":4,\"type\":\"phone\"},\"5\":{\"name\":\"Specific job completion date\",\"value\":\"09\\/22\\/2025\",\"id\":5,\"type\":\"date-time\",\"date\":\"09\\/22\\/2025\",\"time\":\"\",\"unix\":1758499200},\"6\":{\"name\":\"Type of wrap service\",\"value\":\"Full wrap\",\"value_raw\":\"Full wrap\",\"id\":6,\"type\":\"checkbox\"},\"7\":{\"name\":\"Please describe your project\",\"value\":\"Just want to get my motorcycle wrapped, just getting the plastics wrapped as well as some mental parts.\",\"id\":7,\"type\":\"textarea\"},\"8\":{\"name\":\"Upload your logo files and photos of your vehicle\\/trailer\",\"value\":\"https:\\/\\/aggressivegraphix.com\\/wp-content\\/uploads\\/wpforms\\/2736-071fb8427beb12a46ef671bac4dad6e0\\/IMG_7635-309631beb7aed49b824e964a793e3d21.jpeg\",\"value_raw\":[{\"name\":\"IMG_7635.jpeg\",\"value\":\"https:\\/\\/aggressivegraphix.com\\/wp-content\\/uploads\\/wpforms\\/2736-071fb8427beb12a46ef671bac4dad6e0\\/IMG_7635-309631beb7aed49b824e964a793e3d21.jpeg\",\"file\":\"IMG_7635-309631beb7aed49b824e964a793e3d21.jpeg\",\"file_original\":\"IMG_7635.jpeg\",\"file_user_name\":\"IMG_7635.jpeg\",\"ext\":\"jpeg\",\"attachment_id\":0,\"id\":8,\"type\":\"image\\/jpeg\"}],\"id\":8,\"type\":\"file-upload\",\"style\":\"modern\"}}','','2025-08-19 21:24:41','2025-08-19 21:24:41','216.49.149.160','Mozilla/5.0 (iPhone; CPU iPhone OS 18_4_1 like Mac OS X) AppleWebKit/605.1.15 (KHTML, like Gecko) Version/18.4 Mobile/15E148 Safari/604.1','047497b2-54ea-4a46-8f20-89f5830135e8'),(51,2516,0,0,'','',0,0,'{\"1\":{\"name\":\"Name\",\"value\":\"Nick Berthiaume\",\"id\":1,\"type\":\"name\",\"first\":\"\",\"middle\":\"\",\"last\":\"\"},\"2\":{\"name\":\"Email\",\"value\":\"nickbert7072@gmail.com\",\"id\":2,\"type\":\"email\"},\"3\":{\"name\":\"Phone\",\"value\":\"(508) 736-1997\",\"id\":3,\"type\":\"phone\"},\"4\":{\"name\":\"Specific job completion date\",\"value\":\"\",\"id\":4,\"type\":\"date-time\",\"date\":\"\",\"time\":\"\",\"unix\":\"\"},\"5\":{\"name\":\"Project type\",\"value\":\"Car\\/Truck\",\"value_raw\":\"Car\\/Truck\",\"id\":5,\"type\":\"checkbox\"},\"9\":{\"name\":\"Vehicle year\\/make\\/model\",\"value\":\"\",\"id\":9,\"type\":\"text\",\"visible\":false},\"6\":{\"name\":\"Which wrap service are you interested in?\",\"value\":\"Partial color change\",\"value_raw\":\"Partial color change\",\"id\":6,\"type\":\"checkbox\"},\"7\":{\"name\":\"Please describe your project\",\"value\":\"I have an 84 c10 with a cowl hood that I\\u2019m looking to get wrapped. I\\u2019m thinking just a gloss black and hopefully to get a quote and maybe a timeframe. Thank you\",\"id\":7,\"type\":\"textarea\"},\"8\":{\"name\":\"Please upload photos of your vehicle\",\"value\":\"https:\\/\\/aggressivegraphix.com\\/wp-content\\/uploads\\/wpforms\\/2516-a7b3d1bd5699197bdee7baced0d8e2c6\\/IMG_1877-f454f399bdc05cead0e410c88057267c.jpeg\\nhttps:\\/\\/aggressivegraphix.com\\/wp-content\\/uploads\\/wpforms\\/2516-a7b3d1bd5699197bdee7baced0d8e2c6\\/IMG_1883-80b8081518b2d74dd1c25a6986cbb064.jpeg\",\"value_raw\":[{\"name\":\"IMG_1877.jpeg\",\"value\":\"https:\\/\\/aggressivegraphix.com\\/wp-content\\/uploads\\/wpforms\\/2516-a7b3d1bd5699197bdee7baced0d8e2c6\\/IMG_1877-f454f399bdc05cead0e410c88057267c.jpeg\",\"file\":\"IMG_1877-f454f399bdc05cead0e410c88057267c.jpeg\",\"file_original\":\"IMG_1877.jpeg\",\"file_user_name\":\"IMG_1877.jpeg\",\"ext\":\"jpeg\",\"attachment_id\":0,\"id\":8,\"type\":\"image\\/jpeg\"},{\"name\":\"IMG_1883.jpeg\",\"value\":\"https:\\/\\/aggressivegraphix.com\\/wp-content\\/uploads\\/wpforms\\/2516-a7b3d1bd5699197bdee7baced0d8e2c6\\/IMG_1883-80b8081518b2d74dd1c25a6986cbb064.jpeg\",\"file\":\"IMG_1883-80b8081518b2d74dd1c25a6986cbb064.jpeg\",\"file_original\":\"IMG_1883.jpeg\",\"file_user_name\":\"IMG_1883.jpeg\",\"ext\":\"jpeg\",\"attachment_id\":0,\"id\":8,\"type\":\"image\\/jpeg\"}],\"id\":8,\"type\":\"file-upload\",\"style\":\"modern\"}}','','2025-08-19 22:53:50','2025-08-19 22:53:50','75.138.185.132','Mozilla/5.0 (iPhone; CPU iPhone OS 18_6_1 like Mac OS X) AppleWebKit/605.1.15 (KHTML, like Gecko) GSA/381.1.792835455 Mobile/15E148 Safari/604.1','8c485bec-197f-4e7e-99e0-8cf642f1dcb5'),(52,1943,0,0,'','',0,0,'{\"1\":{\"name\":\"Name\",\"value\":\"LeeSmumpEY LeeSmumpEY\",\"id\":1,\"type\":\"name\",\"first\":\"LeeSmumpEY\",\"middle\":\"\",\"last\":\"LeeSmumpEY\"},\"2\":{\"name\":\"Email\",\"value\":\"zekisuquc419@gmail.com\",\"id\":2,\"type\":\"email\"},\"3\":{\"name\":\"Comment or Message\",\"value\":\"Sveiki, es grib\\u0113ju zin\\u0101t savu cenu.\",\"id\":3,\"type\":\"textarea\"}}','','2025-08-21 21:22:42','2025-08-21 21:22:42','45.89.70.30','Mozilla/5.0 (Windows NT 10.0; Win64; x64) AppleWebKit/537.36 (KHTML, like Gecko) Chrome/131.0.0.0 Safari/537.36 Avast/131.0.0.0',''),(53,1943,0,0,'','',0,0,'{\"1\":{\"name\":\"Name\",\"value\":\"Victoria Berry\",\"id\":1,\"type\":\"name\",\"first\":\"Victoria\",\"middle\":\"\",\"last\":\"Berry\"},\"2\":{\"name\":\"Email\",\"value\":\"victoria@summitsanitizepros.com\",\"id\":2,\"type\":\"email\"},\"3\":{\"name\":\"Comment or Message\",\"value\":\"Hi,\\r\\n\\r\\nIf you are looking for a reliable cleaning company with an extremely low attrition rate, we should talk. Partnering with us isn\\u2019t just about making your business look fresh and clean, but making a proactive investment in the safety and health of your customers and staff.\\r\\n\\r\\nMay we give you a facility evaluation and updated cleaning quote?\\r\\n\\r\\nHave a great day!\\r\\n\\r\\nVictoria Berry\\r\\nBusiness Development Manager\\r\\nSummitSanitize Pros\\r\\nvictoria@summitsanitizepros.com\\r\\n\\r\\nRespond with stop to optout.\",\"id\":3,\"type\":\"textarea\"}}','','2025-08-22 12:33:20','2025-08-22 12:33:20','182.190.193.77','Mozilla/5.0 (Windows NT 10.0; Win64; x64) AppleWebKit/537.36 (KHTML, like Gecko) Chrome/139.0.0.0 Safari/537.36','f34c31cc-61fa-499b-a771-9f06bdd82d66'),(56,1943,0,0,'','',0,0,'{\"1\":{\"name\":\"Name\",\"value\":\"Craig Nunes\",\"id\":1,\"type\":\"name\",\"first\":\"Craig\",\"middle\":\"\",\"last\":\"Nunes\"},\"2\":{\"name\":\"Email\",\"value\":\"cnunes@pipeandplumber.com\",\"id\":2,\"type\":\"email\"},\"3\":{\"name\":\"Comment or Message\",\"value\":\"Inquiring about wrapping (2) Vehicles; one Mercedes Sprinter Van and one Chevy Silverado 1500.\",\"id\":3,\"type\":\"textarea\"}}','','2025-08-25 15:12:09','2025-08-25 15:12:09','97.81.33.194','Mozilla/5.0 (Windows NT 10.0; Win64; x64) AppleWebKit/537.36 (KHTML, like Gecko) Chrome/139.0.0.0 Safari/537.36','8a75f772-25e3-4a17-9854-7660afabc88a'),(59,1943,0,0,'','',0,0,'{\"1\":{\"name\":\"Name\",\"value\":\"Mike Hebert\",\"id\":1,\"type\":\"name\",\"first\":\"Mike\",\"middle\":\"\",\"last\":\"Hebert\"},\"2\":{\"name\":\"Email\",\"value\":\"mhebert68@charter.net\",\"id\":2,\"type\":\"email\"},\"3\":{\"name\":\"Comment or Message\",\"value\":\"Hi, looking to get a quote on a graphic for the back of my camper. Please text me. 508 713 7763. Thanks Mike.\",\"id\":3,\"type\":\"textarea\"}}','','2025-08-28 14:05:38','2025-08-28 14:05:38','174.226.105.247','Mozilla/5.0 (Linux; Android 15; SM-S926U Build/AP3A.240905.015.A2; wv) AppleWebKit/537.36 (KHTML, like Gecko) Version/4.0 Chrome/139.0.7258.135 Mobile Safari/537.36 [FB_IAB/FB4A;FBAV/527.0.0.59.76;IABMV/1;]','5f682172-9feb-44e3-ad85-5679bc14b605'),(60,1943,0,0,'','',0,0,'{\"1\":{\"name\":\"Name\",\"value\":\"LeeSmumpEY LeeSmumpEY\",\"id\":1,\"type\":\"name\",\"first\":\"LeeSmumpEY\",\"middle\":\"\",\"last\":\"LeeSmumpEY\"},\"2\":{\"name\":\"Email\",\"value\":\"dinanikolskaya99@gmail.com\",\"id\":2,\"type\":\"email\"},\"3\":{\"name\":\"Comment or Message\",\"value\":\"H\\u00e6, \\u00e9g vildi vita ver\\u00f0 \\u00feitt.\",\"id\":3,\"type\":\"textarea\"}}','','2025-08-29 13:36:41','2025-08-29 13:36:41','185.39.19.49','Mozilla/5.0 (Windows NT 10.0; Win64; x64) AppleWebKit/537.36 (KHTML, like Gecko) Chrome/130.0.0.0 Safari/537.36',''),(61,1943,0,0,'','',0,0,'{\"1\":{\"name\":\"Name\",\"value\":\"Zachary Hernandez\",\"id\":1,\"type\":\"name\",\"first\":\"Zachary\",\"middle\":\"\",\"last\":\"Hernandez\"},\"2\":{\"name\":\"Email\",\"value\":\"z.hernandez@trustedsupportteam.com\",\"id\":2,\"type\":\"email\"},\"3\":{\"name\":\"Comment or Message\",\"value\":\"Hi there,\\r\\n\\r\\nI tried emailing you, but it bounced for some reason... so I\\u2019m reaching out here instead.\\r\\n\\r\\nI\\u2019m Zachary with Trusted Support Team. We provide Virtual Assistants to help with Prospecting, Administration, CRM Management & Drip Campaigns, Graphic Design, and Bookkeeping. We also offer advanced AI-driven prospecting & appointment setting to help you fill your calendar with high-quality meetings.\\r\\n\\r\\nWould you be open to exploring how we can support you?\",\"id\":3,\"type\":\"textarea\"}}','','2025-08-30 05:57:00','2025-08-30 05:57:00','67.203.33.51','Mozilla/5.0 (Linux; Android 10; K) AppleWebKit/537.36 (KHTML, like Gecko) Chrome/135.0.0.0 Mobile Safari/537.36','236b19ca-3ba2-4543-98c1-06d119d27d41'),(62,1943,0,0,'','',0,0,'{\"1\":{\"name\":\"Name\",\"value\":\"LeeSmumpEY LeeSmumpEY\",\"id\":1,\"type\":\"name\",\"first\":\"LeeSmumpEY\",\"middle\":\"\",\"last\":\"LeeSmumpEY\"},\"2\":{\"name\":\"Email\",\"value\":\"irinademenkova86@gmail.com\",\"id\":2,\"type\":\"email\"},\"3\":{\"name\":\"Comment or Message\",\"value\":\"Hola, quer\\u00eda saber tu precio..\",\"id\":3,\"type\":\"textarea\"}}','','2025-08-30 19:26:26','2025-08-30 19:26:26','185.39.19.34','Mozilla/5.0 (Windows NT 10.0; Win64; x64) AppleWebKit/537.36 (KHTML, like Gecko) Chrome/130.0.0.0 Safari/537.36',''),(66,1943,0,0,'','',0,0,'{\"1\":{\"name\":\"Name\",\"value\":\"LeeSmumpEY LeeSmumpEY\",\"id\":1,\"type\":\"name\",\"first\":\"LeeSmumpEY\",\"middle\":\"\",\"last\":\"LeeSmumpEY\"},\"2\":{\"name\":\"Email\",\"value\":\"zekisuquc419@gmail.com\",\"id\":2,\"type\":\"email\"},\"3\":{\"name\":\"Comment or Message\",\"value\":\"Hola, volia saber el seu preu.\",\"id\":3,\"type\":\"textarea\"}}','','2025-09-06 04:29:51','2025-09-06 04:29:51','45.89.70.31','Mozilla/5.0 (Windows NT 10.0; Win64; x64) AppleWebKit/537.36 (KHTML, like Gecko) Chrome/130.0.0.0 Safari/537.36',''),(68,2736,0,0,'','',0,0,'{\"2\":{\"name\":\"Name\",\"value\":\"Eddie Hevy\",\"id\":2,\"type\":\"name\",\"first\":\"\",\"middle\":\"\",\"last\":\"\"},\"3\":{\"name\":\"Email\",\"value\":\"ehevy@hevyelectric.com\",\"id\":3,\"type\":\"email\"},\"4\":{\"name\":\"Phone\",\"value\":\"(774) 402-4149\",\"id\":4,\"type\":\"phone\"},\"5\":{\"name\":\"Specific job completion date\",\"value\":\"\",\"id\":5,\"type\":\"date-time\",\"date\":\"\",\"time\":\"\",\"unix\":\"\"},\"6\":{\"name\":\"Type of wrap service\",\"value\":\"Lettering\\nPartial\\/half wrap\\nFull wrap\",\"value_raw\":\"Lettering\\nPartial\\/half wrap\\nFull wrap\",\"id\":6,\"type\":\"checkbox\"},\"7\":{\"name\":\"Please describe your project\",\"value\":\"Good Morning.\\r\\n\\r\\nI saw your company recommend on a local Facebook group, and I like some of your work that I saw. I own Hevy Electric, for about 3 years now I have been using un-lettered vehicles. It is time that I finally get it lettered. \\r\\n\\r\\nMy current set up is a regular cab Ram 2500 and a 14\\u2019 enclosed trailer. Both are white in color. I don\\u2019t think I am interested in a full wrap. For the truck I was thinking more basic lettering, both doors, tailgate, and possible back glass. \\r\\n\\r\\nFor the trailer I want it to match & flow with the truck, but much larger. Both sides and probably the back ramp. I am open to suggestions and am flexible. I have a basic design for my buisness cards, but no set company colors. I am okay with making changes if needed or suggested. \\r\\n\\r\\nI am looking to have something designed and installed. Let me know if you are interested and if you would like to meet to go over what I\\u2019m looking for or prefer to do it over email. If not, if you could recommend a designer that would be great. \\r\\n\\r\\nAlso, I would like the front windshield to be tinted to match both doors. It was done previously when I purchased the truck, but the windshield had to be replaced. \\r\\n\\r\\nThank you!\",\"id\":7,\"type\":\"textarea\"},\"8\":{\"name\":\"Upload your logo files and photos of your vehicle\\/trailer\",\"value\":\"https:\\/\\/aggressivegraphix.com\\/wp-content\\/uploads\\/wpforms\\/2736-071fb8427beb12a46ef671bac4dad6e0\\/IMG_4523-69f5213a158fc2e0d992df180aeeb92f.jpeg\\nhttps:\\/\\/aggressivegraphix.com\\/wp-content\\/uploads\\/wpforms\\/2736-071fb8427beb12a46ef671bac4dad6e0\\/IMG_8270-a1531215e05d5049a1e3e924993dc372.jpeg\\nhttps:\\/\\/aggressivegraphix.com\\/wp-content\\/uploads\\/wpforms\\/2736-071fb8427beb12a46ef671bac4dad6e0\\/IMG_7565-57b12e8060e1cd998d4c54899372a4a4.jpeg\\nhttps:\\/\\/aggressivegraphix.com\\/wp-content\\/uploads\\/wpforms\\/2736-071fb8427beb12a46ef671bac4dad6e0\\/IMG_4364-edbed98b156af0fba62fe4c66330b602.jpeg\",\"value_raw\":[{\"name\":\"IMG_4523.jpeg\",\"value\":\"https:\\/\\/aggressivegraphix.com\\/wp-content\\/uploads\\/wpforms\\/2736-071fb8427beb12a46ef671bac4dad6e0\\/IMG_4523-69f5213a158fc2e0d992df180aeeb92f.jpeg\",\"file\":\"IMG_4523-69f5213a158fc2e0d992df180aeeb92f.jpeg\",\"file_original\":\"IMG_4523.jpeg\",\"file_user_name\":\"IMG_4523.jpeg\",\"ext\":\"jpeg\",\"attachment_id\":0,\"id\":8,\"type\":\"image\\/jpeg\"},{\"name\":\"IMG_8270.jpeg\",\"value\":\"https:\\/\\/aggressivegraphix.com\\/wp-content\\/uploads\\/wpforms\\/2736-071fb8427beb12a46ef671bac4dad6e0\\/IMG_8270-a1531215e05d5049a1e3e924993dc372.jpeg\",\"file\":\"IMG_8270-a1531215e05d5049a1e3e924993dc372.jpeg\",\"file_original\":\"IMG_8270.jpeg\",\"file_user_name\":\"IMG_8270.jpeg\",\"ext\":\"jpeg\",\"attachment_id\":0,\"id\":8,\"type\":\"image\\/jpeg\"},{\"name\":\"IMG_7565.jpeg\",\"value\":\"https:\\/\\/aggressivegraphix.com\\/wp-content\\/uploads\\/wpforms\\/2736-071fb8427beb12a46ef671bac4dad6e0\\/IMG_7565-57b12e8060e1cd998d4c54899372a4a4.jpeg\",\"file\":\"IMG_7565-57b12e8060e1cd998d4c54899372a4a4.jpeg\",\"file_original\":\"IMG_7565.jpeg\",\"file_user_name\":\"IMG_7565.jpeg\",\"ext\":\"jpeg\",\"attachment_id\":0,\"id\":8,\"type\":\"image\\/jpeg\"},{\"name\":\"IMG_4364.jpeg\",\"value\":\"https:\\/\\/aggressivegraphix.com\\/wp-content\\/uploads\\/wpforms\\/2736-071fb8427beb12a46ef671bac4dad6e0\\/IMG_4364-edbed98b156af0fba62fe4c66330b602.jpeg\",\"file\":\"IMG_4364-edbed98b156af0fba62fe4c66330b602.jpeg\",\"file_original\":\"IMG_4364.jpeg\",\"file_user_name\":\"IMG_4364.jpeg\",\"ext\":\"jpeg\",\"attachment_id\":0,\"id\":8,\"type\":\"image\\/jpeg\"}],\"id\":8,\"type\":\"file-upload\",\"style\":\"modern\"}}','','2025-09-07 15:18:11','2025-09-07 15:18:11','209.149.209.109','Mozilla/5.0 (iPhone; CPU iPhone OS 18_5 like Mac OS X) AppleWebKit/605.1.15 (KHTML, like Gecko) Version/18.5 Mobile/15E148 Safari/604.1','6eced053-1d8a-4de1-9371-bb7d0a662c79'),(70,1943,0,0,'','',0,0,'{\"1\":{\"name\":\"Name\",\"value\":\"LeeSmumpEY LeeSmumpEY\",\"id\":1,\"type\":\"name\",\"first\":\"LeeSmumpEY\",\"middle\":\"\",\"last\":\"LeeSmumpEY\"},\"2\":{\"name\":\"Email\",\"value\":\"zekisuquc419@gmail.com\",\"id\":2,\"type\":\"email\"},\"3\":{\"name\":\"Comment or Message\",\"value\":\"Hi, I wanted to know your price.\",\"id\":3,\"type\":\"textarea\"}}','','2025-09-08 07:57:07','2025-09-08 07:57:07','45.89.70.30','Mozilla/5.0 (Windows NT 10.0; Win64; x64) AppleWebKit/537.36 (KHTML, like Gecko) Chrome/131.0.0.0 Safari/537.36 Avast/131.0.0.0',''),(73,1943,0,0,'','',0,0,'{\"1\":{\"name\":\"Name\",\"value\":\"LeeSmumpEY LeeSmumpEY\",\"id\":1,\"type\":\"name\",\"first\":\"LeeSmumpEY\",\"middle\":\"\",\"last\":\"LeeSmumpEY\"},\"2\":{\"name\":\"Email\",\"value\":\"dinanikolskaya99@gmail.com\",\"id\":2,\"type\":\"email\"},\"3\":{\"name\":\"Comment or Message\",\"value\":\"H\\u00e6, \\u00e9g vildi vita ver\\u00f0 \\u00feitt.\",\"id\":3,\"type\":\"textarea\"}}','','2025-09-11 23:05:56','2025-09-11 23:05:56','185.39.19.49','Mozilla/5.0 (Windows NT 10.0; Win64; x64) AppleWebKit/537.36 (KHTML, like Gecko) Chrome/131.0.0.0 Safari/537.36',''),(74,1943,0,0,'','',0,0,'{\"1\":{\"name\":\"Name\",\"value\":\"LeeSmumpEY LeeSmumpEY\",\"id\":1,\"type\":\"name\",\"first\":\"LeeSmumpEY\",\"middle\":\"\",\"last\":\"LeeSmumpEY\"},\"2\":{\"name\":\"Email\",\"value\":\"dinanikolskaya99@gmail.com\",\"id\":2,\"type\":\"email\"},\"3\":{\"name\":\"Comment or Message\",\"value\":\"Hai, saya ingin tahu harga Anda.\",\"id\":3,\"type\":\"textarea\"}}','','2025-09-15 10:05:54','2025-09-15 10:05:54','185.39.19.49','Mozilla/5.0 (Windows NT 10.0; Win64; x64) AppleWebKit/537.36 (KHTML, like Gecko) Chrome/129.0.0.0 Safari/537.36',''),(75,2516,0,0,'','',0,0,'{\"1\":{\"name\":\"Name\",\"value\":\"Michael Pare\",\"id\":1,\"type\":\"name\",\"first\":\"\",\"middle\":\"\",\"last\":\"\"},\"2\":{\"name\":\"Email\",\"value\":\"mcpare50@gmail.com\",\"id\":2,\"type\":\"email\"},\"3\":{\"name\":\"Phone\",\"value\":\"(401) 300-6694\",\"id\":3,\"type\":\"phone\"},\"4\":{\"name\":\"Specific job completion date\",\"value\":\"04\\/30\\/2026\",\"id\":4,\"type\":\"date-time\",\"date\":\"04\\/30\\/2026\",\"time\":\"\",\"unix\":1777507200},\"5\":{\"name\":\"Project type\",\"value\":\"Motorcycle\",\"value_raw\":\"Motorcycle\",\"id\":5,\"type\":\"checkbox\"},\"9\":{\"name\":\"Vehicle year\\/make\\/model\",\"value\":\"\",\"id\":9,\"type\":\"text\",\"visible\":false},\"6\":{\"name\":\"Which wrap service are you interested in?\",\"value\":\"Stripe kit\",\"value_raw\":\"Stripe kit\",\"id\":6,\"type\":\"checkbox\"},\"7\":{\"name\":\"Please describe your project\",\"value\":\"I\'m looking to get some custom decals on a plastic gas thank, and I\'m reading a lot bubbling and adhesion issues due to the fuel vapors coming through the plastic. If this is something you think you can solve, I\'ve love to dicuss it further. Thanks!\",\"id\":7,\"type\":\"textarea\"},\"8\":{\"name\":\"Please upload photos of your vehicle\",\"value\":\"\",\"value_raw\":\"\",\"id\":8,\"type\":\"file-upload\",\"style\":\"modern\"}}','','2025-09-18 02:26:42','2025-09-18 02:26:42','68.9.41.51','Mozilla/5.0 (Windows NT 10.0; Win64; x64; rv:143.0) Gecko/20100101 Firefox/143.0','4bb72cf6-61c6-4a65-be89-4cf64813596a'),(76,2677,0,0,'','',0,0,'{\"1\":{\"name\":\"Name\",\"value\":\"Joe Forde\",\"id\":1,\"type\":\"name\",\"first\":\"Joe\",\"middle\":\"\",\"last\":\"Forde\"},\"2\":{\"name\":\"Phone\",\"value\":\"(508) 808-8283\",\"id\":2,\"type\":\"phone\"},\"3\":{\"name\":\"Email\",\"value\":\"joeforde@ymail.com\",\"id\":3,\"type\":\"email\"},\"4\":{\"name\":\"Your vehicle VIN\",\"value\":\"1FT7W2B64NEE73615\",\"id\":4,\"type\":\"text\"},\"17\":{\"name\":\"What tint coverage would you like?\",\"value\":\"Front doors\",\"value_raw\":\"Front doors\",\"id\":17,\"type\":\"checkbox\",\"images\":[\"https:\\/\\/aggressivegraphix.com\\/wp-content\\/uploads\\/2025\\/03\\/frontdoor.png\"]},\"9\":{\"name\":\"Front doors tint percent\",\"value\":\"35%\",\"value_raw\":\"35%\",\"id\":9,\"type\":\"select\",\"visible\":true},\"10\":{\"name\":\"Rear doors tint percent\",\"value\":\"\",\"value_raw\":\"\",\"id\":10,\"type\":\"select\",\"visible\":false},\"15\":{\"name\":\"Rear windshield percent\",\"value\":\"\",\"value_raw\":\"\",\"id\":15,\"type\":\"select\",\"visible\":false},\"14\":{\"name\":\"Front windshield brow\\/sun shade concave\",\"value\":\"\",\"value_raw\":\"\",\"id\":14,\"type\":\"select\",\"visible\":false},\"13\":{\"name\":\"Front windshield brow\\/sun shade convex\",\"value\":\"\",\"value_raw\":\"\",\"id\":13,\"type\":\"select\",\"visible\":false},\"12\":{\"name\":\"Front windshield whole\",\"value\":\"\",\"value_raw\":\"\",\"id\":12,\"type\":\"select\",\"visible\":false},\"16\":{\"name\":\"Specific due date\",\"value\":\"\",\"id\":16,\"type\":\"date-time\",\"date\":\"\",\"time\":\"\",\"unix\":\"\"}}','','2025-09-18 15:59:47','2025-09-18 15:59:47','50.247.237.101','Mozilla/5.0 (iPhone; CPU iPhone OS 18_6 like Mac OS X) AppleWebKit/605.1.15 (KHTML, like Gecko) Version/18.6 Mobile/15E148 Safari/604.1','71381cd4-63cc-4e83-98a0-9152f64528f5'),(77,2516,0,0,'','',0,0,'{\"1\":{\"name\":\"Name\",\"value\":\"Mike Bisbee\",\"id\":1,\"type\":\"name\",\"first\":\"\",\"middle\":\"\",\"last\":\"\"},\"2\":{\"name\":\"Email\",\"value\":\"bisbee_michael@yahoo.com\",\"id\":2,\"type\":\"email\"},\"3\":{\"name\":\"Phone\",\"value\":\"(774) 275-7988\",\"id\":3,\"type\":\"phone\"},\"4\":{\"name\":\"Specific job completion date\",\"value\":\"12\\/31\\/2025\",\"id\":4,\"type\":\"date-time\",\"date\":\"12\\/31\\/2025\",\"time\":\"\",\"unix\":1767139200},\"5\":{\"name\":\"Project type\",\"value\":\"Car\\/Truck\",\"value_raw\":\"Car\\/Truck\",\"id\":5,\"type\":\"checkbox\"},\"9\":{\"name\":\"Vehicle year\\/make\\/model\",\"value\":\"\",\"id\":9,\"type\":\"text\",\"visible\":false},\"6\":{\"name\":\"Which wrap service are you interested in?\",\"value\":\"Full color change\",\"value_raw\":\"Full color change\",\"id\":6,\"type\":\"checkbox\"},\"7\":{\"name\":\"Please describe your project\",\"value\":\"I have a white 2009 Jeep Liberty and I would like to wrap it in black. Maybe a gray. Can I get an estimate? Thanks\",\"id\":7,\"type\":\"textarea\"},\"8\":{\"name\":\"Please upload photos of your vehicle\",\"value\":\"\",\"value_raw\":\"\",\"id\":8,\"type\":\"file-upload\",\"style\":\"modern\"}}','','2025-09-22 20:16:29','2025-09-22 20:16:29','75.130.109.165','Mozilla/5.0 (Linux; Android 10; K) AppleWebKit/537.36 (KHTML, like Gecko) Chrome/140.0.0.0 Mobile Safari/537.36','b7ca5842-1fa9-425c-b8ed-b64fbd4db210'),(78,1943,0,0,'spam','',0,0,'{\"1\":{\"name\":\"Name\",\"value\":\"LeeSmumpEY LeeSmumpEY\",\"id\":1,\"type\":\"name\",\"first\":\"LeeSmumpEY\",\"middle\":\"\",\"last\":\"LeeSmumpEY\"},\"2\":{\"name\":\"Email\",\"value\":\"zekisuquc419@gmail.com\",\"id\":2,\"type\":\"email\"},\"3\":{\"name\":\"Comment or Message\",\"value\":\"\\u041f\\u0440\\u044b\\u0432\\u0456\\u0442\\u0430\\u043d\\u043d\\u0435, \\u044f \\u0445\\u0430\\u0446\\u0435\\u045e \\u0434\\u0430\\u0432\\u0435\\u0434\\u0430\\u0446\\u0446\\u0430 \\u0412\\u0430\\u0448 \\u043f\\u0440\\u0430\\u0439\\u0441.\",\"id\":3,\"type\":\"textarea\"}}','','2025-09-24 08:42:59','2025-09-24 08:42:59','45.89.70.30','Mozilla/5.0 (Windows NT 10.0; Win64; x64) AppleWebKit/537.36 (KHTML, like Gecko) Chrome/130.0.0.0 Safari/537.36 CCleaner/130.0.0.0',''),(79,1943,0,0,'spam','',0,0,'{\"1\":{\"name\":\"Name\",\"value\":\"LeeSmumpEY LeeSmumpEY\",\"id\":1,\"type\":\"name\",\"first\":\"LeeSmumpEY\",\"middle\":\"\",\"last\":\"LeeSmumpEY\"},\"2\":{\"name\":\"Email\",\"value\":\"zekisuquc419@gmail.com\",\"id\":2,\"type\":\"email\"},\"3\":{\"name\":\"Comment or Message\",\"value\":\"Sveiki, a\\u0161 nor\\u0117jau su\\u017einoti j\\u016bs\\u0173 kain\\u0105.\",\"id\":3,\"type\":\"textarea\"}}','','2025-09-24 11:05:44','2025-09-24 11:05:44','45.89.70.30','Mozilla/5.0 (Windows NT 10.0; Win64; x64) AppleWebKit/537.36 (KHTML, like Gecko) Chrome/130.0.0.0 Safari/537.36',''),(80,1943,0,0,'spam','',0,0,'{\"1\":{\"name\":\"Name\",\"value\":\"LeeSmumpEY LeeSmumpEY\",\"id\":1,\"type\":\"name\",\"first\":\"LeeSmumpEY\",\"middle\":\"\",\"last\":\"LeeSmumpEY\"},\"2\":{\"name\":\"Email\",\"value\":\"irinademenkova86@gmail.com\",\"id\":2,\"type\":\"email\"},\"3\":{\"name\":\"Comment or Message\",\"value\":\"H\\u00e6, \\u00e9g vildi vita ver\\u00f0 \\u00feitt.\",\"id\":3,\"type\":\"textarea\"}}','','2025-09-24 13:29:30','2025-09-24 13:29:30','185.39.19.34','Mozilla/5.0 (Windows NT 10.0; Win64; x64) AppleWebKit/537.36 (KHTML, like Gecko) Chrome/129.0.0.0 Safari/537.36',''),(81,1943,0,0,'','',0,0,'{\"1\":{\"name\":\"Name\",\"value\":\"Sue McCarron\",\"id\":1,\"type\":\"name\",\"first\":\"Sue\",\"middle\":\"\",\"last\":\"McCarron\"},\"2\":{\"name\":\"Email\",\"value\":\"sue.mccarron1111@gmail.com\",\"id\":2,\"type\":\"email\"},\"3\":{\"name\":\"Comment or Message\",\"value\":\"Hello.  I have a customer that is looking to wrap his company trailers and possibly also get some lettering for his trucks. One trailer side is 16\' x 8\' and the other one is 24\' x 8\'.  I have the logo that I made for his apparel, and he is hoping to have you create something cool for his trailers.  Sue\\/Creations By Sue\",\"id\":3,\"type\":\"textarea\"}}','','2025-09-25 01:53:00','2025-09-25 01:53:00','24.2.171.48','Mozilla/5.0 (Windows NT 10.0; Win64; x64) AppleWebKit/537.36 (KHTML, like Gecko) Chrome/139.0.0.0 Safari/537.36','5771e952-d69b-4cf0-84ed-08aadf21f7d8'),(82,2736,0,0,'','',0,0,'{\"2\":{\"name\":\"Name\",\"value\":\"Sue McCarron\",\"id\":2,\"type\":\"name\",\"first\":\"\",\"middle\":\"\",\"last\":\"\"},\"3\":{\"name\":\"Email\",\"value\":\"sue.mccarron1111@gmail.com\",\"id\":3,\"type\":\"email\"},\"4\":{\"name\":\"Phone\",\"value\":\"(978) 270-9981\",\"id\":4,\"type\":\"phone\"},\"5\":{\"name\":\"Specific job completion date\",\"value\":\"\",\"id\":5,\"type\":\"date-time\",\"date\":\"\",\"time\":\"\",\"unix\":\"\"},\"6\":{\"name\":\"Type of wrap service\",\"value\":\"Full wrap\",\"value_raw\":\"Full wrap\",\"id\":6,\"type\":\"checkbox\"},\"7\":{\"name\":\"Please describe your project\",\"value\":\"My customer is looking to wrap two work trailers (16\' x8\') and (24\' x8\') He may also want lettering for his truck doors as well. I am attaching the graphic I made for his apparel and I know you can do something cool with it!!! Thanks!\",\"id\":7,\"type\":\"textarea\"},\"8\":{\"name\":\"Upload your logo files and photos of your vehicle\\/trailer\",\"value\":\"https:\\/\\/aggressivegraphix.com\\/wp-content\\/uploads\\/wpforms\\/2736-071fb8427beb12a46ef671bac4dad6e0\\/tmc-lawn-landscape-01-e54b294fa2067d8cd4c2df90f229fb78.png\\nhttps:\\/\\/aggressivegraphix.com\\/wp-content\\/uploads\\/wpforms\\/2736-071fb8427beb12a46ef671bac4dad6e0\\/tmc-lawn-landscape-a38498764d5bff0472ca9ef3ff37da6a.pdf\",\"value_raw\":[{\"name\":\"tmc-lawn-landscape-01.png\",\"value\":\"https:\\/\\/aggressivegraphix.com\\/wp-content\\/uploads\\/wpforms\\/2736-071fb8427beb12a46ef671bac4dad6e0\\/tmc-lawn-landscape-01-e54b294fa2067d8cd4c2df90f229fb78.png\",\"file\":\"tmc-lawn-landscape-01-e54b294fa2067d8cd4c2df90f229fb78.png\",\"file_original\":\"tmc-lawn-landscape-01.png\",\"file_user_name\":\"tmc lawn landscape-01.png\",\"ext\":\"png\",\"attachment_id\":0,\"id\":8,\"type\":\"image\\/png\"},{\"name\":\"tmc-lawn-landscape.pdf\",\"value\":\"https:\\/\\/aggressivegraphix.com\\/wp-content\\/uploads\\/wpforms\\/2736-071fb8427beb12a46ef671bac4dad6e0\\/tmc-lawn-landscape-a38498764d5bff0472ca9ef3ff37da6a.pdf\",\"file\":\"tmc-lawn-landscape-a38498764d5bff0472ca9ef3ff37da6a.pdf\",\"file_original\":\"tmc-lawn-landscape.pdf\",\"file_user_name\":\"tmc lawn landscape.pdf\",\"ext\":\"pdf\",\"attachment_id\":0,\"id\":8,\"type\":\"application\\/pdf\"}],\"id\":8,\"type\":\"file-upload\",\"style\":\"modern\"}}','','2025-09-25 02:03:47','2025-09-25 02:03:47','24.2.171.48','Mozilla/5.0 (Windows NT 10.0; Win64; x64) AppleWebKit/537.36 (KHTML, like Gecko) Chrome/139.0.0.0 Safari/537.36','5771e952-d69b-4cf0-84ed-08aadf21f7d8'),(83,1943,0,0,'','',0,0,'{\"1\":{\"name\":\"Name\",\"value\":\"LeeSmumpEY LeeSmumpEY\",\"id\":1,\"type\":\"name\",\"first\":\"LeeSmumpEY\",\"middle\":\"\",\"last\":\"LeeSmumpEY\"},\"2\":{\"name\":\"Email\",\"value\":\"zekisuquc419@gmail.com\",\"id\":2,\"type\":\"email\"},\"3\":{\"name\":\"Comment or Message\",\"value\":\"Aloha, makemake wau e\\u02bbike i k\\u0101u kumuk\\u016b\\u02bbai.\",\"id\":3,\"type\":\"textarea\"}}','','2025-09-25 14:34:14','2025-09-25 14:34:14','45.89.70.31','Mozilla/5.0 (Windows NT 10.0; Win64; x64) AppleWebKit/537.36 (KHTML, like Gecko) Chrome/130.0.0.0 Safari/537.36 CCleaner/130.0.0.0',''),(84,1943,0,0,'spam','',0,0,'{\"1\":{\"name\":\"Name\",\"value\":\"GeorgeSmumpGG GeorgeSmumpGG\",\"id\":1,\"type\":\"name\",\"first\":\"GeorgeSmumpGG\",\"middle\":\"\",\"last\":\"GeorgeSmumpGG\"},\"2\":{\"name\":\"Email\",\"value\":\"irinademenkova86@gmail.com\",\"id\":2,\"type\":\"email\"},\"3\":{\"name\":\"Comment or Message\",\"value\":\"Salam, qiym\\u0259tinizi bilm\\u0259k ist\\u0259dim.\",\"id\":3,\"type\":\"textarea\"}}','','2025-09-25 20:14:26','2025-09-25 20:14:26','185.39.19.97','Mozilla/5.0 (Windows NT 10.0; Win64; x64) AppleWebKit/537.36 (KHTML, like Gecko) Chrome/130.0.0.0 Safari/537.36 CCleaner/130.0.0.0',''),(85,1943,0,0,'','',0,0,'{\"1\":{\"name\":\"Name\",\"value\":\"Enrique castillo\",\"id\":1,\"type\":\"name\",\"first\":\"Enrique\",\"middle\":\"\",\"last\":\"castillo\"},\"2\":{\"name\":\"Email\",\"value\":\"enriquecastillo0997@gmail.com\",\"id\":2,\"type\":\"email\"},\"3\":{\"name\":\"Comment or Message\",\"value\":\"Hello,\\r\\n\\r\\nMy name is Enrique Castillo, and I\\u2019d like to request a quote for the following flyer specifications:\\r\\n\\r\\n- Size: 8.5\\\" x 11\\\"\\r\\n- Quantity: 50,000\\r\\n- Printing: 1-sided, full-color with bleeds\\r\\n- Paper: 100 lb Gloss Text\\r\\n\\r\\nCould you please provide the total cost, including tax and pick up? Also, I\\u2019d appreciate it if you could let me know the estimated turnaround time for printing and delivery.\\r\\n\\r\\n\\r\\nBest regards,\\r\\nEnrique Castillo\\r\\n708-630-6767\",\"id\":3,\"type\":\"textarea\"}}','','2025-09-26 15:55:55','2025-09-26 15:55:55','104.248.181.125','Mozilla/5.0 (Windows NT 10.0; Win64; x64) AppleWebKit/537.36 (KHTML, like Gecko) Chrome/140.0.0.0 Safari/537.36','de04afa3-e36c-495d-89d6-97bdc4276958'),(86,1943,0,0,'','',0,0,'{\"1\":{\"name\":\"Name\",\"value\":\"LeeSmumpEY LeeSmumpEY\",\"id\":1,\"type\":\"name\",\"first\":\"LeeSmumpEY\",\"middle\":\"\",\"last\":\"LeeSmumpEY\"},\"2\":{\"name\":\"Email\",\"value\":\"zekisuquc419@gmail.com\",\"id\":2,\"type\":\"email\"},\"3\":{\"name\":\"Comment or Message\",\"value\":\"\\u041f\\u0440\\u044b\\u0432\\u0456\\u0442\\u0430\\u043d\\u043d\\u0435, \\u044f \\u0445\\u0430\\u0446\\u0435\\u045e \\u0434\\u0430\\u0432\\u0435\\u0434\\u0430\\u0446\\u0446\\u0430 \\u0412\\u0430\\u0448 \\u043f\\u0440\\u0430\\u0439\\u0441.\",\"id\":3,\"type\":\"textarea\"}}','','2025-09-28 09:27:25','2025-09-28 09:27:25','45.89.70.31','Mozilla/5.0 (Windows NT 10.0; Win64; x64) AppleWebKit/537.36 (KHTML, like Gecko) Chrome/130.0.0.0 Safari/537.36',''),(87,1943,0,0,'','',0,0,'{\"1\":{\"name\":\"Name\",\"value\":\"LeeSmumpEY LeeSmumpEY\",\"id\":1,\"type\":\"name\",\"first\":\"LeeSmumpEY\",\"middle\":\"\",\"last\":\"LeeSmumpEY\"},\"2\":{\"name\":\"Email\",\"value\":\"dinanikolskaya99@gmail.com\",\"id\":2,\"type\":\"email\"},\"3\":{\"name\":\"Comment or Message\",\"value\":\"Hi, I wanted to know your price.\",\"id\":3,\"type\":\"textarea\"}}','','2025-09-29 11:55:30','2025-09-29 11:55:30','185.39.19.48','Mozilla/5.0 (Windows NT 10.0; Win64; x64) AppleWebKit/537.36 (KHTML, like Gecko) Chrome/130.0.0.0 Safari/537.36 CCleaner/130.0.0.0',''),(88,1943,0,0,'','',0,0,'{\"1\":{\"name\":\"Name\",\"value\":\"Erica Schiattarella\",\"id\":1,\"type\":\"name\",\"first\":\"Erica\",\"middle\":\"\",\"last\":\"Schiattarella\"},\"2\":{\"name\":\"Email\",\"value\":\"schiattfam@hotmail.com\",\"id\":2,\"type\":\"email\"},\"3\":{\"name\":\"Comment or Message\",\"value\":\"hello,\\r\\n\\r\\nI need to get new graphics for a 2025 YZ250F. We want to keep the same design we have for the YZ250\\/YZ125. I know the plastics are a bit different. I am not sure what is the best way to order it. I can\'t seem to pull up my previous orders.\\r\\nThank you\\r\\nErica\\r\\n609-709-0513\",\"id\":3,\"type\":\"textarea\"}}','','2025-09-30 13:52:49','2025-09-30 13:52:49','71.58.60.245','Mozilla/5.0 (Windows NT 10.0; Win64; x64) AppleWebKit/537.36 (KHTML, like Gecko) Chrome/140.0.0.0 Safari/537.36 Edg/140.0.0.0','2aac281b-f676-47be-9c52-e89f5dfa7b4a'),(89,2516,0,0,'','',0,0,'{\"1\":{\"name\":\"Name\",\"value\":\"Mikel arango\",\"id\":1,\"type\":\"name\",\"first\":\"\",\"middle\":\"\",\"last\":\"\"},\"2\":{\"name\":\"Email\",\"value\":\"motokez@gmail.com\",\"id\":2,\"type\":\"email\"},\"3\":{\"name\":\"Phone\",\"value\":\"(401) 441-2431\",\"id\":3,\"type\":\"phone\"},\"4\":{\"name\":\"Specific job completion date\",\"value\":\"12\\/31\\/2025\",\"id\":4,\"type\":\"date-time\",\"date\":\"12\\/31\\/2025\",\"time\":\"\",\"unix\":1767139200},\"5\":{\"name\":\"Project type\",\"value\":\"Car\\/Truck\",\"value_raw\":\"Car\\/Truck\",\"id\":5,\"type\":\"checkbox\"},\"9\":{\"name\":\"Vehicle year\\/make\\/model\",\"value\":\"\",\"id\":9,\"type\":\"text\",\"visible\":false},\"6\":{\"name\":\"Which wrap service are you interested in?\",\"value\":\"Partial printed wrap\",\"value_raw\":\"Partial printed wrap\",\"id\":6,\"type\":\"checkbox\"},\"7\":{\"name\":\"Please describe your project\",\"value\":\"Wanted side decals for a 2024 Wrx. Looking to make it look like a tuner car with nice design decal on the side and I\\u2019ll add more everywhere else.\",\"id\":7,\"type\":\"textarea\"},\"8\":{\"name\":\"Please upload photos of your vehicle\",\"value\":\"\",\"value_raw\":\"\",\"id\":8,\"type\":\"file-upload\",\"style\":\"modern\"}}','','2025-09-30 17:14:44','2025-09-30 17:14:44','71.10.221.18','Mozilla/5.0 (iPhone; CPU iPhone OS 26_0_0 like Mac OS X) AppleWebKit/605.1.15 (KHTML, like Gecko) CriOS/140.0.7339.122 Mobile/15E148 Safari/604.1','adfeb81f-a615-49d1-89fe-eb474859cb09'),(90,1943,0,0,'','',0,0,'{\"1\":{\"name\":\"Name\",\"value\":\"Christina Cournoyer\",\"id\":1,\"type\":\"name\",\"first\":\"Christina\",\"middle\":\"\",\"last\":\"Cournoyer\"},\"2\":{\"name\":\"Email\",\"value\":\"ccournoyer2119@gmail.com\",\"id\":2,\"type\":\"email\"},\"3\":{\"name\":\"Comment or Message\",\"value\":\"Hello!\\r\\nI have a business office located on Route 171 in Woodstock. Do you provide installation of window decals? I already purchased my window decal logo and need someone to install it for me. \\r\\n\\r\\nThank you!\",\"id\":3,\"type\":\"textarea\"}}','','2025-09-30 18:47:40','2025-09-30 18:47:40','32.223.117.154','Mozilla/5.0 (Windows NT 10.0; Win64; x64) AppleWebKit/537.36 (KHTML, like Gecko) Chrome/140.0.0.0 Safari/537.36','0eb99b2c-95d3-4240-8445-8ab3607fcaec'),(91,1943,0,0,'spam','',0,0,'{\"1\":{\"name\":\"Name\",\"value\":\"LeeSmumpEY LeeSmumpEY\",\"id\":1,\"type\":\"name\",\"first\":\"LeeSmumpEY\",\"middle\":\"\",\"last\":\"LeeSmumpEY\"},\"2\":{\"name\":\"Email\",\"value\":\"dinanikolskaya99@gmail.com\",\"id\":2,\"type\":\"email\"},\"3\":{\"name\":\"Comment or Message\",\"value\":\"Zdravo, htio sam znati va\\u0161u cijenu.\",\"id\":3,\"type\":\"textarea\"}}','','2025-10-01 13:17:54','2025-10-01 13:17:54','185.39.19.48','Mozilla/5.0 (Windows NT 10.0; Win64; x64) AppleWebKit/537.36 (KHTML, like Gecko) Chrome/130.0.0.0 Safari/537.36 CCleaner/130.0.0.0',''),(92,1943,0,0,'spam','',0,0,'{\"1\":{\"name\":\"Name\",\"value\":\"SimonSmumpLR SimonSmumpLR\",\"id\":1,\"type\":\"name\",\"first\":\"SimonSmumpLR\",\"middle\":\"\",\"last\":\"SimonSmumpLR\"},\"2\":{\"name\":\"Email\",\"value\":\"dinanikolskaya99@gmail.com\",\"id\":2,\"type\":\"email\"},\"3\":{\"name\":\"Comment or Message\",\"value\":\"Sveiki, a\\u0161 nor\\u0117jau su\\u017einoti j\\u016bs\\u0173 kain\\u0105.\",\"id\":3,\"type\":\"textarea\"}}','','2025-10-02 02:01:31','2025-10-02 02:01:31','185.39.19.43','Mozilla/5.0 (Windows NT 10.0; Win64; x64) AppleWebKit/537.36 (KHTML, like Gecko) Chrome/129.0.0.0 Safari/537.36',''),(93,1943,0,0,'spam','',0,0,'{\"1\":{\"name\":\"Name\",\"value\":\"SimonSmumpLR SimonSmumpLR\",\"id\":1,\"type\":\"name\",\"first\":\"SimonSmumpLR\",\"middle\":\"\",\"last\":\"SimonSmumpLR\"},\"2\":{\"name\":\"Email\",\"value\":\"dinanikolskaya99@gmail.com\",\"id\":2,\"type\":\"email\"},\"3\":{\"name\":\"Comment or Message\",\"value\":\"Hi, I wanted to know your price.\",\"id\":3,\"type\":\"textarea\"}}','','2025-10-02 02:04:32','2025-10-02 02:04:32','185.39.19.43','Mozilla/5.0 (Windows NT 10.0; Win64; x64) AppleWebKit/537.36 (KHTML, like Gecko) Chrome/130.0.0.0 Safari/537.36 CCleaner/130.0.0.0',''),(94,1943,0,0,'spam','',0,0,'{\"1\":{\"name\":\"Name\",\"value\":\"RaymondadomyMW RaymondadomyMW\",\"id\":1,\"type\":\"name\",\"first\":\"RaymondadomyMW\",\"middle\":\"\",\"last\":\"RaymondadomyMW\"},\"2\":{\"name\":\"Email\",\"value\":\"no.reply.swenmoreau@gmail.com\",\"id\":2,\"type\":\"email\"},\"3\":{\"name\":\"Comment or Message\",\"value\":\"Howdy-doody! aggressivegraphix.com \\r\\n \\r\\nDid you know that it is possible to send business offers completely authorizedly? \\r\\nWhen such messages are sent, no personal data is used, and messages are sent to forms specifically designed to receive messages and appeals securely. Contact Form messages are usually not sent to spam because they are regarded as important. \\r\\nYou can now test out our service without having to pay. \\r\\nWe are able to transmit up to 50,000 messages to you. \\r\\n \\r\\nThe cost of sending one million messages is $59. \\r\\n \\r\\nThis message was automatically generated. \\r\\n \\r\\nContact us. \\r\\nTelegram - https:\\/\\/t.me\\/FeedbackFormEU \\r\\nWhatsApp - +375259112693 \\r\\nWhatsApp  https:\\/\\/wa.me\\/+375259112693 \\r\\nWe only use chat for communication.\",\"id\":3,\"type\":\"textarea\"}}','','2025-10-02 08:37:34','2025-10-02 08:37:34','149.34.242.246','Mozilla/5.0 (Windows NT 10.0; Win64; x64) AppleWebKit/537.36 (KHTML, like Gecko) Chrome/131.0.0.0 Safari/537.36 Avast/131.0.0.0',''),(95,1943,0,0,'spam','',0,0,'{\"1\":{\"name\":\"Name\",\"value\":\"LeeSmumpEY LeeSmumpEY\",\"id\":1,\"type\":\"name\",\"first\":\"LeeSmumpEY\",\"middle\":\"\",\"last\":\"LeeSmumpEY\"},\"2\":{\"name\":\"Email\",\"value\":\"dinanikolskaya99@gmail.com\",\"id\":2,\"type\":\"email\"},\"3\":{\"name\":\"Comment or Message\",\"value\":\"Sawubona, bengifuna ukwazi intengo yakho.\",\"id\":3,\"type\":\"textarea\"}}','','2025-10-02 19:04:48','2025-10-02 19:04:48','185.39.19.49','Mozilla/5.0 (Windows NT 10.0; Win64; x64) AppleWebKit/537.36 (KHTML, like Gecko) Chrome/130.0.0.0 Safari/537.36','');

--
-- Table structure for table `nbn_wpforms_entry_fields`
--

CREATE TABLE `nbn_wpforms_entry_fields` (
  `id` bigint(20) NOT NULL AUTO_INCREMENT,
  `entry_id` bigint(20) NOT NULL,
  `form_id` bigint(20) NOT NULL,
  `field_id` varchar(16) COLLATE utf8mb4_unicode_520_ci NOT NULL,
  `value` longtext COLLATE utf8mb4_unicode_520_ci NOT NULL,
  `date` datetime NOT NULL,
  PRIMARY KEY (`id`),
  KEY `entry_id` (`entry_id`),
  KEY `form_id` (`form_id`),
  KEY `field_id` (`field_id`)
) ENGINE=InnoDB AUTO_INCREMENT=348 DEFAULT CHARSET=utf8mb4 COLLATE=utf8mb4_unicode_520_ci;

--
-- Dumping data for table `nbn_wpforms_entry_fields`
--

INSERT INTO `nbn_wpforms_entry_fields` VALUES (1,1,1943,'1','GeorgeSmumpGG GeorgeSmumpGG','2025-06-15 11:23:57'),(2,1,1943,'2','yawiviseya67@gmail.com','2025-06-15 11:23:57'),(3,1,1943,'3','Aloha, makemake wau eʻike i kāu kumukūʻai.','2025-06-15 11:23:57'),(7,3,1943,'1','test test','2025-06-15 21:25:57'),(8,3,1943,'2','tets@gmail.com','2025-06-15 21:25:57'),(9,3,1943,'3','test','2025-06-15 21:25:57'),(10,4,1943,'1','Ben Wojnarowicz','2025-06-18 14:27:28'),(11,4,1943,'2','ben@aggressivegraphix.com','2025-06-18 14:27:28'),(12,4,1943,'3','Test','2025-06-18 14:27:28'),(13,5,2516,'1','Ben Wojnarowicz','2025-06-18 14:27:51'),(14,5,2516,'2','ben@aggressivegraphix.com','2025-06-18 14:27:51'),(15,5,2516,'3','(774) 314-1673','2025-06-18 14:27:51'),(16,5,2516,'5','Car/Truck','2025-06-18 14:27:51'),(17,5,2516,'6','Chrome delete','2025-06-18 14:27:51'),(18,5,2516,'7','Test','2025-06-18 14:27:51'),(19,6,1943,'1','LeeSmumpEY LeeSmumpEY','2025-06-19 19:22:15'),(20,6,1943,'2','zekisuquc419@gmail.com','2025-06-19 19:22:15'),(21,6,1943,'3','Hola, volia saber el seu preu.','2025-06-19 19:22:15'),(22,7,2516,'1','Gabe','2025-06-20 12:51:09'),(23,7,2516,'2','gaberod94@yahoo.com','2025-06-20 12:51:09'),(24,7,2516,'3','(508) 579-8059','2025-06-20 12:51:09'),(25,7,2516,'4','06/30/2025','2025-06-20 12:51:09'),(26,7,2516,'5','Car/Truck','2025-06-20 12:51:09'),(27,7,2516,'6','Partial color change','2025-06-20 12:51:09'),(28,7,2516,'7','I want to wrap the top of my around the sun roof black. Wrap my window panels and my small spoiler and side mirrors in carbon fiber. And have a small strip of carbon fiber going through the middle of my door handles.','2025-06-20 12:51:09'),(29,7,2516,'8','https://aggressivegraphix.com/wp-content/uploads/wpforms/2516-a7b3d1bd5699197bdee7baced0d8e2c6/IMG_0300-34a7ad78fe76cff08f6f30c73940d6d9.webp','2025-06-20 12:51:09'),(45,13,2736,'2','Alex','2025-06-28 10:26:27'),(46,13,2736,'3','alex@apsinctx.com','2025-06-28 10:26:27'),(47,13,2736,'4','(619) 548-1980','2025-06-28 10:26:27'),(48,13,2736,'5','07/04/2025','2025-06-28 10:26:27'),(49,13,2736,'6','Full wrap','2025-06-28 10:26:27'),(50,13,2736,'7','Company name Drain Connection a service company in San Antonio Texas \r\n\r\nColor we want Navy blue,orange Some white \r\n\r\nInstead of gray, change the D to white\r\n\r\nInstead of red, change the C to orange','2025-06-28 10:26:27'),(51,13,2736,'8','https://aggressivegraphix.com/wp-content/uploads/wpforms/2736-071fb8427beb12a46ef671bac4dad6e0/vecteezy_initial-letter-dc-logo-design-template_5287455-0dafbf7d24124773ea9072117af73350.jpeg\nhttps://aggressivegraphix.com/wp-content/uploads/wpforms/2736-071fb8427beb12a46ef671bac4dad6e0/IMG_1091-cd85756fc27996dda38eac67e6b1b71e.jpeg','2025-06-28 10:26:27'),(64,18,1943,'1','Eric Berube','2025-07-02 14:57:23'),(65,18,1943,'2','eberube5@gmail.com','2025-07-02 14:57:23'),(66,18,1943,'3','Hello,\r\n\r\nSaw that VW bug you guys wrapped at a local car show. Looked awesome.\r\nI have a 1995 Ford F150 I\'m interested in getting wrapped.\r\nThe paint is tired, and I\'d love to bring it back to life as we take very good care of it.\r\nThe truck is currently fire engine red, so I\'d be looking for something very similar.\r\nPlease provide a quote for a single cab \'95 F150.\r\nI\'m located up in Spencer.\r\n\r\nThank you,\r\nEric','2025-07-02 14:57:23'),(67,19,1943,'1','LeeSmumpEY LeeSmumpEY','2025-07-03 03:36:50'),(68,19,1943,'2','irinademenkova86@gmail.com','2025-07-03 03:36:50'),(69,19,1943,'3','Salam, qiymətinizi bilmək istədim.','2025-07-03 03:36:50'),(70,20,1943,'1','CharlieSmumpLS CharlieSmumpLS','2025-07-07 11:28:28'),(71,20,1943,'2','irinademenkova86@gmail.com','2025-07-07 11:28:28'),(72,20,1943,'3','Aloha, makemake wau eʻike i kāu kumukūʻai.','2025-07-07 11:28:28'),(73,21,1943,'1','LeeSmumpEY LeeSmumpEY','2025-07-08 08:37:02'),(74,21,1943,'2','dinanikolskaya99@gmail.com','2025-07-08 08:37:02'),(75,21,1943,'3','Hi, roeddwn i eisiau gwybod eich pris.','2025-07-08 08:37:02'),(76,22,1943,'1','GeorgeSmumpGG GeorgeSmumpGG','2025-07-10 11:23:56'),(77,22,1943,'2','irinademenkova86@gmail.com','2025-07-10 11:23:56'),(78,22,1943,'3','Hej, jeg ønskede at kende din pris.','2025-07-10 11:23:56'),(82,24,2736,'2','Justin Roszkiewicz','2025-07-12 00:53:52'),(83,24,2736,'3','jmrplumber@gmail.com','2025-07-12 00:53:52'),(84,24,2736,'4','(774) 402-4999','2025-07-12 00:53:52'),(85,24,2736,'6','Lettering','2025-07-12 00:53:52'),(86,24,2736,'7','2022 Isuzu 14’ box truck lettering for my owner/operater plumbing business \r\nNothing crazy I kind of like the old school lettering, no logo ect. I have a quick example I made but obviously j.r. Plumber would be bigger and phone number while other letters remain smaller in the middle \r\n\r\nTruck is white with black trim and wheels so do have black letters with gold shadow would be cool to do on sides and rear garage door.\r\n\r\nPossible tint front windows, nothing dark just to block the sun a little','2025-07-12 00:53:52'),(87,24,2736,'8','https://aggressivegraphix.com/wp-content/uploads/wpforms/2736-071fb8427beb12a46ef671bac4dad6e0/IMG_5414-f39e58abd309c71bdfa4e185bb7bd4f8.jpeg','2025-07-12 00:53:52'),(88,25,2736,'2','Justin Roszkiewicz','2025-07-12 00:56:01'),(89,25,2736,'3','jmrplumber@gmail.com','2025-07-12 00:56:01'),(90,25,2736,'4','(774) 402-4999','2025-07-12 00:56:01'),(91,25,2736,'6','Lettering','2025-07-12 00:56:01'),(92,25,2736,'7','Forgot to add truck pictures from previous message','2025-07-12 00:56:01'),(93,25,2736,'8','https://aggressivegraphix.com/wp-content/uploads/wpforms/2736-071fb8427beb12a46ef671bac4dad6e0/IMG_3420-a879a89683ae1e469b895a2ff2771ab7.jpeg\nhttps://aggressivegraphix.com/wp-content/uploads/wpforms/2736-071fb8427beb12a46ef671bac4dad6e0/IMG_3429-c2a2098d81ff909c9b50cfd3e1ac057a.jpeg','2025-07-12 00:56:01'),(94,26,1943,'1','LeeSmumpEY LeeSmumpEY','2025-07-13 17:29:14'),(95,26,1943,'2','dinanikolskaya99@gmail.com','2025-07-13 17:29:14'),(96,26,1943,'3','Ola, quería saber o seu prezo.','2025-07-13 17:29:14'),(97,27,1943,'1','SimonSmumpLR SimonSmumpLR','2025-07-15 10:01:09'),(98,27,1943,'2','irinademenkova86@gmail.com','2025-07-15 10:01:09'),(99,27,1943,'3','Zdravo, htio sam znati vašu cijenu.','2025-07-15 10:01:09'),(100,28,1943,'1','Shane Stanley','2025-07-16 17:02:48'),(101,28,1943,'2','lilmotoxguy199@yahoo.com','2025-07-16 17:02:48'),(102,28,1943,'3','I’m trying to have number plates made to match what I have on the bike already just change the number and name on front plate.  How much you think it would be and lead time? If you want to text me (774-238-0689) I can send you some pictures of what I’m trying to match.. something close.','2025-07-16 17:02:48'),(103,29,1943,'1','LeeSmumpEY LeeSmumpEY','2025-07-23 08:57:03'),(104,29,1943,'2','dinanikolskaya99@gmail.com','2025-07-23 08:57:03'),(105,29,1943,'3','Xin chào, tôi muốn biết giá của bạn.','2025-07-23 08:57:03'),(106,30,2736,'2','Joshua Kelly','2025-07-23 10:42:21'),(107,30,2736,'3','aah1776@yahoo.com','2025-07-23 10:42:21'),(108,30,2736,'4','(774) 230-7243','2025-07-23 10:42:21'),(109,30,2736,'6','Lettering\nPartial/half wrap','2025-07-23 10:42:21'),(110,30,2736,'7','I just purchased a 17 f350 supercab with a utility body and would like to possibly get some lettering done or whatever is recommended.  The logo below is what\'s on my shirts, but doesn\'t necessarily need to be whats on the vehicle. The card has the services that I do that I may want listed also.','2025-07-23 10:42:21'),(111,30,2736,'8','https://aggressivegraphix.com/wp-content/uploads/wpforms/2736-071fb8427beb12a46ef671bac4dad6e0/preview_da6eea70-ea27-411a-8926-be68a2d1cea8_1_thumb-5c11d3bb3dbcff1727b83f57460d84ab.png\nhttps://aggressivegraphix.com/wp-content/uploads/wpforms/2736-071fb8427beb12a46ef671bac4dad6e0/20250723_064040-c3bc400010c7000cd9cedf5d0c8520b8.jpg','2025-07-23 10:42:21'),(121,34,1943,'1','LeeSmumpEY LeeSmumpEY','2025-07-28 02:09:12'),(122,34,1943,'2','irinademenkova86@gmail.com','2025-07-28 02:09:12'),(123,34,1943,'3','Ողջույն, ես ուզում էի իմանալ ձեր գինը.','2025-07-28 02:09:12'),(127,36,1943,'1','LeeSmumpEY LeeSmumpEY','2025-08-03 09:30:59'),(128,36,1943,'2','zekisuquc419@gmail.com','2025-08-03 09:30:59'),(129,36,1943,'3','Aloha, makemake wau eʻike i kāu kumukūʻai.','2025-08-03 09:30:59'),(133,38,1943,'1','LeeSmumpEY LeeSmumpEY','2025-08-04 15:51:29'),(134,38,1943,'2','dinanikolskaya99@gmail.com','2025-08-04 15:51:29'),(135,38,1943,'3','হাই, আমি আপনার মূল্য জানতে চেয়েছিলাম.','2025-08-04 15:51:29'),(136,39,1943,'1','SimonSmumpLR SimonSmumpLR','2025-08-05 15:01:41'),(137,39,1943,'2','irinademenkova86@gmail.com','2025-08-05 15:01:41'),(138,39,1943,'3','Sveiki, aš norėjau sužinoti jūsų kainą.','2025-08-05 15:01:41'),(139,40,2516,'1','Ben Wojnarowicz','2025-08-07 20:17:10'),(140,40,2516,'2','wojnarowicz967@gmail.com','2025-08-07 20:17:10'),(141,40,2516,'3','(508) 641-2513','2025-08-07 20:17:10'),(142,40,2516,'4','08/09/2025','2025-08-07 20:17:10'),(143,40,2516,'5','Car/Truck','2025-08-07 20:17:10'),(144,40,2516,'6','Chrome delete\nPartial printed wrap','2025-08-07 20:17:10'),(145,40,2516,'7','Test','2025-08-07 20:17:10'),(146,41,1943,'1','LeeSmumpEY LeeSmumpEY','2025-08-09 00:48:25'),(147,41,1943,'2','dinanikolskaya99@gmail.com','2025-08-09 00:48:25'),(148,41,1943,'3','Hola, volia saber el seu preu.','2025-08-09 00:48:25'),(149,42,2516,'1','Kylie maryyanek','2025-08-10 22:11:53'),(150,42,2516,'2','kmaryyanek7@gmail.com','2025-08-10 22:11:53'),(151,42,2516,'3','(774) 329-5947','2025-08-10 22:11:53'),(152,42,2516,'4','09/01/2025','2025-08-10 22:11:53'),(153,42,2516,'5','Car/Truck','2025-08-10 22:11:53'),(154,42,2516,'6','Full color change\nFull printed wrap','2025-08-10 22:11:53'),(155,42,2516,'7','Possibly buying a 4 runner in the next week, only problem don’t like red so was thinking about a wolf grey color and wanting to know the pricing for it thank you so much. lol btw I’m Ashley’s Maryyanek sister!!','2025-08-10 22:11:53'),(156,42,2516,'8','https://aggressivegraphix.com/wp-content/uploads/wpforms/2516-a7b3d1bd5699197bdee7baced0d8e2c6/IMG_4082-64a744de0f56f69466680ed66f6853e1.png','2025-08-10 22:11:53'),(163,45,2736,'2','Chelsea Bentley','2025-08-12 16:32:11'),(164,45,2736,'3','sales@rainbowfurniture.net','2025-08-12 16:32:11'),(165,45,2736,'4','(508) 752-9143','2025-08-12 16:32:11'),(166,45,2736,'6','Lettering','2025-08-12 16:32:11'),(167,45,2736,'7','Hi Ben,\r\nMy father, Bob, met you recently and got your business card to reach out in regards to lettering. I am looking for a quote on lettering on a new truck we recently added to our company\'s fleet. I\'ve attached pictures of our current truck and am hoping to do something similar on the new one. Our address has changed to 240 Barber Ave. Worcester, MA 01606 but all other information would remain the same. I am open to different placement ideas but would like to keep the logo as is. Our new truck is the same size (16\') as the old one but is a Ford E350 box truck. \r\nAdditionally, I\'m looking for a quote to change the lettering of the address on our old truck. \r\nPlease let me know if you need more information to create the quote. If you have any questions, I can be reached via email or office phone 508-752-9143.\r\nI look forward to hearing from you.\r\n\r\nThank you!\r\nChelsea Bentley','2025-08-12 16:32:11'),(168,45,2736,'8','https://aggressivegraphix.com/wp-content/uploads/wpforms/2736-071fb8427beb12a46ef671bac4dad6e0/20200927_-5c5339bc44abd27018f272319b816d20.jpg\nhttps://aggressivegraphix.com/wp-content/uploads/wpforms/2736-071fb8427beb12a46ef671bac4dad6e0/C37F82CB--d2a48a61332f06dd01b361e5c03784fe.jpg\nhttps://aggressivegraphix.com/wp-content/uploads/wpforms/2736-071fb8427beb12a46ef671bac4dad6e0/20200927_-2-1797a88ff2089cba08d8201d948686a5.jpg\nhttps://aggressivegraphix.com/wp-content/uploads/wpforms/2736-071fb8427beb12a46ef671bac4dad6e0/20200927_-1-ae770f0b3e029e0cbd119e6b482d08aa.jpg','2025-08-12 16:32:11'),(175,48,1943,'1','SimonSmumpLR SimonSmumpLR','2025-08-17 15:29:59'),(176,48,1943,'2','irinademenkova86@gmail.com','2025-08-17 15:29:59'),(177,48,1943,'3','Kaixo, zure prezioa jakin nahi nuen.','2025-08-17 15:29:59'),(178,49,1943,'1','Jarrad Lane','2025-08-18 23:31:18'),(179,49,1943,'2','matrixjr2002002@yahoo.com','2025-08-18 23:31:18'),(180,49,1943,'3','2017 ford transit cargo 3 door lwb high roof down extended cargo','2025-08-18 23:31:18'),(181,50,2736,'2','Miles','2025-08-19 21:24:41'),(182,50,2736,'3','malcolmnjogu1@gmail.com','2025-08-19 21:24:41'),(183,50,2736,'4','(817) 703-9444','2025-08-19 21:24:41'),(184,50,2736,'5','09/22/2025','2025-08-19 21:24:41'),(185,50,2736,'6','Full wrap','2025-08-19 21:24:41'),(186,50,2736,'7','Just want to get my motorcycle wrapped, just getting the plastics wrapped as well as some mental parts.','2025-08-19 21:24:41'),(187,50,2736,'8','https://aggressivegraphix.com/wp-content/uploads/wpforms/2736-071fb8427beb12a46ef671bac4dad6e0/IMG_7635-309631beb7aed49b824e964a793e3d21.jpeg','2025-08-19 21:24:41'),(188,51,2516,'1','Nick Berthiaume','2025-08-19 22:53:50'),(189,51,2516,'2','nickbert7072@gmail.com','2025-08-19 22:53:50'),(190,51,2516,'3','(508) 736-1997','2025-08-19 22:53:50'),(191,51,2516,'5','Car/Truck','2025-08-19 22:53:50'),(192,51,2516,'6','Partial color change','2025-08-19 22:53:50'),(193,51,2516,'7','I have an 84 c10 with a cowl hood that I’m looking to get wrapped. I’m thinking just a gloss black and hopefully to get a quote and maybe a timeframe. Thank you','2025-08-19 22:53:50'),(194,51,2516,'8','https://aggressivegraphix.com/wp-content/uploads/wpforms/2516-a7b3d1bd5699197bdee7baced0d8e2c6/IMG_1877-f454f399bdc05cead0e410c88057267c.jpeg\nhttps://aggressivegraphix.com/wp-content/uploads/wpforms/2516-a7b3d1bd5699197bdee7baced0d8e2c6/IMG_1883-80b8081518b2d74dd1c25a6986cbb064.jpeg','2025-08-19 22:53:50'),(195,52,1943,'1','LeeSmumpEY LeeSmumpEY','2025-08-21 21:22:42'),(196,52,1943,'2','zekisuquc419@gmail.com','2025-08-21 21:22:42'),(197,52,1943,'3','Sveiki, es gribēju zināt savu cenu.','2025-08-21 21:22:42'),(198,53,1943,'1','Victoria Berry','2025-08-22 12:33:20'),(199,53,1943,'2','victoria@summitsanitizepros.com','2025-08-22 12:33:20'),(200,53,1943,'3','Hi,\r\n\r\nIf you are looking for a reliable cleaning company with an extremely low attrition rate, we should talk. Partnering with us isn’t just about making your business look fresh and clean, but making a proactive investment in the safety and health of your customers and staff.\r\n\r\nMay we give you a facility evaluation and updated cleaning quote?\r\n\r\nHave a great day!\r\n\r\nVictoria Berry\r\nBusiness Development Manager\r\nSummitSanitize Pros\r\nvictoria@summitsanitizepros.com\r\n\r\nRespond with stop to optout.','2025-08-22 12:33:20'),(207,56,1943,'1','Craig Nunes','2025-08-25 15:12:09'),(208,56,1943,'2','cnunes@pipeandplumber.com','2025-08-25 15:12:09'),(209,56,1943,'3','Inquiring about wrapping (2) Vehicles; one Mercedes Sprinter Van and one Chevy Silverado 1500.','2025-08-25 15:12:09'),(216,59,1943,'1','Mike Hebert','2025-08-28 14:05:38'),(217,59,1943,'2','mhebert68@charter.net','2025-08-28 14:05:38'),(218,59,1943,'3','Hi, looking to get a quote on a graphic for the back of my camper. Please text me. 508 713 7763. Thanks Mike.','2025-08-28 14:05:38'),(219,60,1943,'1','LeeSmumpEY LeeSmumpEY','2025-08-29 13:36:41'),(220,60,1943,'2','dinanikolskaya99@gmail.com','2025-08-29 13:36:41'),(221,60,1943,'3','Hæ, ég vildi vita verð þitt.','2025-08-29 13:36:41'),(222,61,1943,'1','Zachary Hernandez','2025-08-30 05:57:00'),(223,61,1943,'2','z.hernandez@trustedsupportteam.com','2025-08-30 05:57:00'),(224,61,1943,'3','Hi there,\r\n\r\nI tried emailing you, but it bounced for some reason... so I’m reaching out here instead.\r\n\r\nI’m Zachary with Trusted Support Team. We provide Virtual Assistants to help with Prospecting, Administration, CRM Management & Drip Campaigns, Graphic Design, and Bookkeeping. We also offer advanced AI-driven prospecting & appointment setting to help you fill your calendar with high-quality meetings.\r\n\r\nWould you be open to exploring how we can support you?','2025-08-30 05:57:00'),(225,62,1943,'1','LeeSmumpEY LeeSmumpEY','2025-08-30 19:26:26'),(226,62,1943,'2','irinademenkova86@gmail.com','2025-08-30 19:26:26'),(227,62,1943,'3','Hola, quería saber tu precio..','2025-08-30 19:26:26'),(237,66,1943,'1','LeeSmumpEY LeeSmumpEY','2025-09-06 04:29:51'),(238,66,1943,'2','zekisuquc419@gmail.com','2025-09-06 04:29:51'),(239,66,1943,'3','Hola, volia saber el seu preu.','2025-09-06 04:29:51'),(243,68,2736,'2','Eddie Hevy','2025-09-07 15:18:11'),(244,68,2736,'3','ehevy@hevyelectric.com','2025-09-07 15:18:11'),(245,68,2736,'4','(774) 402-4149','2025-09-07 15:18:11'),(246,68,2736,'6','Lettering\nPartial/half wrap\nFull wrap','2025-09-07 15:18:11'),(247,68,2736,'7','Good Morning.\r\n\r\nI saw your company recommend on a local Facebook group, and I like some of your work that I saw. I own Hevy Electric, for about 3 years now I have been using un-lettered vehicles. It is time that I finally get it lettered. \r\n\r\nMy current set up is a regular cab Ram 2500 and a 14’ enclosed trailer. Both are white in color. I don’t think I am interested in a full wrap. For the truck I was thinking more basic lettering, both doors, tailgate, and possible back glass. \r\n\r\nFor the trailer I want it to match & flow with the truck, but much larger. Both sides and probably the back ramp. I am open to suggestions and am flexible. I have a basic design for my buisness cards, but no set company colors. I am okay with making changes if needed or suggested. \r\n\r\nI am looking to have something designed and installed. Let me know if you are interested and if you would like to meet to go over what I’m looking for or prefer to do it over email. If not, if you could recommend a designer that would be great. \r\n\r\nAlso, I would like the front windshield to be tinted to match both doors. It was done previously when I purchased the truck, but the windshield had to be replaced. \r\n\r\nThank you!','2025-09-07 15:18:11'),(248,68,2736,'8','https://aggressivegraphix.com/wp-content/uploads/wpforms/2736-071fb8427beb12a46ef671bac4dad6e0/IMG_4523-69f5213a158fc2e0d992df180aeeb92f.jpeg\nhttps://aggressivegraphix.com/wp-content/uploads/wpforms/2736-071fb8427beb12a46ef671bac4dad6e0/IMG_8270-a1531215e05d5049a1e3e924993dc372.jpeg\nhttps://aggressivegraphix.com/wp-content/uploads/wpforms/2736-071fb8427beb12a46ef671bac4dad6e0/IMG_7565-57b12e8060e1cd998d4c54899372a4a4.jpeg\nhttps://aggressivegraphix.com/wp-content/uploads/wpforms/2736-071fb8427beb12a46ef671bac4dad6e0/IMG_4364-edbed98b156af0fba62fe4c66330b602.jpeg','2025-09-07 15:18:11'),(252,70,1943,'1','LeeSmumpEY LeeSmumpEY','2025-09-08 07:57:07'),(253,70,1943,'2','zekisuquc419@gmail.com','2025-09-08 07:57:07'),(254,70,1943,'3','Hi, I wanted to know your price.','2025-09-08 07:57:07'),(261,73,1943,'1','LeeSmumpEY LeeSmumpEY','2025-09-11 23:05:56'),(262,73,1943,'2','dinanikolskaya99@gmail.com','2025-09-11 23:05:56'),(263,73,1943,'3','Hæ, ég vildi vita verð þitt.','2025-09-11 23:05:56'),(264,74,1943,'1','LeeSmumpEY LeeSmumpEY','2025-09-15 10:05:54'),(265,74,1943,'2','dinanikolskaya99@gmail.com','2025-09-15 10:05:54'),(266,74,1943,'3','Hai, saya ingin tahu harga Anda.','2025-09-15 10:05:54'),(267,75,2516,'1','Michael Pare','2025-09-18 02:26:42'),(268,75,2516,'2','mcpare50@gmail.com','2025-09-18 02:26:42'),(269,75,2516,'3','(401) 300-6694','2025-09-18 02:26:42'),(270,75,2516,'4','04/30/2026','2025-09-18 02:26:42'),(271,75,2516,'5','Motorcycle','2025-09-18 02:26:42'),(272,75,2516,'6','Stripe kit','2025-09-18 02:26:42'),(273,75,2516,'7','I\'m looking to get some custom decals on a plastic gas thank, and I\'m reading a lot bubbling and adhesion issues due to the fuel vapors coming through the plastic. If this is something you think you can solve, I\'ve love to dicuss it further. Thanks!','2025-09-18 02:26:42'),(274,76,2677,'1','Joe Forde','2025-09-18 15:59:47'),(275,76,2677,'2','(508) 808-8283','2025-09-18 15:59:47'),(276,76,2677,'3','joeforde@ymail.com','2025-09-18 15:59:47'),(277,76,2677,'4','1FT7W2B64NEE73615','2025-09-18 15:59:47'),(278,76,2677,'17','Front doors','2025-09-18 15:59:47'),(279,76,2677,'9','35%','2025-09-18 15:59:47'),(280,77,2516,'1','Mike Bisbee','2025-09-22 20:16:29'),(281,77,2516,'2','bisbee_michael@yahoo.com','2025-09-22 20:16:29'),(282,77,2516,'3','(774) 275-7988','2025-09-22 20:16:29'),(283,77,2516,'4','12/31/2025','2025-09-22 20:16:29'),(284,77,2516,'5','Car/Truck','2025-09-22 20:16:29'),(285,77,2516,'6','Full color change','2025-09-22 20:16:29'),(286,77,2516,'7','I have a white 2009 Jeep Liberty and I would like to wrap it in black. Maybe a gray. Can I get an estimate? Thanks','2025-09-22 20:16:29'),(287,78,1943,'1','LeeSmumpEY LeeSmumpEY','2025-09-24 08:42:59'),(288,78,1943,'2','zekisuquc419@gmail.com','2025-09-24 08:42:59'),(289,78,1943,'3','Прывітанне, я хацеў даведацца Ваш прайс.','2025-09-24 08:42:59'),(290,79,1943,'1','LeeSmumpEY LeeSmumpEY','2025-09-24 11:05:44'),(291,79,1943,'2','zekisuquc419@gmail.com','2025-09-24 11:05:44'),(292,79,1943,'3','Sveiki, aš norėjau sužinoti jūsų kainą.','2025-09-24 11:05:44'),(293,80,1943,'1','LeeSmumpEY LeeSmumpEY','2025-09-24 13:29:30'),(294,80,1943,'2','irinademenkova86@gmail.com','2025-09-24 13:29:30'),(295,80,1943,'3','Hæ, ég vildi vita verð þitt.','2025-09-24 13:29:30'),(296,81,1943,'1','Sue McCarron','2025-09-25 01:53:00'),(297,81,1943,'2','sue.mccarron1111@gmail.com','2025-09-25 01:53:00'),(298,81,1943,'3','Hello.  I have a customer that is looking to wrap his company trailers and possibly also get some lettering for his trucks. One trailer side is 16\' x 8\' and the other one is 24\' x 8\'.  I have the logo that I made for his apparel, and he is hoping to have you create something cool for his trailers.  Sue/Creations By Sue','2025-09-25 01:53:00'),(299,82,2736,'2','Sue McCarron','2025-09-25 02:03:47'),(300,82,2736,'3','sue.mccarron1111@gmail.com','2025-09-25 02:03:47'),(301,82,2736,'4','(978) 270-9981','2025-09-25 02:03:47'),(302,82,2736,'6','Full wrap','2025-09-25 02:03:47'),(303,82,2736,'7','My customer is looking to wrap two work trailers (16\' x8\') and (24\' x8\') He may also want lettering for his truck doors as well. I am attaching the graphic I made for his apparel and I know you can do something cool with it!!! Thanks!','2025-09-25 02:03:47'),(304,82,2736,'8','https://aggressivegraphix.com/wp-content/uploads/wpforms/2736-071fb8427beb12a46ef671bac4dad6e0/tmc-lawn-landscape-01-e54b294fa2067d8cd4c2df90f229fb78.png\nhttps://aggressivegraphix.com/wp-content/uploads/wpforms/2736-071fb8427beb12a46ef671bac4dad6e0/tmc-lawn-landscape-a38498764d5bff0472ca9ef3ff37da6a.pdf','2025-09-25 02:03:47'),(305,83,1943,'1','LeeSmumpEY LeeSmumpEY','2025-09-25 14:34:14'),(306,83,1943,'2','zekisuquc419@gmail.com','2025-09-25 14:34:14'),(307,83,1943,'3','Aloha, makemake wau eʻike i kāu kumukūʻai.','2025-09-25 14:34:14'),(308,84,1943,'1','GeorgeSmumpGG GeorgeSmumpGG','2025-09-25 20:14:26'),(309,84,1943,'2','irinademenkova86@gmail.com','2025-09-25 20:14:26'),(310,84,1943,'3','Salam, qiymətinizi bilmək istədim.','2025-09-25 20:14:26'),(311,85,1943,'1','Enrique castillo','2025-09-26 15:55:55'),(312,85,1943,'2','enriquecastillo0997@gmail.com','2025-09-26 15:55:55'),(313,85,1943,'3','Hello,\r\n\r\nMy name is Enrique Castillo, and I’d like to request a quote for the following flyer specifications:\r\n\r\n- Size: 8.5\" x 11\"\r\n- Quantity: 50,000\r\n- Printing: 1-sided, full-color with bleeds\r\n- Paper: 100 lb Gloss Text\r\n\r\nCould you please provide the total cost, including tax and pick up? Also, I’d appreciate it if you could let me know the estimated turnaround time for printing and delivery.\r\n\r\n\r\nBest regards,\r\nEnrique Castillo\r\n708-630-6767','2025-09-26 15:55:55'),(314,86,1943,'1','LeeSmumpEY LeeSmumpEY','2025-09-28 09:27:25'),(315,86,1943,'2','zekisuquc419@gmail.com','2025-09-28 09:27:25'),(316,86,1943,'3','Прывітанне, я хацеў даведацца Ваш прайс.','2025-09-28 09:27:25'),(317,87,1943,'1','LeeSmumpEY LeeSmumpEY','2025-09-29 11:55:30'),(318,87,1943,'2','dinanikolskaya99@gmail.com','2025-09-29 11:55:30'),(319,87,1943,'3','Hi, I wanted to know your price.','2025-09-29 11:55:30'),(320,88,1943,'1','Erica Schiattarella','2025-09-30 13:52:49'),(321,88,1943,'2','schiattfam@hotmail.com','2025-09-30 13:52:49'),(322,88,1943,'3','hello,\r\n\r\nI need to get new graphics for a 2025 YZ250F. We want to keep the same design we have for the YZ250/YZ125. I know the plastics are a bit different. I am not sure what is the best way to order it. I can\'t seem to pull up my previous orders.\r\nThank you\r\nErica\r\n609-709-0513','2025-09-30 13:52:49'),(323,89,2516,'1','Mikel arango','2025-09-30 17:14:44'),(324,89,2516,'2','motokez@gmail.com','2025-09-30 17:14:44'),(325,89,2516,'3','(401) 441-2431','2025-09-30 17:14:44'),(326,89,2516,'4','12/31/2025','2025-09-30 17:14:44'),(327,89,2516,'5','Car/Truck','2025-09-30 17:14:44'),(328,89,2516,'6','Partial printed wrap','2025-09-30 17:14:44'),(329,89,2516,'7','Wanted side decals for a 2024 Wrx. Looking to make it look like a tuner car with nice design decal on the side and I’ll add more everywhere else.','2025-09-30 17:14:44'),(330,90,1943,'1','Christina Cournoyer','2025-09-30 18:47:40'),(331,90,1943,'2','ccournoyer2119@gmail.com','2025-09-30 18:47:40'),(332,90,1943,'3','Hello!\r\nI have a business office located on Route 171 in Woodstock. Do you provide installation of window decals? I already purchased my window decal logo and need someone to install it for me. \r\n\r\nThank you!','2025-09-30 18:47:40'),(333,91,1943,'1','LeeSmumpEY LeeSmumpEY','2025-10-01 13:17:54'),(334,91,1943,'2','dinanikolskaya99@gmail.com','2025-10-01 13:17:54'),(335,91,1943,'3','Zdravo, htio sam znati vašu cijenu.','2025-10-01 13:17:54'),(336,92,1943,'1','SimonSmumpLR SimonSmumpLR','2025-10-02 02:01:31'),(337,92,1943,'2','dinanikolskaya99@gmail.com','2025-10-02 02:01:31'),(338,92,1943,'3','Sveiki, aš norėjau sužinoti jūsų kainą.','2025-10-02 02:01:31'),(339,93,1943,'1','SimonSmumpLR SimonSmumpLR','2025-10-02 02:04:32'),(340,93,1943,'2','dinanikolskaya99@gmail.com','2025-10-02 02:04:32'),(341,93,1943,'3','Hi, I wanted to know your price.','2025-10-02 02:04:32'),(342,94,1943,'1','RaymondadomyMW RaymondadomyMW','2025-10-02 08:37:34'),(343,94,1943,'2','no.reply.swenmoreau@gmail.com','2025-10-02 08:37:34'),(344,94,1943,'3','Howdy-doody! aggressivegraphix.com \r\n \r\nDid you know that it is possible to send business offers completely authorizedly? \r\nWhen such messages are sent, no personal data is used, and messages are sent to forms specifically designed to receive messages and appeals securely. Contact Form messages are usually not sent to spam because they are regarded as important. \r\nYou can now test out our service without having to pay. \r\nWe are able to transmit up to 50,000 messages to you. \r\n \r\nThe cost of sending one million messages is $59. \r\n \r\nThis message was automatically generated. \r\n \r\nContact us. \r\nTelegram - https://t.me/FeedbackFormEU \r\nWhatsApp - +375259112693 \r\nWhatsApp  https://wa.me/+375259112693 \r\nWe only use chat for communication.','2025-10-02 08:37:34'),(345,95,1943,'1','LeeSmumpEY LeeSmumpEY','2025-10-02 19:04:48'),(346,95,1943,'2','dinanikolskaya99@gmail.com','2025-10-02 19:04:48'),(347,95,1943,'3','Sawubona, bengifuna ukwazi intengo yakho.','2025-10-02 19:04:48');

--
-- Table structure for table `nbn_wpforms_entry_meta`
--

CREATE TABLE `nbn_wpforms_entry_meta` (
  `id` bigint(20) NOT NULL AUTO_INCREMENT,
  `entry_id` bigint(20) NOT NULL,
  `form_id` bigint(20) NOT NULL,
  `user_id` bigint(20) NOT NULL,
  `status` varchar(30) COLLATE utf8mb4_unicode_520_ci NOT NULL,
  `type` varchar(255) COLLATE utf8mb4_unicode_520_ci DEFAULT NULL,
  `data` longtext COLLATE utf8mb4_unicode_520_ci NOT NULL,
  `date` datetime NOT NULL,
  PRIMARY KEY (`id`),
  KEY `entry_id` (`entry_id`),
  KEY `form_id` (`form_id`),
  KEY `type` (`type`),
  KEY `data` (`data`(32))
) ENGINE=InnoDB AUTO_INCREMENT=556 DEFAULT CHARSET=utf8mb4 COLLATE=utf8mb4_unicode_520_ci;

--
-- Dumping data for table `nbn_wpforms_entry_meta`
--

INSERT INTO `nbn_wpforms_entry_meta` VALUES (1,1,1943,0,'','page_url','https://aggressivegraphix.com/contact-us/','2025-06-15 11:23:57'),(2,1,1943,0,'','page_title','Contact Us','2025-06-15 11:23:57'),(3,1,1943,0,'','page_id','31','2025-06-15 11:23:57'),(4,1,1943,0,'','url_referer','https://aggressivegraphix.com/contact-us/','2025-06-15 11:23:57'),(5,1,1943,0,'','user_id','0','2025-06-15 11:23:57'),(13,3,1943,0,'','page_url','https://aggressivegraphix.com/contact-us/','2025-06-15 21:25:57'),(14,3,1943,0,'','page_title','Contact Us','2025-06-15 21:25:57'),(15,3,1943,0,'','page_id','31','2025-06-15 21:25:57'),(16,3,1943,0,'','url_referer','https://aggressivegraphix.com/','2025-06-15 21:25:57'),(17,3,1943,0,'','user_id','0','2025-06-15 21:25:57'),(18,4,1943,1,'','page_url','https://aggressivegraphix.com/contact-us/','2025-06-18 14:27:28'),(19,4,1943,1,'','page_title','Contact Us','2025-06-18 14:27:29'),(20,4,1943,1,'','page_id','31','2025-06-18 14:27:29'),(21,4,1943,1,'','url_referer','https://aggressivegraphix.com/product/graphics-re-print/','2025-06-18 14:27:29'),(22,4,1943,1,'','user_id','1','2025-06-18 14:27:29'),(23,5,2516,1,'','page_url','https://aggressivegraphix.com/wraps-and-tint/color-change-wraps/','2025-06-18 14:27:51'),(24,5,2516,1,'','page_title','Style wraps','2025-06-18 14:27:51'),(25,5,2516,1,'','page_id','1212','2025-06-18 14:27:51'),(26,5,2516,1,'','url_referer','https://aggressivegraphix.com/contact-us/','2025-06-18 14:27:51'),(27,5,2516,1,'','user_id','1','2025-06-18 14:27:51'),(28,6,1943,0,'','page_url','https://aggressivegraphix.com/contact-us/','2025-06-19 19:22:15'),(29,6,1943,0,'','page_title','Contact Us','2025-06-19 19:22:15'),(30,6,1943,0,'','page_id','31','2025-06-19 19:22:15'),(31,6,1943,0,'','url_referer','https://aggressivegraphix.com/contact-us/','2025-06-19 19:22:15'),(32,6,1943,0,'','user_id','0','2025-06-19 19:22:15'),(33,7,2516,0,'','page_url','https://aggressivegraphix.com/wraps-and-tint/color-change-wraps/','2025-06-20 12:51:09'),(34,7,2516,0,'','page_title','Style wraps','2025-06-20 12:51:09'),(35,7,2516,0,'','page_id','1212','2025-06-20 12:51:09'),(36,7,2516,0,'','url_referer','','2025-06-20 12:51:09'),(37,7,2516,0,'','user_id','0','2025-06-20 12:51:09'),(73,13,2736,0,'','page_url','https://aggressivegraphix.com/wraps-and-tint/commercial-wraps-and-lettering/?utm_medium=paid&utm_source=ig&utm_id=6806406709278&utm_content=6806406725478&utm_term=6806406710078&utm_campaign=6806406709278&fbclid=PAZXh0bgNhZW0BMABhZGlkAAAGML3i7n4BpxEgkJDLKB3ub0ZFuOk61ZhD7NCGlLK9jJykVVQt8oqSRoyyPUHOerKACf9M_aem_B05_6uMlWwHNibl7knJDYg','2025-06-28 10:26:27'),(74,13,2736,0,'','page_title','Commercial wraps and lettering','2025-06-28 10:26:27'),(75,13,2736,0,'','page_id','1214','2025-06-28 10:26:27'),(76,13,2736,0,'','url_referer','','2025-06-28 10:26:27'),(77,13,2736,0,'','user_id','0','2025-06-28 10:26:27'),(106,18,1943,0,'','page_url','https://aggressivegraphix.com/contact-us/','2025-07-02 14:57:23'),(107,18,1943,0,'','page_title','Contact Us','2025-07-02 14:57:23'),(108,18,1943,0,'','page_id','31','2025-07-02 14:57:23'),(109,18,1943,0,'','url_referer','https://aggressivegraphix.com/','2025-07-02 14:57:23'),(110,18,1943,0,'','user_id','0','2025-07-02 14:57:23'),(111,19,1943,0,'','page_url','https://aggressivegraphix.com/contact-us/','2025-07-03 03:36:50'),(112,19,1943,0,'','page_title','Contact Us','2025-07-03 03:36:50'),(113,19,1943,0,'','page_id','31','2025-07-03 03:36:50'),(114,19,1943,0,'','url_referer','https://aggressivegraphix.com/contact-us/','2025-07-03 03:36:50'),(115,19,1943,0,'','user_id','0','2025-07-03 03:36:50'),(116,20,1943,0,'','page_url','https://aggressivegraphix.com/contact-us/','2025-07-07 11:28:28'),(117,20,1943,0,'','page_title','Contact Us','2025-07-07 11:28:28'),(118,20,1943,0,'','page_id','31','2025-07-07 11:28:28'),(119,20,1943,0,'','url_referer','https://aggressivegraphix.com/contact-us/','2025-07-07 11:28:28'),(120,20,1943,0,'','user_id','0','2025-07-07 11:28:28'),(121,21,1943,0,'','page_url','https://aggressivegraphix.com/contact-us/','2025-07-08 08:37:02'),(122,21,1943,0,'','page_title','Contact Us','2025-07-08 08:37:02'),(123,21,1943,0,'','page_id','31','2025-07-08 08:37:02'),(124,21,1943,0,'','url_referer','https://aggressivegraphix.com/contact-us/','2025-07-08 08:37:02'),(125,21,1943,0,'','user_id','0','2025-07-08 08:37:02'),(126,22,1943,0,'','page_url','https://aggressivegraphix.com/contact-us/','2025-07-10 11:23:56'),(127,22,1943,0,'','page_title','Contact Us','2025-07-10 11:23:56'),(128,22,1943,0,'','page_id','31','2025-07-10 11:23:56'),(129,22,1943,0,'','url_referer','https://aggressivegraphix.com/contact-us/','2025-07-10 11:23:56'),(130,22,1943,0,'','user_id','0','2025-07-10 11:23:56'),(138,24,2736,0,'','page_url','https://aggressivegraphix.com/wraps-and-tint/commercial-wraps-and-lettering/','2025-07-12 00:53:52'),(139,24,2736,0,'','page_title','Commercial wraps and lettering','2025-07-12 00:53:52'),(140,24,2736,0,'','page_id','1214','2025-07-12 00:53:52'),(141,24,2736,0,'','url_referer','https://aggressivegraphix.com/wraps-and-tint/','2025-07-12 00:53:52'),(142,24,2736,0,'','user_id','0','2025-07-12 00:53:52'),(143,25,2736,0,'','page_url','https://aggressivegraphix.com/wraps-and-tint/commercial-wraps-and-lettering/','2025-07-12 00:56:01'),(144,25,2736,0,'','page_title','Commercial wraps and lettering','2025-07-12 00:56:01'),(145,25,2736,0,'','page_id','1214','2025-07-12 00:56:01'),(146,25,2736,0,'','url_referer','https://aggressivegraphix.com/wraps-and-tint/','2025-07-12 00:56:01'),(147,25,2736,0,'','user_id','0','2025-07-12 00:56:01'),(148,26,1943,0,'','page_url','https://aggressivegraphix.com/contact-us/','2025-07-13 17:29:14'),(149,26,1943,0,'','page_title','Contact Us','2025-07-13 17:29:14'),(150,26,1943,0,'','page_id','31','2025-07-13 17:29:14'),(151,26,1943,0,'','url_referer','https://aggressivegraphix.com/contact-us/','2025-07-13 17:29:14'),(152,26,1943,0,'','user_id','0','2025-07-13 17:29:14'),(153,27,1943,0,'','page_url','https://aggressivegraphix.com/contact-us/','2025-07-15 10:01:09'),(154,27,1943,0,'','page_title','Contact Us','2025-07-15 10:01:09'),(155,27,1943,0,'','page_id','31','2025-07-15 10:01:09'),(156,27,1943,0,'','url_referer','https://aggressivegraphix.com/contact-us/','2025-07-15 10:01:09'),(157,27,1943,0,'','user_id','0','2025-07-15 10:01:09'),(158,28,1943,0,'','page_url','https://aggressivegraphix.com/contact-us/','2025-07-16 17:02:48'),(159,28,1943,0,'','page_title','Contact Us','2025-07-16 17:02:48'),(160,28,1943,0,'','page_id','31','2025-07-16 17:02:48'),(161,28,1943,0,'','url_referer','https://aggressivegraphix.com/product-category/rider-accessories/','2025-07-16 17:02:48'),(162,28,1943,0,'','user_id','0','2025-07-16 17:02:48'),(163,29,1943,0,'','page_url','https://aggressivegraphix.com/contact-us/','2025-07-23 08:57:03'),(164,29,1943,0,'','page_title','Contact Us','2025-07-23 08:57:03'),(165,29,1943,0,'','page_id','31','2025-07-23 08:57:03'),(166,29,1943,0,'','url_referer','https://aggressivegraphix.com/contact-us/','2025-07-23 08:57:03'),(167,29,1943,0,'','user_id','0','2025-07-23 08:57:03'),(168,30,2736,0,'','page_url','https://aggressivegraphix.com/wraps-and-tint/commercial-wraps-and-lettering/','2025-07-23 10:42:21'),(169,30,2736,0,'','page_title','Commercial wraps and lettering','2025-07-23 10:42:21'),(170,30,2736,0,'','page_id','1214','2025-07-23 10:42:21'),(171,30,2736,0,'','url_referer','https://aggressivegraphix.com/','2025-07-23 10:42:21'),(172,30,2736,0,'','user_id','0','2025-07-23 10:42:21'),(194,34,1943,0,'','page_url','https://aggressivegraphix.com/contact-us/','2025-07-28 02:09:12'),(195,34,1943,0,'','page_title','Contact Us','2025-07-28 02:09:12'),(196,34,1943,0,'','page_id','31','2025-07-28 02:09:12'),(197,34,1943,0,'','url_referer','https://aggressivegraphix.com/contact-us/','2025-07-28 02:09:12'),(198,34,1943,0,'','user_id','0','2025-07-28 02:09:12'),(206,36,1943,0,'','page_url','https://aggressivegraphix.com/contact-us/','2025-08-03 09:30:59'),(207,36,1943,0,'','page_title','Contact Us','2025-08-03 09:30:59'),(208,36,1943,0,'','page_id','31','2025-08-03 09:30:59'),(209,36,1943,0,'','url_referer','https://aggressivegraphix.com/contact-us/','2025-08-03 09:30:59'),(210,36,1943,0,'','user_id','0','2025-08-03 09:30:59'),(218,38,1943,0,'','page_url','https://aggressivegraphix.com/contact-us/','2025-08-04 15:51:29'),(219,38,1943,0,'','page_title','Contact Us','2025-08-04 15:51:29'),(220,38,1943,0,'','page_id','31','2025-08-04 15:51:29'),(221,38,1943,0,'','url_referer','https://aggressivegraphix.com/contact-us/','2025-08-04 15:51:29'),(222,38,1943,0,'','user_id','0','2025-08-04 15:51:29'),(223,39,1943,0,'','page_url','https://aggressivegraphix.com/contact-us/','2025-08-05 15:01:41'),(224,39,1943,0,'','page_title','Contact Us','2025-08-05 15:01:41'),(225,39,1943,0,'','page_id','31','2025-08-05 15:01:41'),(226,39,1943,0,'','url_referer','https://aggressivegraphix.com/contact-us/','2025-08-05 15:01:41'),(227,39,1943,0,'','user_id','0','2025-08-05 15:01:41'),(228,40,2516,1,'','page_url','https://aggressivegraphix.com/wraps-and-tint/color-change-wraps/','2025-08-07 20:17:10'),(229,40,2516,1,'','page_title','Style wraps','2025-08-07 20:17:10'),(230,40,2516,1,'','page_id','1212','2025-08-07 20:17:10'),(231,40,2516,1,'','url_referer','https://aggressivegraphix.com/','2025-08-07 20:17:10'),(232,40,2516,1,'','user_id','1','2025-08-07 20:17:10'),(233,41,1943,0,'','page_url','https://aggressivegraphix.com/contact-us/','2025-08-09 00:48:25'),(234,41,1943,0,'','page_title','Contact Us','2025-08-09 00:48:25'),(235,41,1943,0,'','page_id','31','2025-08-09 00:48:25'),(236,41,1943,0,'','url_referer','https://aggressivegraphix.com/contact-us/','2025-08-09 00:48:25'),(237,41,1943,0,'','user_id','0','2025-08-09 00:48:25'),(238,42,2516,0,'','page_url','https://aggressivegraphix.com/wraps-and-tint/color-change-wraps/','2025-08-10 22:11:53'),(239,42,2516,0,'','page_title','Style wraps','2025-08-10 22:11:53'),(240,42,2516,0,'','page_id','1212','2025-08-10 22:11:53'),(241,42,2516,0,'','url_referer','https://aggressivegraphix.com/','2025-08-10 22:11:53'),(242,42,2516,0,'','user_id','0','2025-08-10 22:11:53'),(257,45,2736,0,'','page_url','https://aggressivegraphix.com/wraps-and-tint/commercial-wraps-and-lettering/','2025-08-12 16:32:11'),(258,45,2736,0,'','page_title','Commercial wraps and lettering','2025-08-12 16:32:11'),(259,45,2736,0,'','page_id','1214','2025-08-12 16:32:11'),(260,45,2736,0,'','url_referer','https://aggressivegraphix.com/','2025-08-12 16:32:11'),(261,45,2736,0,'','user_id','0','2025-08-12 16:32:11'),(276,48,1943,0,'','page_url','https://aggressivegraphix.com/contact-us/','2025-08-17 15:29:59'),(277,48,1943,0,'','page_title','Contact Us','2025-08-17 15:29:59'),(278,48,1943,0,'','page_id','31','2025-08-17 15:29:59'),(279,48,1943,0,'','url_referer','https://aggressivegraphix.com/contact-us/','2025-08-17 15:29:59'),(280,48,1943,0,'','user_id','0','2025-08-17 15:29:59'),(281,49,1943,0,'','page_url','https://aggressivegraphix.com/contact-us/','2025-08-18 23:31:18'),(282,49,1943,0,'','page_title','Contact Us','2025-08-18 23:31:18'),(283,49,1943,0,'','page_id','31','2025-08-18 23:31:18'),(284,49,1943,0,'','url_referer','https://aggressivegraphix.com/','2025-08-18 23:31:18'),(285,49,1943,0,'','user_id','0','2025-08-18 23:31:18'),(286,50,2736,0,'','page_url','https://aggressivegraphix.com/wraps-and-tint/commercial-wraps-and-lettering/','2025-08-19 21:24:41'),(287,50,2736,0,'','page_title','Commercial wraps and lettering','2025-08-19 21:24:41'),(288,50,2736,0,'','page_id','1214','2025-08-19 21:24:41'),(289,50,2736,0,'','url_referer','https://aggressivegraphix.com/shop/','2025-08-19 21:24:41'),(290,50,2736,0,'','user_id','0','2025-08-19 21:24:41'),(291,51,2516,0,'','page_url','https://aggressivegraphix.com/wraps-and-tint/color-change-wraps/','2025-08-19 22:53:50'),(292,51,2516,0,'','page_title','Style wraps','2025-08-19 22:53:50'),(293,51,2516,0,'','page_id','1212','2025-08-19 22:53:50'),(294,51,2516,0,'','url_referer','https://aggressivegraphix.com/wraps-and-tint/','2025-08-19 22:53:50'),(295,51,2516,0,'','user_id','0','2025-08-19 22:53:50'),(296,52,1943,0,'','page_url','https://aggressivegraphix.com/contact-us/','2025-08-21 21:22:42'),(297,52,1943,0,'','page_title','Contact Us','2025-08-21 21:22:42'),(298,52,1943,0,'','page_id','31','2025-08-21 21:22:42'),(299,52,1943,0,'','url_referer','https://aggressivegraphix.com/contact-us/','2025-08-21 21:22:42'),(300,52,1943,0,'','user_id','0','2025-08-21 21:22:42'),(301,53,1943,0,'','page_url','https://aggressivegraphix.com/contact-us/','2025-08-22 12:33:20'),(302,53,1943,0,'','page_title','Contact Us','2025-08-22 12:33:20'),(303,53,1943,0,'','page_id','31','2025-08-22 12:33:20'),(304,53,1943,0,'','url_referer','https://aggressivegraphix.com/','2025-08-22 12:33:20'),(305,53,1943,0,'','user_id','0','2025-08-22 12:33:20'),(320,56,1943,0,'','page_url','https://aggressivegraphix.com/contact-us/','2025-08-25 15:12:09'),(321,56,1943,0,'','page_title','Contact Us','2025-08-25 15:12:09'),(322,56,1943,0,'','page_id','31','2025-08-25 15:12:09'),(323,56,1943,0,'','url_referer','https://aggressivegraphix.com/','2025-08-25 15:12:09'),(324,56,1943,0,'','user_id','0','2025-08-25 15:12:09'),(339,59,1943,0,'','page_url','https://aggressivegraphix.com/contact-us/','2025-08-28 14:05:38'),(340,59,1943,0,'','page_title','Contact Us','2025-08-28 14:05:39'),(341,59,1943,0,'','page_id','31','2025-08-28 14:05:39'),(342,59,1943,0,'','url_referer','https://aggressivegraphix.com/','2025-08-28 14:05:39'),(343,59,1943,0,'','user_id','0','2025-08-28 14:05:39'),(344,60,1943,0,'','page_url','https://aggressivegraphix.com/contact-us/','2025-08-29 13:36:41'),(345,60,1943,0,'','page_title','Contact Us','2025-08-29 13:36:41'),(346,60,1943,0,'','page_id','31','2025-08-29 13:36:41'),(347,60,1943,0,'','url_referer','https://aggressivegraphix.com/contact-us/','2025-08-29 13:36:41'),(348,60,1943,0,'','user_id','0','2025-08-29 13:36:41'),(349,61,1943,0,'','page_url','https://aggressivegraphix.com/contact-us/','2025-08-30 05:57:00'),(350,61,1943,0,'','page_title','Contact Us','2025-08-30 05:57:00'),(351,61,1943,0,'','page_id','31','2025-08-30 05:57:00'),(352,61,1943,0,'','url_referer','','2025-08-30 05:57:00'),(353,61,1943,0,'','user_id','0','2025-08-30 05:57:00'),(354,62,1943,0,'','page_url','https://aggressivegraphix.com/contact-us/','2025-08-30 19:26:26'),(355,62,1943,0,'','page_title','Contact Us','2025-08-30 19:26:26'),(356,62,1943,0,'','page_id','31','2025-08-30 19:26:26'),(357,62,1943,0,'','url_referer','https://aggressivegraphix.com/contact-us/','2025-08-30 19:26:26'),(358,62,1943,0,'','user_id','0','2025-08-30 19:26:26'),(380,66,1943,0,'','page_url','https://aggressivegraphix.com/contact-us/','2025-09-06 04:29:51'),(381,66,1943,0,'','page_title','Contact Us','2025-09-06 04:29:51'),(382,66,1943,0,'','page_id','31','2025-09-06 04:29:51'),(383,66,1943,0,'','url_referer','https://aggressivegraphix.com/contact-us/','2025-09-06 04:29:51'),(384,66,1943,0,'','user_id','0','2025-09-06 04:29:51'),(392,68,2736,0,'','page_url','https://aggressivegraphix.com/wraps-and-tint/commercial-wraps-and-lettering/','2025-09-07 15:18:11'),(393,68,2736,0,'','page_title','Commercial wraps and lettering','2025-09-07 15:18:11'),(394,68,2736,0,'','page_id','1214','2025-09-07 15:18:11'),(395,68,2736,0,'','url_referer','https://aggressivegraphix.com/our-work/','2025-09-07 15:18:11'),(396,68,2736,0,'','user_id','0','2025-09-07 15:18:11'),(404,70,1943,0,'','page_url','https://aggressivegraphix.com/contact-us/','2025-09-08 07:57:07'),(405,70,1943,0,'','page_title','Contact Us','2025-09-08 07:57:07'),(406,70,1943,0,'','page_id','31','2025-09-08 07:57:07'),(407,70,1943,0,'','url_referer','https://aggressivegraphix.com/contact-us/','2025-09-08 07:57:07'),(408,70,1943,0,'','user_id','0','2025-09-08 07:57:07'),(423,73,1943,0,'','page_url','https://aggressivegraphix.com/contact-us/','2025-09-11 23:05:56'),(424,73,1943,0,'','page_title','Contact Us','2025-09-11 23:05:56'),(425,73,1943,0,'','page_id','31','2025-09-11 23:05:56'),(426,73,1943,0,'','url_referer','https://aggressivegraphix.com/contact-us/','2025-09-11 23:05:56'),(427,73,1943,0,'','user_id','0','2025-09-11 23:05:56'),(428,74,1943,0,'','page_url','https://aggressivegraphix.com/contact-us/','2025-09-15 10:05:54'),(429,74,1943,0,'','page_title','Contact Us','2025-09-15 10:05:54'),(430,74,1943,0,'','page_id','31','2025-09-15 10:05:54'),(431,74,1943,0,'','url_referer','https://aggressivegraphix.com/contact-us/','2025-09-15 10:05:54'),(432,74,1943,0,'','user_id','0','2025-09-15 10:05:54'),(433,75,2516,0,'','page_url','https://aggressivegraphix.com/wraps-and-tint/color-change-wraps/','2025-09-18 02:26:42'),(434,75,2516,0,'','page_title','Style wraps','2025-09-18 02:26:42'),(435,75,2516,0,'','page_id','1212','2025-09-18 02:26:42'),(436,75,2516,0,'','url_referer','https://aggressivegraphix.com/','2025-09-18 02:26:42'),(437,75,2516,0,'','user_id','0','2025-09-18 02:26:42'),(438,76,2677,0,'','page_url','https://aggressivegraphix.com/wraps-and-tint/window-tint/','2025-09-18 15:59:47'),(439,76,2677,0,'','page_title','Window Tint Services','2025-09-18 15:59:47'),(440,76,2677,0,'','page_id','1216','2025-09-18 15:59:47'),(441,76,2677,0,'','url_referer','https://aggressivegraphix.com/wraps-and-tint/','2025-09-18 15:59:47'),(442,76,2677,0,'','user_id','0','2025-09-18 15:59:47'),(443,77,2516,0,'','page_url','https://aggressivegraphix.com/wraps-and-tint/color-change-wraps/','2025-09-22 20:16:29'),(444,77,2516,0,'','page_title','Style wraps','2025-09-22 20:16:29'),(445,77,2516,0,'','page_id','1212','2025-09-22 20:16:29'),(446,77,2516,0,'','url_referer','https://aggressivegraphix.com/wraps-and-tint/','2025-09-22 20:16:29'),(447,77,2516,0,'','user_id','0','2025-09-22 20:16:29'),(448,78,1943,0,'','page_url','https://aggressivegraphix.com/contact-us/','2025-09-24 08:42:59'),(449,78,1943,0,'','page_title','Contact Us','2025-09-24 08:42:59'),(450,78,1943,0,'','page_id','31','2025-09-24 08:42:59'),(451,78,1943,0,'','url_referer','https://aggressivegraphix.com/contact-us/','2025-09-24 08:42:59'),(452,78,1943,0,'','user_id','0','2025-09-24 08:42:59'),(453,78,1943,0,'','spam','Honeypot V2','2025-09-24 08:42:59'),(454,78,1943,0,'','post_data_raw','{\"page_url\":\"https:\\/\\/aggressivegraphix.com\\/contact-us\\/\"}','2025-09-24 08:42:59'),(455,79,1943,0,'','page_url','https://aggressivegraphix.com/contact-us/','2025-09-24 11:05:44'),(456,79,1943,0,'','page_title','Contact Us','2025-09-24 11:05:44'),(457,79,1943,0,'','page_id','31','2025-09-24 11:05:44'),(458,79,1943,0,'','url_referer','https://aggressivegraphix.com/contact-us/','2025-09-24 11:05:44'),(459,79,1943,0,'','user_id','0','2025-09-24 11:05:44'),(460,79,1943,0,'','spam','Honeypot V2','2025-09-24 11:05:44'),(461,79,1943,0,'','post_data_raw','{\"page_url\":\"https:\\/\\/aggressivegraphix.com\\/contact-us\\/\"}','2025-09-24 11:05:44'),(462,80,1943,0,'','page_url','https://aggressivegraphix.com/contact-us/','2025-09-24 13:29:30'),(463,80,1943,0,'','page_title','Contact Us','2025-09-24 13:29:30'),(464,80,1943,0,'','page_id','31','2025-09-24 13:29:30'),(465,80,1943,0,'','url_referer','https://aggressivegraphix.com/contact-us/','2025-09-24 13:29:30'),(466,80,1943,0,'','user_id','0','2025-09-24 13:29:30'),(467,80,1943,0,'','spam','Honeypot V2','2025-09-24 13:29:30'),(468,80,1943,0,'','post_data_raw','{\"page_url\":\"https:\\/\\/aggressivegraphix.com\\/contact-us\\/\"}','2025-09-24 13:29:30'),(469,81,1943,0,'','page_url','https://aggressivegraphix.com/contact-us/','2025-09-25 01:53:00'),(470,81,1943,0,'','page_title','Contact Us','2025-09-25 01:53:00'),(471,81,1943,0,'','page_id','31','2025-09-25 01:53:00'),(472,81,1943,0,'','url_referer','https://aggressivegraphix.com/about-us/','2025-09-25 01:53:00'),(473,81,1943,0,'','user_id','0','2025-09-25 01:53:00'),(474,82,2736,0,'','page_url','https://aggressivegraphix.com/wraps-and-tint/commercial-wraps-and-lettering/','2025-09-25 02:03:47'),(475,82,2736,0,'','page_title','Commercial wraps and lettering','2025-09-25 02:03:47'),(476,82,2736,0,'','page_id','1214','2025-09-25 02:03:47'),(477,82,2736,0,'','url_referer','https://aggressivegraphix.com/','2025-09-25 02:03:47'),(478,82,2736,0,'','user_id','0','2025-09-25 02:03:47'),(479,83,1943,0,'','page_url','https://aggressivegraphix.com/contact-us/','2025-09-25 14:34:14'),(480,83,1943,0,'','page_title','Contact Us','2025-09-25 14:34:14'),(481,83,1943,0,'','page_id','31','2025-09-25 14:34:14'),(482,83,1943,0,'','url_referer','https://aggressivegraphix.com/contact-us/','2025-09-25 14:34:14'),(483,83,1943,0,'','user_id','0','2025-09-25 14:34:14'),(484,84,1943,0,'','page_url','https://aggressivegraphix.com/contact-us/','2025-09-25 20:14:26'),(485,84,1943,0,'','page_title','Contact Us','2025-09-25 20:14:26'),(486,84,1943,0,'','page_id','31','2025-09-25 20:14:26'),(487,84,1943,0,'','url_referer','https://aggressivegraphix.com/contact-us/','2025-09-25 20:14:26'),(488,84,1943,0,'','user_id','0','2025-09-25 20:14:26'),(489,84,1943,0,'','spam','Honeypot V2','2025-09-25 20:14:26'),(490,84,1943,0,'','post_data_raw','{\"page_url\":\"https:\\/\\/aggressivegraphix.com\\/contact-us\\/\"}','2025-09-25 20:14:26'),(491,85,1943,0,'','page_url','https://aggressivegraphix.com/contact-us/','2025-09-26 15:55:55'),(492,85,1943,0,'','page_title','Contact Us','2025-09-26 15:55:55'),(493,85,1943,0,'','page_id','31','2025-09-26 15:55:55'),(494,85,1943,0,'','url_referer','https://aggressivegraphix.com/','2025-09-26 15:55:55'),(495,85,1943,0,'','user_id','0','2025-09-26 15:55:55'),(496,86,1943,0,'','page_url','https://aggressivegraphix.com/contact-us/','2025-09-28 09:27:25'),(497,86,1943,0,'','page_title','Contact Us','2025-09-28 09:27:25'),(498,86,1943,0,'','page_id','31','2025-09-28 09:27:25'),(499,86,1943,0,'','url_referer','https://aggressivegraphix.com/contact-us/','2025-09-28 09:27:25'),(500,86,1943,0,'','user_id','0','2025-09-28 09:27:25'),(501,87,1943,0,'','page_url','https://aggressivegraphix.com/contact-us/','2025-09-29 11:55:30'),(502,87,1943,0,'','page_title','Contact Us','2025-09-29 11:55:30'),(503,87,1943,0,'','page_id','31','2025-09-29 11:55:30'),(504,87,1943,0,'','url_referer','https://aggressivegraphix.com/contact-us/','2025-09-29 11:55:30'),(505,87,1943,0,'','user_id','0','2025-09-29 11:55:30'),(506,88,1943,0,'','page_url','https://aggressivegraphix.com/contact-us/','2025-09-30 13:52:49'),(507,88,1943,0,'','page_title','Contact Us','2025-09-30 13:52:49'),(508,88,1943,0,'','page_id','31','2025-09-30 13:52:49'),(509,88,1943,0,'','url_referer','https://aggressivegraphix.com/my-account/lost-password/','2025-09-30 13:52:49'),(510,88,1943,0,'','user_id','0','2025-09-30 13:52:49'),(511,89,2516,0,'','page_url','https://aggressivegraphix.com/wraps-and-tint/color-change-wraps/','2025-09-30 17:14:44'),(512,89,2516,0,'','page_title','Style wraps','2025-09-30 17:14:44'),(513,89,2516,0,'','page_id','1212','2025-09-30 17:14:44'),(514,89,2516,0,'','url_referer','https://aggressivegraphix.com/','2025-09-30 17:14:44'),(515,89,2516,0,'','user_id','0','2025-09-30 17:14:44'),(516,90,1943,0,'','page_url','https://aggressivegraphix.com/contact-us/','2025-09-30 18:47:40'),(517,90,1943,0,'','page_title','Contact Us','2025-09-30 18:47:40'),(518,90,1943,0,'','page_id','31','2025-09-30 18:47:40'),(519,90,1943,0,'','url_referer','https://aggressivegraphix.com/our-work/','2025-09-30 18:47:40'),(520,90,1943,0,'','user_id','0','2025-09-30 18:47:40'),(521,91,1943,0,'','page_url','https://aggressivegraphix.com/contact-us/','2025-10-01 13:17:54'),(522,91,1943,0,'','page_title','Contact Us','2025-10-01 13:17:54'),(523,91,1943,0,'','page_id','31','2025-10-01 13:17:54'),(524,91,1943,0,'','url_referer','https://aggressivegraphix.com/contact-us/','2025-10-01 13:17:54'),(525,91,1943,0,'','user_id','0','2025-10-01 13:17:54'),(526,91,1943,0,'','spam','Honeypot V2','2025-10-01 13:17:54'),(527,91,1943,0,'','post_data_raw','{\"page_url\":\"https:\\/\\/aggressivegraphix.com\\/contact-us\\/\"}','2025-10-01 13:17:54'),(528,92,1943,0,'','page_url','https://aggressivegraphix.com/contact-us/','2025-10-02 02:01:31'),(529,92,1943,0,'','page_title','Contact Us','2025-10-02 02:01:31'),(530,92,1943,0,'','page_id','31','2025-10-02 02:01:31'),(531,92,1943,0,'','url_referer','https://aggressivegraphix.com/contact-us/','2025-10-02 02:01:31'),(532,92,1943,0,'','user_id','0','2025-10-02 02:01:31'),(533,92,1943,0,'','spam','Honeypot V2','2025-10-02 02:01:31'),(534,92,1943,0,'','post_data_raw','{\"page_url\":\"https:\\/\\/aggressivegraphix.com\\/contact-us\\/\"}','2025-10-02 02:01:31'),(535,93,1943,0,'','page_url','https://aggressivegraphix.com/contact-us/','2025-10-02 02:04:32'),(536,93,1943,0,'','page_title','Contact Us','2025-10-02 02:04:32'),(537,93,1943,0,'','page_id','31','2025-10-02 02:04:32'),(538,93,1943,0,'','url_referer','https://aggressivegraphix.com/contact-us/','2025-10-02 02:04:32'),(539,93,1943,0,'','user_id','0','2025-10-02 02:04:32'),(540,93,1943,0,'','spam','Honeypot V2','2025-10-02 02:04:32'),(541,93,1943,0,'','post_data_raw','{\"page_url\":\"https:\\/\\/aggressivegraphix.com\\/contact-us\\/\"}','2025-10-02 02:04:32'),(542,94,1943,0,'','page_url','https://aggressivegraphix.com/contact-us/','2025-10-02 08:37:34'),(543,94,1943,0,'','page_title','Contact Us','2025-10-02 08:37:34'),(544,94,1943,0,'','page_id','31','2025-10-02 08:37:34'),(545,94,1943,0,'','url_referer','https://aggressivegraphix.com/contact-us/','2025-10-02 08:37:34'),(546,94,1943,0,'','user_id','0','2025-10-02 08:37:34'),(547,94,1943,0,'','spam','Honeypot V2','2025-10-02 08:37:34'),(548,94,1943,0,'','post_data_raw','{\"page_url\":\"https:\\/\\/aggressivegraphix.com\\/contact-us\\/\"}','2025-10-02 08:37:34'),(549,95,1943,0,'','page_url','https://aggressivegraphix.com/contact-us/','2025-10-02 19:04:48'),(550,95,1943,0,'','page_title','Contact Us','2025-10-02 19:04:48'),(551,95,1943,0,'','page_id','31','2025-10-02 19:04:48'),(552,95,1943,0,'','url_referer','https://aggressivegraphix.com/contact-us/','2025-10-02 19:04:48'),(553,95,1943,0,'','user_id','0','2025-10-02 19:04:48'),(554,95,1943,0,'','spam','Honeypot V2','2025-10-02 19:04:48'),(555,95,1943,0,'','post_data_raw','{\"page_url\":\"https:\\/\\/aggressivegraphix.com\\/contact-us\\/\"}','2025-10-02 19:04:48');

--
-- Table structure for table `nbn_wpforms_file_restrictions`
--

CREATE TABLE `nbn_wpforms_file_restrictions` (
  `id` bigint(20) NOT NULL AUTO_INCREMENT,
  `form_id` bigint(20) NOT NULL,
  `field_id` bigint(20) NOT NULL,
  `password` varchar(255) COLLATE utf8mb4_unicode_520_ci NOT NULL,
  `rules` longtext COLLATE utf8mb4_unicode_520_ci NOT NULL,
  PRIMARY KEY (`id`),
  KEY `form_id` (`form_id`),
  KEY `field_id` (`field_id`)
) ENGINE=InnoDB DEFAULT CHARSET=utf8mb4 COLLATE=utf8mb4_unicode_520_ci;

--
-- Dumping data for table `nbn_wpforms_file_restrictions`
--


--
-- Table structure for table `nbn_wpforms_logs`
--

CREATE TABLE `nbn_wpforms_logs` (
  `id` bigint(20) NOT NULL AUTO_INCREMENT,
  `title` varchar(255) COLLATE utf8mb4_unicode_520_ci NOT NULL,
  `message` longtext COLLATE utf8mb4_unicode_520_ci NOT NULL,
  `types` varchar(255) COLLATE utf8mb4_unicode_520_ci NOT NULL,
  `create_at` datetime NOT NULL,
  `form_id` bigint(20) DEFAULT NULL,
  `entry_id` bigint(20) DEFAULT NULL,
  `user_id` bigint(20) DEFAULT NULL,
  PRIMARY KEY (`id`)
) ENGINE=InnoDB AUTO_INCREMENT=58 DEFAULT CHARSET=utf8mb4 COLLATE=utf8mb4_unicode_520_ci;

--
-- Dumping data for table `nbn_wpforms_logs`
--

INSERT INTO `nbn_wpforms_logs` VALUES (1,'Migration','Migration of WPForms to 1.9.1.6 is fully completed.','log','2024-10-28 23:45:40',0,0,0),(2,'Migration','Migration of WPForms to 1.9.2 started.','log','2024-11-07 21:50:45',0,0,0),(3,'Migration','Migration of WPForms to 1.9.2 completed.','log','2024-11-07 21:50:54',0,0,0),(4,'Migration','Migration of WPForms to 1.9.2.1 is fully completed.','log','2024-11-07 21:50:54',0,0,0),(5,'Migration','Migration of WPForms to 1.9.2.2 is fully completed.','log','2024-11-18 20:37:09',0,0,0),(6,'Migration','Migration of WPForms to 1.9.2.3 is fully completed.','log','2024-12-04 11:26:10',0,0,0),(7,'Migration','Migration of WPForms Pro to 1.9.2.3 is fully completed.','log','2025-01-02 17:56:41',0,0,1),(8,'Migration','Migration of WPForms PayPal Commerce to 1.3.0 started.','log','2025-01-02 18:26:18',0,0,1),(9,'Migration','Migration of WPForms PayPal Commerce to 1.3.0 completed.','log','2025-01-02 18:26:18',0,0,1),(10,'Migration','Migration of WPForms PayPal Commerce to 1.12.0 is fully completed.','log','2025-01-02 18:26:18',0,0,1),(11,'Migration','Migration of WPForms PayPal Standard to 1.5.0 started.','log','2025-01-02 18:26:32',0,0,1),(12,'Migration','Migration of WPForms PayPal Standard to 1.5.0 completed.','log','2025-01-02 18:27:34',0,0,1),(13,'Migration','Migration of WPForms PayPal Standard to 1.10.0 is fully completed.','log','2025-01-02 18:27:34',0,0,1),(14,'Migration','Migration of WPForms to 1.9.3 is fully completed.','log','2025-01-14 20:07:22',0,0,0),(15,'Migration','Migration of WPForms Pro to 1.9.3 is fully completed.','log','2025-01-14 20:07:22',0,0,0),(16,'Migration','Migration of WPForms to 1.9.3.1 is fully completed.','log','2025-01-16 20:47:32',0,0,0),(17,'Migration','Migration of WPForms Pro to 1.9.3.1 is fully completed.','log','2025-01-16 20:47:32',0,0,0),(18,'Migration','Migration of WPForms to 1.9.3.2 is fully completed.','log','2025-01-28 22:27:59',0,0,0),(19,'Migration','Migration of WPForms Pro to 1.9.3.2 is fully completed.','log','2025-01-28 22:27:59',0,0,0),(20,'Migration','Migration of WPForms Pro to 1.9.4 started.','log','2025-02-26 04:15:53',0,0,0),(21,'Migration','Migration of WPForms Pro to 1.9.4 completed.','log','2025-02-26 04:15:53',0,0,0),(22,'Migration','Migration of WPForms to 1.9.4 is fully completed.','log','2025-02-26 04:15:53',0,0,0),(23,'Migration','Migration of WPForms Pro to 1.9.4 is fully completed.','log','2025-02-26 04:15:53',0,0,0),(24,'Migration','Migration of WPForms to 1.9.4.1 is fully completed.','log','2025-02-27 22:21:17',0,0,0),(25,'Migration','Migration of WPForms Pro to 1.9.4.1 is fully completed.','log','2025-02-27 22:21:17',0,0,0),(26,'Migration','Migration of WPForms PayPal Commerce to 1.13.0 is fully completed.','log','2025-03-06 04:27:40',0,0,0),(27,'Migration','Migration of WPForms to 1.9.4.2 is fully completed.','log','2025-03-13 09:54:13',0,0,0),(28,'Migration','Migration of WPForms Pro to 1.9.4.2 is fully completed.','log','2025-03-13 09:54:13',0,0,0),(29,'Migration','Migration of WPForms to 1.9.5 is fully completed.','log','2025-04-22 18:56:54',0,0,1),(30,'Migration','Migration of WPForms Pro to 1.9.5 is fully completed.','log','2025-04-22 18:56:54',0,0,1),(31,'Migration','Migration of WPForms to 1.9.5.1 is fully completed.','log','2025-04-30 02:41:03',0,0,0),(32,'Migration','Migration of WPForms Pro to 1.9.5.1 is fully completed.','log','2025-04-30 02:41:03',0,0,0),(33,'Migration','Migration of WPForms to 1.9.5.2 is fully completed.','log','2025-05-05 22:10:54',0,0,0),(34,'Migration','Migration of WPForms Pro to 1.9.5.2 is fully completed.','log','2025-05-05 22:10:54',0,0,0),(35,'Migration','Migration of WPForms to 1.9.6 is fully completed.','log','2025-06-04 09:56:23',0,0,0),(36,'Migration','Migration of WPForms Pro to 1.9.6 is fully completed.','log','2025-06-04 09:56:23',0,0,0),(37,'Migration','Migration of WPForms to 1.9.6.1 is fully completed.','log','2025-06-17 15:58:24',0,0,1),(38,'Migration','Migration of WPForms Pro to 1.9.6.1 is fully completed.','log','2025-06-17 15:58:24',0,0,1),(39,'Migration','Migration of WPForms to 1.9.6.2 is fully completed.','log','2025-07-08 19:55:17',0,0,0),(40,'Migration','Migration of WPForms Pro to 1.9.6.2 is fully completed.','log','2025-07-08 19:55:17',0,0,0),(41,'Migration','Migration of WPForms to 1.9.7 started.','log','2025-07-29 19:50:49',0,0,0),(42,'Migration','Migration of WPForms Pro to 1.9.7 is fully completed.','log','2025-07-29 19:50:49',0,0,0),(43,'Migration','Migration of WPForms Pro to 1.9.7.1 is fully completed.','log','2025-07-31 19:48:35',0,0,0),(44,'Migration','Migration of WPForms Pro to 1.9.7.2 is fully completed.','log','2025-08-07 19:49:28',0,0,0),(45,'Migration','Migration of WPForms to 1.9.7 completed.','log','2025-08-11 16:25:54',0,0,1),(46,'Migration','Migration of WPForms to 1.9.7.3 is fully completed.','log','2025-08-11 16:25:54',0,0,1),(47,'Migration','Migration of WPForms Pro to 1.9.7.3 is fully completed.','log','2025-08-11 16:25:55',0,0,1),(48,'Migration','Migration of WPForms Pro to 1.9.8 started.','log','2025-09-23 16:03:37',0,0,1),(49,'Migration','Migration of WPForms Pro to 1.9.8 completed.','log','2025-09-23 16:03:37',0,0,1),(50,'Migration','Migration of WPForms to 1.9.8 is fully completed.','log','2025-09-23 16:03:37',0,0,1),(51,'Migration','Migration of WPForms Pro to 1.9.8 is fully completed.','log','2025-09-23 16:03:37',0,0,1),(52,'Migration','Migration of WPForms PayPal Standard to 1.9.8 is fully completed.','log','2025-09-23 16:03:37',0,0,1),(53,'Migration','Migration of WPForms PayPal Commerce to 1.9.8 is fully completed.','log','2025-09-23 16:03:37',0,0,1),(54,'Migration','Migration of WPForms to 1.9.8.1 is fully completed.','log','2025-09-25 19:54:41',0,0,0),(55,'Migration','Migration of WPForms Pro to 1.9.8.1 is fully completed.','log','2025-09-25 19:54:41',0,0,0),(56,'Migration','Migration of WPForms PayPal Standard to 1.9.8.1 is fully completed.','log','2025-09-25 19:54:41',0,0,0),(57,'Migration','Migration of WPForms PayPal Commerce to 1.9.8.1 is fully completed.','log','2025-09-25 19:54:41',0,0,0);

--
-- Table structure for table `nbn_wpforms_payment_meta`
--

CREATE TABLE `nbn_wpforms_payment_meta` (
  `id` bigint(20) NOT NULL AUTO_INCREMENT,
  `payment_id` bigint(20) NOT NULL,
  `meta_key` varchar(255) COLLATE utf8mb4_unicode_520_ci DEFAULT NULL,
  `meta_value` longtext COLLATE utf8mb4_unicode_520_ci,
  PRIMARY KEY (`id`),
  KEY `payment_id` (`payment_id`),
  KEY `meta_key` (`meta_key`(191)),
  KEY `meta_value` (`meta_value`(191))
) ENGINE=InnoDB DEFAULT CHARSET=utf8mb4 COLLATE=utf8mb4_unicode_520_ci;

--
-- Dumping data for table `nbn_wpforms_payment_meta`
--


--
-- Table structure for table `nbn_wpforms_payments`
--

CREATE TABLE `nbn_wpforms_payments` (
  `id` bigint(20) NOT NULL AUTO_INCREMENT,
  `form_id` bigint(20) NOT NULL,
  `status` varchar(10) COLLATE utf8mb4_unicode_520_ci NOT NULL DEFAULT '',
  `subtotal_amount` decimal(26,8) NOT NULL DEFAULT '0.00000000',
  `discount_amount` decimal(26,8) NOT NULL DEFAULT '0.00000000',
  `total_amount` decimal(26,8) NOT NULL DEFAULT '0.00000000',
  `currency` varchar(3) COLLATE utf8mb4_unicode_520_ci NOT NULL DEFAULT '',
  `entry_id` bigint(20) NOT NULL DEFAULT '0',
  `gateway` varchar(20) COLLATE utf8mb4_unicode_520_ci NOT NULL DEFAULT '',
  `type` varchar(12) COLLATE utf8mb4_unicode_520_ci NOT NULL DEFAULT '',
  `mode` varchar(4) COLLATE utf8mb4_unicode_520_ci NOT NULL DEFAULT '',
  `transaction_id` varchar(40) COLLATE utf8mb4_unicode_520_ci NOT NULL DEFAULT '',
  `customer_id` varchar(40) COLLATE utf8mb4_unicode_520_ci NOT NULL DEFAULT '',
  `subscription_id` varchar(40) COLLATE utf8mb4_unicode_520_ci NOT NULL DEFAULT '',
  `subscription_status` varchar(10) COLLATE utf8mb4_unicode_520_ci NOT NULL DEFAULT '',
  `title` varchar(255) COLLATE utf8mb4_unicode_520_ci NOT NULL DEFAULT '',
  `date_created_gmt` datetime NOT NULL,
  `date_updated_gmt` datetime NOT NULL,
  `is_published` tinyint(1) NOT NULL DEFAULT '1',
  PRIMARY KEY (`id`),
  KEY `form_id` (`form_id`),
  KEY `status` (`status`(8)),
  KEY `total_amount` (`total_amount`),
  KEY `type` (`type`(8)),
  KEY `transaction_id` (`transaction_id`(32)),
  KEY `customer_id` (`customer_id`(32)),
  KEY `subscription_id` (`subscription_id`(32)),
  KEY `subscription_status` (`subscription_status`(8)),
  KEY `title` (`title`(64))
) ENGINE=InnoDB DEFAULT CHARSET=utf8mb4 COLLATE=utf8mb4_unicode_520_ci;

--
-- Dumping data for table `nbn_wpforms_payments`
--


--
-- Table structure for table `nbn_wpforms_protected_files`
--

CREATE TABLE `nbn_wpforms_protected_files` (
  `id` bigint(20) NOT NULL AUTO_INCREMENT,
  `entry_id` bigint(20) NOT NULL,
  `form_id` bigint(20) NOT NULL,
  `restriction_id` bigint(20) NOT NULL,
  `hash` varchar(64) COLLATE utf8mb4_unicode_520_ci NOT NULL,
  `file` longtext COLLATE utf8mb4_unicode_520_ci NOT NULL,
  `last_usage_at` datetime NOT NULL,
  PRIMARY KEY (`id`),
  KEY `entry_id` (`entry_id`),
  KEY `form_id` (`form_id`),
  KEY `restriction_id` (`restriction_id`),
  KEY `hash` (`hash`(32))
) ENGINE=InnoDB DEFAULT CHARSET=utf8mb4 COLLATE=utf8mb4_unicode_520_ci;

--
-- Dumping data for table `nbn_wpforms_protected_files`
--


--
-- Table structure for table `nbn_wpforms_tasks_meta`
--

CREATE TABLE `nbn_wpforms_tasks_meta` (
  `id` bigint(20) NOT NULL AUTO_INCREMENT,
  `action` varchar(255) COLLATE utf8mb4_unicode_520_ci NOT NULL,
  `data` longtext COLLATE utf8mb4_unicode_520_ci NOT NULL,
  `date` datetime NOT NULL,
  PRIMARY KEY (`id`)
) ENGINE=InnoDB AUTO_INCREMENT=166 DEFAULT CHARSET=utf8mb4 COLLATE=utf8mb4_unicode_520_ci;

--
-- Dumping data for table `nbn_wpforms_tasks_meta`
--

INSERT INTO `nbn_wpforms_tasks_meta` VALUES (1,'wpforms_process_forms_locator_scan','W10=','2024-10-27 18:50:34'),(2,'wpforms_process_purge_spam','W10=','2024-10-27 18:50:34'),(4,'wpforms_admin_addons_cache_update','W10=','2024-10-27 19:49:24'),(5,'wpforms_admin_builder_templates_cache_update','W10=','2024-10-27 19:49:47'),(74,'wpforms_builder_help_cache_update','W10=','2025-01-02 17:35:10'),(75,'wpforms_process_forms_locator_scan','W10=','2025-01-02 17:58:37'),(76,'wpforms_process_purge_spam','W10=','2025-01-02 17:58:37'),(77,'wpforms_admin_addons_cache_update','W10=','2025-01-02 17:58:38'),(78,'wpforms_pro_core_info_cache_update','W10=','2025-01-02 17:58:38'),(79,'wpforms-pro_license_api_plugin-update_cache','W10=','2025-01-02 17:58:38'),(80,'wpforms-pro_license_api_plugin-info_cache','W10=','2025-01-02 17:58:38'),(81,'wpforms-pro_license_api_validate-key_cache','W10=','2025-01-02 17:58:38'),(82,'wpforms_builder_help_cache_update','W10=','2025-01-02 17:58:38'),(83,'wpforms_admin_builder_templates_cache_update','W10=','2025-01-02 17:58:38'),(152,'wpforms-pro_license_api_plugin-updates_cache','W10=','2025-02-26 04:15:56'),(155,'wpforms_process_forms_locator_scan','W10=','2025-10-01 13:24:51'),(156,'wpforms_process_purge_spam','W10=','2025-10-01 13:24:51'),(157,'wpforms_pro_core_info_cache_update','W10=','2025-10-01 13:24:53'),(158,'wpforms-pro_license_api_plugin-updates_cache','W10=','2025-10-01 13:24:53'),(159,'wpforms-pro_license_api_validate-key_cache','W10=','2025-10-01 13:24:53');

--
-- Table structure for table `nbn_yoast_indexable`
--

CREATE TABLE `nbn_yoast_indexable` (
  `id` int(11) unsigned NOT NULL AUTO_INCREMENT,
  `permalink` longtext COLLATE utf8mb4_unicode_520_ci,
  `permalink_hash` varchar(40) COLLATE utf8mb4_unicode_520_ci DEFAULT NULL,
  `object_id` bigint(20) DEFAULT NULL,
  `object_type` varchar(32) COLLATE utf8mb4_unicode_520_ci NOT NULL,
  `object_sub_type` varchar(32) COLLATE utf8mb4_unicode_520_ci DEFAULT NULL,
  `author_id` bigint(20) DEFAULT NULL,
  `post_parent` bigint(20) DEFAULT NULL,
  `title` text COLLATE utf8mb4_unicode_520_ci,
  `description` mediumtext COLLATE utf8mb4_unicode_520_ci,
  `breadcrumb_title` text COLLATE utf8mb4_unicode_520_ci,
  `post_status` varchar(20) COLLATE utf8mb4_unicode_520_ci DEFAULT NULL,
  `is_public` tinyint(1) DEFAULT NULL,
  `is_protected` tinyint(1) DEFAULT '0',
  `has_public_posts` tinyint(1) DEFAULT NULL,
  `number_of_pages` int(11) unsigned DEFAULT NULL,
  `canonical` longtext COLLATE utf8mb4_unicode_520_ci,
  `primary_focus_keyword` varchar(191) COLLATE utf8mb4_unicode_520_ci DEFAULT NULL,
  `primary_focus_keyword_score` int(3) DEFAULT NULL,
  `readability_score` int(3) DEFAULT NULL,
  `is_cornerstone` tinyint(1) DEFAULT '0',
  `is_robots_noindex` tinyint(1) DEFAULT '0',
  `is_robots_nofollow` tinyint(1) DEFAULT '0',
  `is_robots_noarchive` tinyint(1) DEFAULT '0',
  `is_robots_noimageindex` tinyint(1) DEFAULT '0',
  `is_robots_nosnippet` tinyint(1) DEFAULT '0',
  `twitter_title` text COLLATE utf8mb4_unicode_520_ci,
  `twitter_image` longtext COLLATE utf8mb4_unicode_520_ci,
  `twitter_description` longtext COLLATE utf8mb4_unicode_520_ci,
  `twitter_image_id` varchar(191) COLLATE utf8mb4_unicode_520_ci DEFAULT NULL,
  `twitter_image_source` text COLLATE utf8mb4_unicode_520_ci,
  `open_graph_title` text COLLATE utf8mb4_unicode_520_ci,
  `open_graph_description` longtext COLLATE utf8mb4_unicode_520_ci,
  `open_graph_image` longtext COLLATE utf8mb4_unicode_520_ci,
  `open_graph_image_id` varchar(191) COLLATE utf8mb4_unicode_520_ci DEFAULT NULL,
  `open_graph_image_source` text COLLATE utf8mb4_unicode_520_ci,
  `open_graph_image_meta` mediumtext COLLATE utf8mb4_unicode_520_ci,
  `link_count` int(11) DEFAULT NULL,
  `incoming_link_count` int(11) DEFAULT NULL,
  `prominent_words_version` int(11) unsigned DEFAULT NULL,
  `created_at` datetime DEFAULT NULL,
  `updated_at` timestamp NOT NULL DEFAULT CURRENT_TIMESTAMP ON UPDATE CURRENT_TIMESTAMP,
  `blog_id` bigint(20) NOT NULL DEFAULT '1',
  `language` varchar(32) COLLATE utf8mb4_unicode_520_ci DEFAULT NULL,
  `region` varchar(32) COLLATE utf8mb4_unicode_520_ci DEFAULT NULL,
  `schema_page_type` varchar(64) COLLATE utf8mb4_unicode_520_ci DEFAULT NULL,
  `schema_article_type` varchar(64) COLLATE utf8mb4_unicode_520_ci DEFAULT NULL,
  `has_ancestors` tinyint(1) DEFAULT '0',
  `estimated_reading_time_minutes` int(11) DEFAULT NULL,
  `version` int(11) DEFAULT '1',
  `object_last_modified` datetime DEFAULT NULL,
  `object_published_at` datetime DEFAULT NULL,
  `inclusive_language_score` int(3) DEFAULT NULL,
  PRIMARY KEY (`id`),
  KEY `object_type_and_sub_type` (`object_type`,`object_sub_type`),
  KEY `object_id_and_type` (`object_id`,`object_type`),
  KEY `permalink_hash_and_object_type` (`permalink_hash`,`object_type`),
  KEY `subpages` (`post_parent`,`object_type`,`post_status`,`object_id`),
  KEY `prominent_words` (`prominent_words_version`,`object_type`,`object_sub_type`,`post_status`),
  KEY `published_sitemap_index` (`object_published_at`,`is_robots_noindex`,`object_type`,`object_sub_type`)
) ENGINE=InnoDB AUTO_INCREMENT=149 DEFAULT CHARSET=utf8mb4 COLLATE=utf8mb4_unicode_520_ci;

--
-- Dumping data for table `nbn_yoast_indexable`
--

INSERT INTO `nbn_yoast_indexable` VALUES (2,'https://aggressivegraphix.com/','30:261ffeacdcbe080aa7e81a75004d628d',NULL,'home-page',NULL,NULL,NULL,'%%sitename%% %%page%% %%sep%% %%sitedesc%%','Graphics designed with you, not for you','Home',NULL,NULL,0,NULL,NULL,NULL,NULL,NULL,NULL,0,0,0,0,0,0,NULL,NULL,NULL,NULL,NULL,'%%sitename%%','','','0',NULL,NULL,NULL,NULL,NULL,'2024-10-27 19:00:07','2025-10-03 20:52:35',1,NULL,NULL,NULL,NULL,0,NULL,2,'2025-10-03 14:52:35',NULL,NULL),(3,'https://aggressivegraphix.com/website_675b3277/product-category/uncategorized/','78:cf6532d4ceb018ecff3d9bc63d272b1d',19,'term','product_cat',NULL,NULL,NULL,NULL,'Uncategorized',NULL,NULL,0,NULL,NULL,NULL,NULL,NULL,NULL,0,NULL,NULL,NULL,NULL,NULL,NULL,NULL,NULL,NULL,NULL,NULL,NULL,NULL,NULL,NULL,NULL,0,NULL,NULL,'2024-10-27 19:49:16','2025-02-20 23:59:46',1,NULL,NULL,NULL,NULL,0,NULL,2,NULL,NULL,NULL),(4,'https://aggressivegraphix.com/website_675b3277/shop/','52:756bf6c12e6a01c659e6c9c74ba629fb',6,'post','page',1,0,NULL,NULL,'Shop','publish',NULL,0,NULL,NULL,NULL,NULL,NULL,0,0,NULL,0,NULL,NULL,NULL,NULL,NULL,NULL,NULL,NULL,NULL,NULL,NULL,NULL,NULL,NULL,0,1,NULL,'2024-10-27 19:49:18','2024-12-19 20:46:38',1,NULL,NULL,NULL,NULL,0,NULL,2,'2024-11-01 00:43:16','2024-10-27 19:49:18',0),(5,'https://aggressivegraphix.com/website_675b3277/cart/','52:24aeec2b3f903d344e888dced25ec08f',7,'post','page',1,0,NULL,NULL,'Cart','publish',NULL,0,NULL,NULL,NULL,NULL,NULL,90,0,NULL,0,NULL,NULL,NULL,NULL,NULL,NULL,NULL,NULL,NULL,NULL,NULL,NULL,NULL,NULL,5,0,NULL,'2024-10-27 19:49:18','2025-02-11 16:42:24',1,NULL,NULL,NULL,NULL,0,1,2,'2024-12-19 20:46:40','2024-10-27 19:49:18',0),(6,'https://aggressivegraphix.com/checkout/','39:61989172e14354ca564d69ff01ab86ae',8,'post','page',1,0,NULL,NULL,'Checkout','publish',NULL,0,NULL,NULL,NULL,NULL,NULL,90,0,NULL,0,NULL,NULL,NULL,NULL,NULL,NULL,NULL,NULL,NULL,NULL,NULL,NULL,NULL,NULL,0,NULL,NULL,'2024-10-27 19:49:18','2025-09-28 00:07:43',1,NULL,NULL,NULL,NULL,0,0,2,'2025-09-27 18:07:43','2024-10-27 19:49:18',0),(7,'https://aggressivegraphix.com/website_675b3277/my-account/','58:fc75b764e9a1274bbfd51454a8c32ea9',9,'post','page',1,0,NULL,NULL,'My account','publish',NULL,0,NULL,NULL,NULL,NULL,NULL,0,0,NULL,0,NULL,NULL,NULL,NULL,NULL,NULL,NULL,NULL,NULL,NULL,NULL,NULL,NULL,NULL,0,NULL,NULL,'2024-10-27 19:49:18','2024-12-19 04:44:20',1,NULL,NULL,NULL,NULL,0,1,2,'2024-12-18 21:44:20','2024-10-27 19:49:18',0),(8,'https://aggressivegraphix.com/terms_conditions/','47:1f49dea1edbc6aa041d2fe075b20bf86',10,'post','page',1,0,NULL,NULL,'Terms and Conditions','publish',NULL,0,NULL,NULL,NULL,NULL,NULL,60,0,NULL,0,NULL,NULL,NULL,NULL,NULL,NULL,NULL,NULL,NULL,NULL,NULL,NULL,NULL,NULL,0,NULL,NULL,'2024-10-27 19:49:18','2025-09-28 00:16:14',1,NULL,NULL,NULL,NULL,0,2,2,'2025-09-27 18:16:13','2025-08-12 16:33:14',0),(10,NULL,NULL,NULL,'system-page','404',NULL,NULL,'Page not found %%sep%% %%sitename%%',NULL,'Error 404: Page not found',NULL,NULL,0,NULL,NULL,NULL,NULL,NULL,NULL,0,1,0,0,0,0,NULL,NULL,NULL,NULL,NULL,NULL,NULL,NULL,NULL,NULL,NULL,NULL,NULL,NULL,'2024-10-27 19:51:52','2024-10-28 01:51:52',1,NULL,NULL,NULL,NULL,0,NULL,1,NULL,NULL,NULL),(11,NULL,NULL,NULL,'system-page','search-result',NULL,NULL,'You searched for %%searchphrase%% %%page%% %%sep%% %%sitename%%',NULL,NULL,NULL,NULL,0,NULL,NULL,NULL,NULL,NULL,NULL,0,1,0,0,0,0,NULL,NULL,NULL,NULL,NULL,NULL,NULL,NULL,NULL,NULL,NULL,NULL,NULL,NULL,'2024-10-27 19:51:52','2024-10-28 01:51:52',1,NULL,NULL,NULL,NULL,0,NULL,1,NULL,NULL,NULL),(12,NULL,NULL,NULL,'date-archive',NULL,NULL,NULL,'%%date%% %%page%% %%sep%% %%sitename%%','',NULL,NULL,0,0,NULL,NULL,NULL,NULL,NULL,NULL,0,1,0,0,0,0,NULL,NULL,NULL,NULL,NULL,NULL,NULL,NULL,NULL,NULL,NULL,NULL,NULL,NULL,'2024-10-27 19:51:52','2024-10-28 01:51:52',1,NULL,NULL,NULL,NULL,0,NULL,1,NULL,NULL,NULL),(13,'https://aggressivegraphix.com/privacy-policy/','45:4500dc00bb4c2be052d206230bd1b9bb',3,'post','page',1,0,NULL,NULL,'Privacy Policy','publish',NULL,0,NULL,NULL,NULL,NULL,NULL,90,0,NULL,0,NULL,NULL,NULL,NULL,NULL,NULL,NULL,NULL,NULL,NULL,NULL,NULL,NULL,NULL,0,NULL,NULL,'2024-10-27 19:51:52','2025-08-12 22:46:20',1,NULL,NULL,NULL,NULL,0,2,2,'2025-08-12 16:46:20','2024-10-27 18:47:56',0),(14,'https://aggressivegraphix.com/','30:261ffeacdcbe080aa7e81a75004d628d',2,'post','page',1,0,NULL,'Wraps designed with you, not for you. Tailored wrap designs from scratch for your dirt bike, quad, or vehicle for color change or commercial','Home','publish',NULL,0,NULL,NULL,NULL,'vehicle wraps car',50,90,0,NULL,0,NULL,NULL,NULL,NULL,'https://aggressivegraphix.com/wp-content/uploads/2025/08/aggressivegraphix-profile.webp',NULL,'3428','featured-image',NULL,NULL,'https://aggressivegraphix.com/wp-content/uploads/2025/08/aggressivegraphix-profile.webp','3428','featured-image','{\"width\":360,\"height\":360,\"filesize\":25200,\"url\":\"https://aggressivegraphix.com/wp-content/uploads/2025/08/aggressivegraphix-profile.webp\",\"path\":\"/home3/aggrest5/public_html/wp-content/uploads/2025/08/aggressivegraphix-profile.webp\",\"size\":\"full\",\"id\":3428,\"alt\":\"\",\"pixels\":129600,\"type\":\"image/webp\"}',0,NULL,NULL,'2024-10-27 19:51:52','2025-09-18 01:57:34',1,NULL,NULL,NULL,NULL,0,1,2,'2025-09-17 19:57:34','2024-10-27 18:47:56',0),(16,'https://aggressivegraphix.com/website_675b3277/shop/','52:756bf6c12e6a01c659e6c9c74ba629fb',NULL,'post-type-archive','product',NULL,NULL,'%%pt_plural%% Archive %%page%% %%sep%% %%sitename%%','','Products',NULL,1,0,NULL,NULL,NULL,NULL,NULL,NULL,0,0,0,0,0,0,NULL,NULL,NULL,NULL,NULL,NULL,NULL,NULL,NULL,NULL,NULL,NULL,NULL,NULL,'2024-10-27 19:51:52','2025-10-03 20:52:35',1,NULL,NULL,NULL,NULL,0,NULL,2,'2025-10-03 14:52:35',NULL,NULL),(17,'https://aggressivegraphix.com/website_675b3277/category/uncategorized/','70:750cac182f7e4afefaf1dc5e714bc50e',1,'term','category',NULL,NULL,NULL,NULL,'Uncategorized',NULL,NULL,0,NULL,NULL,NULL,NULL,NULL,NULL,0,NULL,NULL,NULL,NULL,NULL,NULL,NULL,NULL,NULL,NULL,NULL,NULL,NULL,NULL,NULL,NULL,0,NULL,NULL,'2024-10-27 19:51:53','2024-10-28 01:51:53',1,NULL,NULL,NULL,NULL,0,NULL,2,'2024-10-27 18:47:56','2024-10-27 18:47:56',NULL),(18,'https://aggressivegraphix.com/website_675b3277/contact-us/','58:cf03aff8d147c06f5e2b09fd07148865',31,'post','page',1,0,NULL,NULL,'Contact Us','publish',NULL,0,NULL,NULL,NULL,NULL,NULL,90,0,NULL,0,NULL,NULL,NULL,NULL,NULL,NULL,NULL,NULL,NULL,NULL,NULL,NULL,NULL,NULL,0,NULL,NULL,'2024-10-27 20:54:50','2024-10-28 04:32:31',1,NULL,NULL,NULL,NULL,0,1,2,'2024-10-27 22:32:31','2024-10-27 20:57:18',0),(19,'https://aggressivegraphix.com/our-work/','39:2ca2ad7ecd3a821fbddc9abc7189607d',82,'post','page',1,0,NULL,NULL,'Our Work','publish',NULL,0,NULL,NULL,NULL,NULL,NULL,90,0,NULL,0,NULL,NULL,NULL,NULL,NULL,NULL,NULL,NULL,NULL,NULL,NULL,NULL,NULL,NULL,0,1,NULL,'2024-10-27 23:02:54','2025-08-20 23:54:07',1,NULL,NULL,NULL,NULL,0,1,2,'2025-08-20 17:54:07','2024-10-27 23:34:43',0),(20,'https://aggressivegraphix.com/website_675b3277/about-us/','56:d4c107e6803527c3de7e986c0b09cc6c',93,'post','page',1,0,NULL,NULL,'About Us','publish',NULL,0,NULL,NULL,NULL,NULL,NULL,60,0,NULL,0,NULL,NULL,NULL,NULL,NULL,NULL,NULL,NULL,NULL,NULL,NULL,NULL,NULL,NULL,0,NULL,NULL,'2024-10-27 23:38:50','2025-02-11 21:59:19',1,NULL,NULL,NULL,NULL,0,1,2,'2025-02-11 14:59:19','2024-10-27 23:39:08',0),(21,'https://aggressivegraphix.com/wraps-and-tint/','45:d1b1585433fdda482e3b768d26937d2d',95,'post','page',1,0,NULL,'Transform and customize the look of your car or truck for show with a color change or work with commercial lettering and full wraps','Vehicle wraps and window tinting','publish',NULL,0,NULL,NULL,NULL,'vehicle wrap car wrap color change fleet lettering truck van',48,90,0,NULL,0,NULL,NULL,NULL,NULL,'https://aggressivegraphix.com/wp-content/uploads/2025/02/IMG_2741-1-edited-1024x576.webp',NULL,NULL,'first-content-image',NULL,NULL,'https://aggressivegraphix.com/wp-content/uploads/2025/02/IMG_2741-1-edited-1024x576.webp',NULL,'first-content-image',NULL,3,NULL,NULL,'2024-10-27 23:39:58','2025-09-10 01:41:43',1,NULL,NULL,NULL,NULL,0,3,2,'2025-09-09 19:41:43','2024-10-27 23:40:06',0),(22,'https://aggressivegraphix.com/shop/two-tone-seat-cover/','55:61ec5f956b4a6217aebe8092f5d2b848',122,'post','product',1,0,NULL,'Tired of your butt sliding off your seat when you\'re seat bouncing that triple? Get a custom gripper seat cover to keep you planted on that bike!','Two-tone Seat Cover','publish',NULL,0,NULL,NULL,NULL,'motocross seat cover two tone',49,90,0,NULL,0,NULL,NULL,NULL,NULL,'https://aggressivegraphix.com/wp-content/uploads/2024/10/2tonegripper.webp',NULL,'453','featured-image',NULL,NULL,'https://aggressivegraphix.com/wp-content/uploads/2024/10/2tonegripper.webp','453','featured-image','{\"width\":720,\"height\":720,\"filesize\":24888,\"url\":\"https://aggressivegraphix.com/wp-content/uploads/2024/10/2tonegripper.webp\",\"path\":\"/home3/aggrest5/public_html/wp-content/uploads/2024/10/2tonegripper.webp\",\"size\":\"full\",\"id\":453,\"alt\":\"\",\"pixels\":518400,\"type\":\"image/webp\"}',0,6,NULL,'2024-10-28 00:12:19','2025-09-09 22:07:10',1,NULL,NULL,NULL,NULL,0,1,2,'2025-08-13 18:42:10','2024-10-28 00:21:36',0),(23,'https://aggressivegraphix.com/product-category/outfit-bike/custom-graphics-kits/','80:e80e032467f45df292d3e909e6850a89',24,'term','product_cat',NULL,NULL,'%%term_title%%%%page%% %%sep%% %%sitename%%','Graphics design with you, not just for you. Every dirt bike and quad graphic is designed from scratch and tailored to your needs. You get the kit YOU want.','Custom Graphics kits',NULL,NULL,0,NULL,NULL,NULL,'motocross dirt bike graphics',65,90,0,NULL,NULL,NULL,NULL,NULL,NULL,NULL,NULL,NULL,NULL,NULL,NULL,NULL,NULL,NULL,NULL,0,NULL,NULL,'2024-10-31 01:28:44','2025-10-03 20:52:35',1,NULL,NULL,NULL,NULL,1,NULL,2,'2025-10-03 14:52:35','2024-11-01 00:21:12',NULL),(24,'https://aggressivegraphix.com/website_675b3277/product-category/outfit-bike/seat-covers/','88:27d826ccdd54fb83ced7905952e8f334',25,'term','product_cat',NULL,NULL,NULL,NULL,'Seat Covers',NULL,NULL,0,NULL,NULL,NULL,NULL,NULL,0,0,NULL,NULL,NULL,NULL,NULL,NULL,NULL,NULL,NULL,NULL,NULL,NULL,NULL,NULL,NULL,NULL,0,NULL,NULL,'2024-10-31 01:29:13','2025-10-02 19:56:17',1,NULL,NULL,NULL,NULL,1,NULL,2,'2025-10-02 13:56:16','2024-10-28 00:21:36',NULL),(25,'https://aggressivegraphix.com/website_675b3277/product-category/outfit-bike/plastic-kits/','89:6e635748930e891027e24482c408ac15',26,'term','product_cat',NULL,NULL,NULL,NULL,'Plastic kits',NULL,NULL,0,NULL,NULL,NULL,NULL,NULL,0,0,NULL,NULL,NULL,NULL,NULL,NULL,NULL,NULL,NULL,NULL,NULL,NULL,NULL,NULL,NULL,NULL,0,NULL,NULL,'2024-10-31 01:29:25','2025-02-20 23:59:46',1,NULL,NULL,NULL,NULL,1,NULL,2,NULL,NULL,NULL),(26,'https://aggressivegraphix.com/website_675b3277/product-category/outfit-bike/','76:3c992db3b1aeb8d480142b0d6317b8bb',27,'term','product_cat',NULL,NULL,NULL,NULL,'Outfit Bike',NULL,NULL,0,NULL,NULL,NULL,NULL,NULL,NULL,0,NULL,NULL,NULL,NULL,NULL,NULL,NULL,NULL,NULL,NULL,NULL,NULL,NULL,NULL,NULL,NULL,0,NULL,NULL,'2024-10-31 01:30:14','2025-10-03 20:52:35',1,NULL,NULL,NULL,NULL,0,NULL,2,'2025-10-03 14:52:35','2024-10-28 00:21:36',NULL),(27,'https://aggressivegraphix.com/website_675b3277/product-category/rider-accessories/','82:0094b07908d97118b8283ece1bcf49c6',28,'term','product_cat',NULL,NULL,NULL,NULL,'Rider Accessories',NULL,NULL,0,NULL,NULL,NULL,NULL,NULL,NULL,0,NULL,NULL,NULL,NULL,NULL,NULL,NULL,NULL,NULL,NULL,NULL,NULL,NULL,NULL,NULL,NULL,0,NULL,NULL,'2024-10-31 01:31:23','2025-08-11 23:16:26',1,NULL,NULL,NULL,NULL,0,NULL,2,'2025-08-11 17:16:26','2024-12-18 20:17:30',NULL),(28,'https://aggressivegraphix.com/product-category/rider-accessories/jersey-lettering/','82:2589d99314a58ff62eb60160a910dde6',29,'term','product_cat',NULL,NULL,'%%term_title%% %%page%% %%sep%% %%sitename%%','Customize your jersey with your name, number, and logos using our stylish fonts and eye popping colors. Let those other riders know who is faster.','Jersey Lettering',NULL,NULL,0,NULL,NULL,NULL,'custom jersey lettering prints',65,90,0,NULL,NULL,NULL,NULL,NULL,NULL,NULL,NULL,NULL,NULL,NULL,NULL,NULL,NULL,NULL,NULL,0,NULL,NULL,'2024-10-31 01:31:43','2025-08-11 23:16:26',1,NULL,NULL,NULL,NULL,1,NULL,2,'2025-08-11 17:16:26','2024-12-18 20:17:30',NULL),(29,'https://aggressivegraphix.com/website_675b3277/product-category/rider-accessories/goggles/','90:a2086668782574f45c5d1d89976c2f4b',30,'term','product_cat',NULL,NULL,NULL,NULL,'Goggles',NULL,NULL,0,NULL,NULL,NULL,NULL,NULL,NULL,0,NULL,NULL,NULL,NULL,NULL,NULL,NULL,NULL,NULL,NULL,NULL,NULL,NULL,NULL,NULL,NULL,0,NULL,NULL,'2024-10-31 01:32:14','2025-02-20 23:59:46',1,NULL,NULL,NULL,NULL,1,NULL,2,'2025-02-11 21:49:49','2025-02-11 19:43:25',NULL),(30,'https://aggressivegraphix.com/website_675b3277/product-category/rider-accessories/goggle-accessories/','101:8abbc5a4264154b3518ccc358c9bfdd9',31,'term','product_cat',NULL,NULL,NULL,NULL,'Goggle Accessories',NULL,NULL,0,NULL,NULL,NULL,NULL,NULL,NULL,0,NULL,NULL,NULL,NULL,NULL,NULL,NULL,NULL,NULL,NULL,NULL,NULL,NULL,NULL,NULL,NULL,0,NULL,NULL,'2024-10-31 01:32:28','2025-02-20 23:59:46',1,NULL,NULL,NULL,NULL,1,NULL,2,'2025-02-11 19:32:27','2025-02-11 17:06:05',NULL),(31,'https://aggressivegraphix.com/website_675b3277/product-category/rider-accessories/merchandise/','94:6e607da242a10655f1de7ee23dedb28e',32,'term','product_cat',NULL,NULL,NULL,NULL,'Merchandise',NULL,NULL,0,NULL,NULL,NULL,NULL,NULL,NULL,0,NULL,NULL,NULL,NULL,NULL,NULL,NULL,NULL,NULL,NULL,NULL,NULL,NULL,NULL,NULL,NULL,0,NULL,NULL,'2024-10-31 01:32:45','2025-02-20 23:59:46',1,NULL,NULL,NULL,NULL,1,NULL,2,NULL,NULL,NULL),(32,'https://aggressivegraphix.com/website_675b3277/product-category/rider-accessories/merchandise/apparel/','102:dc9abdb074a82cabe831d17640dc978b',33,'term','product_cat',NULL,NULL,NULL,NULL,'Apparel',NULL,NULL,0,NULL,NULL,NULL,NULL,NULL,NULL,0,NULL,NULL,NULL,NULL,NULL,NULL,NULL,NULL,NULL,NULL,NULL,NULL,NULL,NULL,NULL,NULL,0,NULL,NULL,'2024-10-31 01:33:12','2025-02-20 23:59:46',1,NULL,NULL,NULL,NULL,1,NULL,2,NULL,NULL,NULL),(33,'https://aggressivegraphix.com/website_675b3277/product-category/rider-accessories/merchandise/hats/','99:12dde9784eada0e7f8824acfdcc5588b',34,'term','product_cat',NULL,NULL,NULL,NULL,'Hats',NULL,NULL,0,NULL,NULL,NULL,NULL,NULL,NULL,0,NULL,NULL,NULL,NULL,NULL,NULL,NULL,NULL,NULL,NULL,NULL,NULL,NULL,NULL,NULL,NULL,0,NULL,NULL,'2024-10-31 01:33:25','2025-02-20 23:59:46',1,NULL,NULL,NULL,NULL,1,NULL,2,NULL,NULL,NULL),(34,'https://aggressivegraphix.com/website_675b3277/product-category/rider-accessories/merchandise/sunglasses/','105:4dc7c977f96f50ffbe4c7fe3401c04c6',35,'term','product_cat',NULL,NULL,NULL,NULL,'Sunglasses',NULL,NULL,0,NULL,NULL,NULL,NULL,NULL,NULL,0,NULL,NULL,NULL,NULL,NULL,NULL,NULL,NULL,NULL,NULL,NULL,NULL,NULL,NULL,NULL,NULL,0,NULL,NULL,'2024-10-31 01:33:37','2025-02-20 23:59:46',1,NULL,NULL,NULL,NULL,1,NULL,2,NULL,NULL,NULL),(35,'https://aggressivegraphix.com/product-category/canopies-and-accessories/','72:afea57180619d2d6e6a9e96d99dab16b',36,'term','product_cat',NULL,NULL,NULL,'Transform your pit or event setup to look like a pro! Stand out with a custom printed canopy and accessories to bring more attention.','Canopies and Accessories',NULL,NULL,0,NULL,NULL,NULL,'custom canopy 10x10 10x15 10x20 full wall half wall table cloth flag',62,90,0,NULL,NULL,NULL,NULL,NULL,NULL,NULL,NULL,NULL,NULL,NULL,NULL,NULL,NULL,NULL,NULL,0,NULL,NULL,'2024-10-31 01:34:15','2025-09-10 01:25:47',1,NULL,NULL,NULL,NULL,0,NULL,2,'2025-09-09 19:25:47','2025-02-11 22:02:11',NULL),(36,'https://aggressivegraphix.com/product-category/canopies-and-accessories/canopies/','81:8a32e1aa226ff03f877c3bee28d3b75d',37,'term','product_cat',NULL,NULL,NULL,NULL,'Canopies',NULL,NULL,0,NULL,NULL,NULL,NULL,NULL,0,0,NULL,NULL,NULL,NULL,NULL,NULL,NULL,NULL,NULL,NULL,NULL,NULL,NULL,NULL,NULL,NULL,0,NULL,NULL,'2024-10-31 01:34:28','2025-09-10 01:25:47',1,NULL,NULL,NULL,NULL,1,NULL,2,'2025-09-09 19:25:47','2025-02-11 22:02:11',NULL),(37,'https://aggressivegraphix.com/product-category/canopies-and-accessories/half-walls/','83:7c8f4000b4e23098bf9418469964125e',38,'term','product_cat',NULL,NULL,NULL,NULL,'Half Walls',NULL,NULL,0,NULL,NULL,NULL,NULL,NULL,NULL,0,NULL,NULL,NULL,NULL,NULL,NULL,NULL,NULL,NULL,NULL,NULL,NULL,NULL,NULL,NULL,NULL,0,NULL,NULL,'2024-10-31 01:35:00','2025-08-11 21:49:44',1,NULL,NULL,NULL,NULL,1,NULL,2,'2025-02-20 17:03:08','2025-02-19 17:56:39',NULL),(38,'https://aggressivegraphix.com/product-category/canopies-and-accessories/full-walls/','83:c1e485676c084f582e6d9b81671a6dd7',39,'term','product_cat',NULL,NULL,NULL,NULL,'Full Walls',NULL,NULL,0,NULL,NULL,NULL,NULL,NULL,NULL,0,NULL,NULL,NULL,NULL,NULL,NULL,NULL,NULL,NULL,NULL,NULL,NULL,NULL,NULL,NULL,NULL,0,NULL,NULL,'2024-10-31 01:35:16','2025-08-11 21:49:44',1,NULL,NULL,NULL,NULL,1,NULL,2,'2025-02-20 20:24:40',NULL,NULL),(39,'https://aggressivegraphix.com/product-category/canopies-and-accessories/flags/','78:3cb6c51c6045a2dfcc467b9a4b59b4b0',40,'term','product_cat',NULL,NULL,NULL,NULL,'Flags',NULL,NULL,0,NULL,NULL,NULL,NULL,NULL,NULL,0,NULL,NULL,NULL,NULL,NULL,NULL,NULL,NULL,NULL,NULL,NULL,NULL,NULL,NULL,NULL,NULL,0,NULL,NULL,'2024-10-31 01:35:31','2025-08-11 21:49:44',1,NULL,NULL,NULL,NULL,1,NULL,2,NULL,NULL,NULL),(40,'https://aggressivegraphix.com/product-category/canopies-and-accessories/table-cloths/','85:f3fc047b8a31b920d6dfd1919e07ba6b',41,'term','product_cat',NULL,NULL,NULL,NULL,'Table Cloths',NULL,NULL,0,NULL,NULL,NULL,NULL,NULL,NULL,0,NULL,NULL,NULL,NULL,NULL,NULL,NULL,NULL,NULL,NULL,NULL,NULL,NULL,NULL,NULL,NULL,0,NULL,NULL,'2024-10-31 01:35:43','2025-08-11 21:49:44',1,NULL,NULL,NULL,NULL,1,NULL,2,'2025-06-17 18:26:57',NULL,NULL),(41,'https://aggressivegraphix.com/product-category/canopies-and-accessories/setup-accessories/','90:6422d8ef3fddf229862c6b9e6c9ae6b2',42,'term','product_cat',NULL,NULL,NULL,NULL,'Setup accessories',NULL,NULL,0,NULL,NULL,NULL,NULL,NULL,NULL,0,NULL,NULL,NULL,NULL,NULL,NULL,NULL,NULL,NULL,NULL,NULL,NULL,NULL,NULL,NULL,NULL,0,NULL,NULL,'2024-10-31 01:36:11','2025-08-11 21:49:44',1,NULL,NULL,NULL,NULL,1,NULL,2,'2025-02-26 18:20:28',NULL,NULL),(42,'https://aggressivegraphix.com/website_675b3277/product-tag/honda/','65:fa92db52c437c3dc67016797b97e229d',43,'term','product_tag',NULL,NULL,NULL,NULL,'Honda',NULL,NULL,0,NULL,NULL,NULL,NULL,NULL,NULL,0,NULL,NULL,NULL,NULL,NULL,NULL,NULL,NULL,NULL,NULL,NULL,NULL,NULL,NULL,NULL,NULL,0,NULL,NULL,'2024-10-31 01:37:54','2025-02-21 00:14:36',1,NULL,NULL,NULL,NULL,0,NULL,2,'2025-02-17 21:55:09','2024-11-21 17:25:20',NULL),(43,'https://aggressivegraphix.com/website_675b3277/product-tag/suzuki/','66:292a67af37f428f39ed9d0bdfa8cf123',44,'term','product_tag',NULL,NULL,NULL,NULL,'Suzuki',NULL,NULL,0,NULL,NULL,NULL,NULL,NULL,NULL,0,NULL,NULL,NULL,NULL,NULL,NULL,NULL,NULL,NULL,NULL,NULL,NULL,NULL,NULL,NULL,NULL,0,NULL,NULL,'2024-10-31 01:37:59','2025-02-21 00:14:36',1,NULL,NULL,NULL,NULL,0,NULL,2,NULL,NULL,NULL),(44,'https://aggressivegraphix.com/website_675b3277/product-tag/kawasaki/','68:a77be8df46783626e1a90b61c0484f05',45,'term','product_tag',NULL,NULL,NULL,NULL,'Kawasaki',NULL,NULL,0,NULL,NULL,NULL,NULL,NULL,NULL,0,NULL,NULL,NULL,NULL,NULL,NULL,NULL,NULL,NULL,NULL,NULL,NULL,NULL,NULL,NULL,NULL,0,NULL,NULL,'2024-10-31 01:38:05','2025-02-21 00:14:36',1,NULL,NULL,NULL,NULL,0,NULL,2,NULL,NULL,NULL),(45,'https://aggressivegraphix.com/website_675b3277/product-tag/yamaha/','66:9fd73a0bd8a74535183a75c55280f91d',46,'term','product_tag',NULL,NULL,NULL,NULL,'Yamaha',NULL,NULL,0,NULL,NULL,NULL,NULL,NULL,NULL,0,NULL,NULL,NULL,NULL,NULL,NULL,NULL,NULL,NULL,NULL,NULL,NULL,NULL,NULL,NULL,NULL,0,NULL,NULL,'2024-10-31 01:38:09','2025-02-21 00:14:36',1,NULL,NULL,NULL,NULL,0,NULL,2,NULL,NULL,NULL),(46,'https://aggressivegraphix.com/website_675b3277/product-tag/ktm/','63:7aadeb6c97feb93517dfafbf87a68215',47,'term','product_tag',NULL,NULL,NULL,NULL,'KTM',NULL,NULL,0,NULL,NULL,NULL,NULL,NULL,NULL,0,NULL,NULL,NULL,NULL,NULL,NULL,NULL,NULL,NULL,NULL,NULL,NULL,NULL,NULL,NULL,NULL,0,NULL,NULL,'2024-10-31 01:38:54','2025-02-21 00:14:36',1,NULL,NULL,NULL,NULL,0,NULL,2,NULL,NULL,NULL),(47,'https://aggressivegraphix.com/website_675b3277/product-tag/husqvarna/','69:3e70ed683e3bb4a48cd86ec4d964bc36',48,'term','product_tag',NULL,NULL,NULL,NULL,'Husqvarna',NULL,NULL,0,NULL,NULL,NULL,NULL,NULL,NULL,0,NULL,NULL,NULL,NULL,NULL,NULL,NULL,NULL,NULL,NULL,NULL,NULL,NULL,NULL,NULL,NULL,0,NULL,NULL,'2024-10-31 01:39:06','2025-02-21 00:14:36',1,NULL,NULL,NULL,NULL,0,NULL,2,NULL,NULL,NULL),(48,'https://aggressivegraphix.com/website_675b3277/product-tag/gasgas/','66:2214808aa40613ffe1791333d37854d3',49,'term','product_tag',NULL,NULL,NULL,NULL,'GasGas',NULL,NULL,0,NULL,NULL,NULL,NULL,NULL,NULL,0,NULL,NULL,NULL,NULL,NULL,NULL,NULL,NULL,NULL,NULL,NULL,NULL,NULL,NULL,NULL,NULL,0,NULL,NULL,'2024-10-31 01:39:18','2025-02-21 00:14:36',1,NULL,NULL,NULL,NULL,0,NULL,2,NULL,NULL,NULL),(49,'https://aggressivegraphix.com/website_675b3277/product-tag/stark/','65:9e348a86299d0ed95b5553a374f33926',50,'term','product_tag',NULL,NULL,NULL,NULL,'Stark',NULL,NULL,0,NULL,NULL,NULL,NULL,NULL,NULL,0,NULL,NULL,NULL,NULL,NULL,NULL,NULL,NULL,NULL,NULL,NULL,NULL,NULL,NULL,NULL,NULL,0,NULL,NULL,'2024-10-31 01:39:25','2025-02-21 00:14:36',1,NULL,NULL,NULL,NULL,0,NULL,2,NULL,NULL,NULL),(50,'https://aggressivegraphix.com/website_675b3277/product-tag/beta/','64:84ba8637ad50308897cd28c8b41cb291',51,'term','product_tag',NULL,NULL,NULL,NULL,'Beta',NULL,NULL,0,NULL,NULL,NULL,NULL,NULL,NULL,0,NULL,NULL,NULL,NULL,NULL,NULL,NULL,NULL,NULL,NULL,NULL,NULL,NULL,NULL,NULL,NULL,0,NULL,NULL,'2024-10-31 01:40:29','2025-02-21 00:14:36',1,NULL,NULL,NULL,NULL,0,NULL,2,NULL,NULL,NULL),(51,'https://aggressivegraphix.com/website_675b3277/product-tag/triumph/','67:a80a3216701432bd5b8c4041f97d3816',52,'term','product_tag',NULL,NULL,NULL,NULL,'Triumph',NULL,NULL,0,NULL,NULL,NULL,NULL,NULL,NULL,0,NULL,NULL,NULL,NULL,NULL,NULL,NULL,NULL,NULL,NULL,NULL,NULL,NULL,NULL,NULL,NULL,0,NULL,NULL,'2024-10-31 01:43:42','2025-02-21 00:14:36',1,NULL,NULL,NULL,NULL,0,NULL,2,NULL,NULL,NULL),(52,'https://aggressivegraphix.com/shop/custom-full-decal-kit/','57:d3553f2b672355e4263cab22ee049082',486,'post','product',1,0,NULL,NULL,'Custom full decal kit','publish',NULL,0,NULL,NULL,NULL,NULL,NULL,90,0,NULL,0,NULL,NULL,NULL,NULL,'https://aggressivegraphix.com/wp-content/uploads/2024/11/customfullbikedecals.webp',NULL,'516','featured-image',NULL,NULL,'https://aggressivegraphix.com/wp-content/uploads/2024/11/customfullbikedecals.webp','516','featured-image','{\"width\":640,\"height\":640,\"filesize\":52908,\"url\":\"https://aggressivegraphix.com/wp-content/uploads/2024/11/customfullbikedecals.webp\",\"path\":\"/home3/aggrest5/public_html/wp-content/uploads/2024/11/customfullbikedecals.webp\",\"size\":\"full\",\"id\":516,\"alt\":\"\",\"pixels\":409600,\"type\":\"image/webp\"}',12,3,NULL,'2024-11-01 00:10:36','2025-10-03 20:52:35',1,NULL,NULL,NULL,NULL,0,1,2,'2025-10-03 14:52:35','2024-11-01 00:21:12',0),(53,'https://aggressivegraphix.com/shop/custom-trim-kit/','51:9faeb7645be755b6e880f7ae14c6bfaa',700,'post','product',1,0,NULL,NULL,'Custom trim kit','publish',NULL,0,NULL,NULL,NULL,NULL,NULL,90,0,NULL,0,NULL,NULL,NULL,NULL,'https://aggressivegraphix.com/wp-content/uploads/2024/11/customtrimkitdecals.webp',NULL,'750','featured-image',NULL,NULL,'https://aggressivegraphix.com/wp-content/uploads/2024/11/customtrimkitdecals.webp','750','featured-image','{\"width\":640,\"height\":640,\"filesize\":46668,\"url\":\"https://aggressivegraphix.com/wp-content/uploads/2024/11/customtrimkitdecals.webp\",\"path\":\"/home3/aggrest5/public_html/wp-content/uploads/2024/11/customtrimkitdecals.webp\",\"size\":\"full\",\"id\":750,\"alt\":\"\",\"pixels\":409600,\"type\":\"image/webp\"}',0,3,NULL,'2024-11-11 00:50:39','2025-10-02 02:18:48',1,NULL,NULL,NULL,NULL,0,1,2,'2025-10-01 20:18:48','2024-11-11 00:50:39',0),(54,'https://aggressivegraphix.com/shop/custom-number-plate-kit/','59:526d1bde77fa64464111b91f5a420360',858,'post','product',1,0,NULL,NULL,'Custom number plate kit','publish',NULL,0,NULL,NULL,NULL,NULL,NULL,90,0,NULL,0,NULL,NULL,NULL,NULL,'https://aggressivegraphix.com/wp-content/uploads/2024/11/customnumberplatekit.webp',NULL,'859','featured-image',NULL,NULL,'https://aggressivegraphix.com/wp-content/uploads/2024/11/customnumberplatekit.webp','859','featured-image','{\"width\":640,\"height\":640,\"filesize\":29128,\"url\":\"https://aggressivegraphix.com/wp-content/uploads/2024/11/customnumberplatekit.webp\",\"path\":\"/home3/aggrest5/public_html/wp-content/uploads/2024/11/customnumberplatekit.webp\",\"size\":\"full\",\"id\":859,\"alt\":\"\",\"pixels\":409600,\"type\":\"image/webp\"}',0,3,NULL,'2024-11-11 01:38:00','2025-09-10 01:01:39',1,NULL,NULL,NULL,NULL,0,1,2,'2025-09-09 19:01:39','2024-11-11 01:38:00',0),(55,'https://aggressivegraphix.com/shop/custom-shroud-kit/','53:eba75b7102acb2c60c0112ae812e108d',910,'post','product',1,0,NULL,NULL,'Custom shroud kit','publish',NULL,0,NULL,NULL,NULL,NULL,NULL,90,0,NULL,0,NULL,NULL,NULL,NULL,'https://aggressivegraphix.com/wp-content/uploads/2024/11/customshrouddecals.webp',NULL,'939','featured-image',NULL,NULL,'https://aggressivegraphix.com/wp-content/uploads/2024/11/customshrouddecals.webp','939','featured-image','{\"width\":640,\"height\":640,\"filesize\":21760,\"url\":\"https://aggressivegraphix.com/wp-content/uploads/2024/11/customshrouddecals.webp\",\"path\":\"/home3/aggrest5/public_html/wp-content/uploads/2024/11/customshrouddecals.webp\",\"size\":\"full\",\"id\":939,\"alt\":\"\",\"pixels\":409600,\"type\":\"image/webp\"}',0,NULL,NULL,'2024-11-11 23:49:11','2025-09-10 01:04:47',1,NULL,NULL,NULL,NULL,0,1,2,'2025-09-09 19:04:47','2024-11-11 23:49:11',0),(56,'https://aggressivegraphix.com/shop/solid-seat-cover/','52:7e6f3daf1372fa7994ac068c97ba80a6',1027,'post','product',1,0,NULL,'Tired of your butt sliding off your seat when you\'re seat bouncing that triple? Get a custom gripper seat cover to keep you planted on that bike!','Solid Seat Cover','publish',NULL,0,NULL,NULL,NULL,'motocross seat cover gripper seat',47,90,0,NULL,0,NULL,NULL,NULL,NULL,'https://aggressivegraphix.com/wp-content/uploads/2024/11/solidseatcover-black.png',NULL,'3654','featured-image',NULL,NULL,'https://aggressivegraphix.com/wp-content/uploads/2024/11/solidseatcover-black.png','3654','featured-image','{\"width\":720,\"height\":720,\"filesize\":43166,\"url\":\"https://aggressivegraphix.com/wp-content/uploads/2024/11/solidseatcover-black.png\",\"path\":\"/home3/aggrest5/public_html/wp-content/uploads/2024/11/solidseatcover-black.png\",\"size\":\"full\",\"id\":3654,\"alt\":\"\",\"pixels\":518400,\"type\":\"image/png\"}',0,6,NULL,'2024-11-12 02:12:22','2025-09-10 00:57:24',1,NULL,NULL,NULL,NULL,0,1,2,'2025-09-09 18:57:24','2024-11-12 02:12:22',0),(57,'https://aggressivegraphix.com/shop/custom-fender-kit/','53:fabae94c088d992cfc4181b21424c022',1103,'post','product',1,0,NULL,NULL,'Custom fender kit','publish',NULL,0,NULL,NULL,NULL,NULL,NULL,90,0,NULL,0,NULL,NULL,NULL,NULL,'https://aggressivegraphix.com/wp-content/uploads/2024/11/customfenderdecals.webp',NULL,'1104','featured-image',NULL,NULL,'https://aggressivegraphix.com/wp-content/uploads/2024/11/customfenderdecals.webp','1104','featured-image','{\"width\":640,\"height\":640,\"filesize\":28868,\"url\":\"https://aggressivegraphix.com/wp-content/uploads/2024/11/customfenderdecals.webp\",\"path\":\"/home3/aggrest5/public_html/wp-content/uploads/2024/11/customfenderdecals.webp\",\"size\":\"full\",\"id\":1104,\"alt\":\"\",\"pixels\":409600,\"type\":\"image/webp\"}',0,NULL,NULL,'2024-11-12 02:48:59','2025-09-10 01:18:03',1,NULL,NULL,NULL,NULL,0,1,2,'2025-09-09 19:18:03','2024-11-12 02:48:59',0),(58,'https://aggressivegraphix.com/website_675b3277/product-category/outfit-bike/semi-custom-graphics-kits/','102:9b1e59c92c9d8c85a2388fb79ff87fe6',53,'term','product_cat',NULL,NULL,NULL,NULL,'Semi-custom Graphics kits',NULL,NULL,0,NULL,NULL,NULL,NULL,NULL,0,0,NULL,NULL,NULL,NULL,NULL,NULL,NULL,NULL,NULL,NULL,NULL,NULL,NULL,NULL,NULL,NULL,0,NULL,NULL,'2024-11-21 17:11:46','2025-09-10 01:03:19',1,NULL,NULL,NULL,NULL,1,NULL,2,'2025-09-09 19:03:18','2025-02-11 15:42:02',NULL),(59,'https://aggressivegraphix.com/website_675b3277/product-category/outfit-bike/semi-custom-number-plates/','102:40e93c2e715622c8cf9dbca517b62cf8',54,'term','product_cat',NULL,NULL,NULL,NULL,'Semi-custom Number Plates',NULL,NULL,0,NULL,NULL,NULL,NULL,NULL,0,0,NULL,NULL,NULL,NULL,NULL,NULL,NULL,NULL,NULL,NULL,NULL,NULL,NULL,NULL,NULL,NULL,0,NULL,NULL,'2024-11-21 17:12:18','2025-09-10 01:03:19',1,NULL,NULL,NULL,NULL,1,NULL,2,'2025-09-09 19:03:18','2024-11-21 17:25:20',NULL),(61,'https://aggressivegraphix.com/wraps-and-tint/color-change-wraps/','64:efbeed49b2ff32077d384870d6ef6b13',1212,'post','page',1,95,NULL,'Let\'s transform the look of your car, truck, or SUV with a color change wrap, chrome delete, or custom striping.','Style wraps','publish',NULL,0,NULL,NULL,NULL,'vehicle wrap car truck chrome delete stripe kit',69,60,0,NULL,0,NULL,NULL,NULL,NULL,'https://aggressivegraphix.com/wp-content/uploads/2025/06/IMG_2559.jpg',NULL,'3111','featured-image',NULL,NULL,'https://aggressivegraphix.com/wp-content/uploads/2025/06/IMG_2559.jpg','3111','featured-image','{\"width\":1080,\"height\":1440,\"filesize\":1982149,\"url\":\"https://aggressivegraphix.com/wp-content/uploads/2025/06/IMG_2559.jpg\",\"path\":\"/home3/aggrest5/public_html/wp-content/uploads/2025/06/IMG_2559.jpg\",\"size\":\"full\",\"id\":3111,\"alt\":\"vehicle wrap\",\"pixels\":1555200,\"type\":\"image/jpeg\"}',1,0,NULL,'2024-12-18 16:40:15','2025-08-30 01:55:24',1,NULL,NULL,NULL,NULL,1,4,2,'2025-08-29 19:55:24','2024-12-18 16:40:15',0),(62,'https://aggressivegraphix.com/wraps-and-tint/commercial-wraps-and-lettering/','76:6708d7b75af3abce1f58ca1855353070',1214,'post','page',1,95,NULL,'Transform your work fleet into eye catching mobile billboards on the road. Wrapping your truck or trailer is an investment to your business','Commercial wraps and lettering','publish',NULL,0,NULL,NULL,NULL,'vehicle wrap truck trailer commercial lettering branding',58,90,0,NULL,0,NULL,NULL,NULL,NULL,'https://aggressivegraphix.com/wp-content/uploads/2025/05/IMG_3649.webp',NULL,'2860','featured-image',NULL,NULL,'https://aggressivegraphix.com/wp-content/uploads/2025/05/IMG_3649.webp','2860','featured-image','{\"width\":1024,\"height\":1365,\"filesize\":1690170,\"url\":\"https://aggressivegraphix.com/wp-content/uploads/2025/05/IMG_3649.webp\",\"path\":\"/home3/aggrest5/public_html/wp-content/uploads/2025/05/IMG_3649.webp\",\"size\":\"full\",\"id\":2860,\"alt\":\"\",\"pixels\":1397760,\"type\":\"image/webp\"}',0,0,NULL,'2024-12-18 16:41:11','2025-09-19 00:46:30',1,NULL,NULL,NULL,NULL,1,2,2,'2025-09-18 18:46:30','2024-12-18 16:41:11',0),(63,'https://aggressivegraphix.com/wraps-and-tint/window-tint/','57:980514b06ab1c663494a7682f6ace567',1216,'post','page',1,95,NULL,'Protect the inside of your car or truck from harsh UV with automotive window tint. Feel the difference as soon as you leave','Window Tint Services','publish',NULL,0,NULL,NULL,NULL,'window tint car truck suv vehicle building store',62,90,0,NULL,0,NULL,NULL,NULL,NULL,'https://aggressivegraphix.com/wp-content/uploads/2025/03/factorytint.webp',NULL,NULL,'first-content-image',NULL,NULL,'https://aggressivegraphix.com/wp-content/uploads/2025/03/factorytint.webp',NULL,'first-content-image',NULL,0,0,NULL,'2024-12-18 16:42:28','2025-09-18 23:19:19',1,NULL,NULL,NULL,NULL,1,4,2,'2025-09-18 17:19:19','2024-12-18 16:42:28',0),(64,'https://aggressivegraphix.com/shop/avenger/','43:096bb536d8883851e5adeca2336f644e',1271,'post','product',1,0,NULL,NULL,'Avenger','publish',NULL,0,NULL,NULL,NULL,NULL,NULL,90,0,NULL,0,NULL,NULL,NULL,NULL,'https://aggressivegraphix.com/wp-content/uploads/2024/12/jersey-avenger.webp',NULL,'1272','featured-image',NULL,NULL,'https://aggressivegraphix.com/wp-content/uploads/2024/12/jersey-avenger.webp','1272','featured-image','{\"width\":800,\"height\":800,\"filesize\":29386,\"url\":\"https://aggressivegraphix.com/wp-content/uploads/2024/12/jersey-avenger.webp\",\"path\":\"/home3/aggrest5/public_html/wp-content/uploads/2024/12/jersey-avenger.webp\",\"size\":\"full\",\"id\":1272,\"alt\":\"\",\"pixels\":640000,\"type\":\"image/webp\"}',0,NULL,NULL,'2024-12-18 20:17:30','2025-09-09 22:07:10',1,NULL,NULL,NULL,NULL,0,1,2,'2025-02-11 16:42:27','2024-12-18 20:17:30',0),(68,'https://aggressivegraphix.com/shop/bada-boom/','45:54d045d63c63778cf641f0f7cec96f84',1392,'post','product',1,0,NULL,NULL,'Bada Boom','publish',NULL,0,NULL,NULL,NULL,NULL,NULL,90,0,NULL,0,NULL,NULL,NULL,NULL,'https://aggressivegraphix.com/wp-content/uploads/2024/12/jersey-badaboom.webp',NULL,'1393','featured-image',NULL,NULL,'https://aggressivegraphix.com/wp-content/uploads/2024/12/jersey-badaboom.webp','1393','featured-image','{\"width\":800,\"height\":800,\"filesize\":30180,\"url\":\"https://aggressivegraphix.com/wp-content/uploads/2024/12/jersey-badaboom.webp\",\"path\":\"/home3/aggrest5/public_html/wp-content/uploads/2024/12/jersey-badaboom.webp\",\"size\":\"full\",\"id\":1393,\"alt\":\"\",\"pixels\":640000,\"type\":\"image/webp\"}',0,NULL,NULL,'2024-12-19 17:40:59','2025-09-09 22:07:10',1,NULL,NULL,NULL,NULL,0,1,2,'2025-02-11 16:41:34','2024-12-19 17:40:59',0),(69,'https://aggressivegraphix.com/shop/black-slab/','46:8f40ac30ea483f576667f966761b3c4c',1413,'post','product',1,0,NULL,NULL,'Black Slab','publish',NULL,0,NULL,NULL,NULL,NULL,NULL,90,0,NULL,0,NULL,NULL,NULL,NULL,'https://aggressivegraphix.com/wp-content/uploads/2024/12/jersey-blackslab.webp',NULL,'1394','featured-image',NULL,NULL,'https://aggressivegraphix.com/wp-content/uploads/2024/12/jersey-blackslab.webp','1394','featured-image','{\"width\":800,\"height\":800,\"filesize\":26828,\"url\":\"https://aggressivegraphix.com/wp-content/uploads/2024/12/jersey-blackslab.webp\",\"path\":\"/home3/aggrest5/public_html/wp-content/uploads/2024/12/jersey-blackslab.webp\",\"size\":\"full\",\"id\":1394,\"alt\":\"\",\"pixels\":640000,\"type\":\"image/webp\"}',0,NULL,NULL,'2024-12-19 18:41:30','2025-09-09 22:07:10',1,NULL,NULL,NULL,NULL,0,1,2,'2025-02-11 16:40:56','2024-12-19 18:41:30',0),(70,'https://aggressivegraphix.com/shop/dodger-super-i/','50:8dea1a86ba9d995d244d8fd0e21d0a29',1414,'post','product',1,0,NULL,NULL,'Dodger Super-I','publish',NULL,0,NULL,NULL,NULL,NULL,NULL,90,0,NULL,0,NULL,NULL,NULL,NULL,'https://aggressivegraphix.com/wp-content/uploads/2024/12/jersey-dodgersuperI.webp',NULL,'1395','featured-image',NULL,NULL,'https://aggressivegraphix.com/wp-content/uploads/2024/12/jersey-dodgersuperI.webp','1395','featured-image','{\"width\":800,\"height\":800,\"filesize\":27972,\"url\":\"https://aggressivegraphix.com/wp-content/uploads/2024/12/jersey-dodgersuperI.webp\",\"path\":\"/home3/aggrest5/public_html/wp-content/uploads/2024/12/jersey-dodgersuperI.webp\",\"size\":\"full\",\"id\":1395,\"alt\":\"\",\"pixels\":640000,\"type\":\"image/webp\"}',0,NULL,NULL,'2024-12-19 19:19:30','2025-09-09 22:07:10',1,NULL,NULL,NULL,NULL,0,1,2,'2025-02-11 16:40:16','2024-12-19 19:19:30',0),(71,'https://aggressivegraphix.com/shop/enter-sansman/','49:232cb9c918a1911798a4df84595b0b30',1415,'post','product',1,0,NULL,NULL,'Enter Sansman','publish',NULL,0,NULL,NULL,NULL,NULL,NULL,90,0,NULL,0,NULL,NULL,NULL,NULL,'https://aggressivegraphix.com/wp-content/uploads/2024/12/jersey-entersansman.webp',NULL,'1396','featured-image',NULL,NULL,'https://aggressivegraphix.com/wp-content/uploads/2024/12/jersey-entersansman.webp','1396','featured-image','{\"width\":800,\"height\":800,\"filesize\":26414,\"url\":\"https://aggressivegraphix.com/wp-content/uploads/2024/12/jersey-entersansman.webp\",\"path\":\"/home3/aggrest5/public_html/wp-content/uploads/2024/12/jersey-entersansman.webp\",\"size\":\"full\",\"id\":1396,\"alt\":\"\",\"pixels\":640000,\"type\":\"image/webp\"}',0,NULL,NULL,'2024-12-19 19:20:37','2025-09-09 22:07:10',1,NULL,NULL,NULL,NULL,0,1,2,'2025-02-11 16:38:24','2024-12-19 19:20:36',0),(72,'https://aggressivegraphix.com/shop/enter-sansman-mod/','53:ce5ba9709e606a8495a38291aa18e2a0',1416,'post','product',1,0,NULL,NULL,'Enter Sansman Mod','publish',NULL,0,NULL,NULL,NULL,NULL,NULL,90,0,NULL,0,NULL,NULL,NULL,NULL,'https://aggressivegraphix.com/wp-content/uploads/2024/12/jersey-entersansmod.webp',NULL,'1397','featured-image',NULL,NULL,'https://aggressivegraphix.com/wp-content/uploads/2024/12/jersey-entersansmod.webp','1397','featured-image','{\"width\":800,\"height\":800,\"filesize\":28972,\"url\":\"https://aggressivegraphix.com/wp-content/uploads/2024/12/jersey-entersansmod.webp\",\"path\":\"/home3/aggrest5/public_html/wp-content/uploads/2024/12/jersey-entersansmod.webp\",\"size\":\"full\",\"id\":1397,\"alt\":\"\",\"pixels\":640000,\"type\":\"image/webp\"}',0,NULL,NULL,'2024-12-19 19:21:32','2025-09-09 22:07:10',1,NULL,NULL,NULL,NULL,0,1,2,'2025-02-11 16:26:24','2024-12-19 19:21:32',0),(73,'https://aggressivegraphix.com/shop/freshman/','44:d4523232e58ed8dda5933746fb154d26',1417,'post','product',1,0,NULL,NULL,'Freshman','publish',NULL,0,NULL,NULL,NULL,NULL,NULL,90,0,NULL,0,NULL,NULL,NULL,NULL,'https://aggressivegraphix.com/wp-content/uploads/2024/12/jersey-freshman.webp',NULL,'1398','featured-image',NULL,NULL,'https://aggressivegraphix.com/wp-content/uploads/2024/12/jersey-freshman.webp','1398','featured-image','{\"width\":800,\"height\":800,\"filesize\":26852,\"url\":\"https://aggressivegraphix.com/wp-content/uploads/2024/12/jersey-freshman.webp\",\"path\":\"/home3/aggrest5/public_html/wp-content/uploads/2024/12/jersey-freshman.webp\",\"size\":\"full\",\"id\":1398,\"alt\":\"\",\"pixels\":640000,\"type\":\"image/webp\"}',0,NULL,NULL,'2024-12-19 19:23:12','2025-09-09 22:07:10',1,NULL,NULL,NULL,NULL,0,1,2,'2025-02-11 16:37:27','2024-12-19 19:23:12',0),(74,'https://aggressivegraphix.com/shop/gunplay/','43:4191347c8c3d07ab0476189f1bbf4689',1418,'post','product',1,0,NULL,NULL,'Gunplay','publish',NULL,0,NULL,NULL,NULL,NULL,NULL,90,0,NULL,0,NULL,NULL,NULL,NULL,'https://aggressivegraphix.com/wp-content/uploads/2024/12/jersey-gunplay.webp',NULL,'1399','featured-image',NULL,NULL,'https://aggressivegraphix.com/wp-content/uploads/2024/12/jersey-gunplay.webp','1399','featured-image','{\"width\":800,\"height\":800,\"filesize\":28112,\"url\":\"https://aggressivegraphix.com/wp-content/uploads/2024/12/jersey-gunplay.webp\",\"path\":\"/home3/aggrest5/public_html/wp-content/uploads/2024/12/jersey-gunplay.webp\",\"size\":\"full\",\"id\":1399,\"alt\":\"\",\"pixels\":640000,\"type\":\"image/webp\"}',0,NULL,NULL,'2024-12-19 19:24:05','2025-09-09 21:55:20',1,NULL,NULL,NULL,NULL,0,1,2,'2025-02-11 16:36:47','2024-12-19 19:24:05',0),(75,'https://aggressivegraphix.com/shop/gunplay-mod/','47:62aa1223eaa597eaf62c97966817844c',1419,'post','product',1,0,NULL,NULL,'Gunplay Mod','publish',NULL,0,NULL,NULL,NULL,NULL,NULL,90,0,NULL,0,NULL,NULL,NULL,NULL,'https://aggressivegraphix.com/wp-content/uploads/2024/12/jersey-gunplaymod.webp',NULL,'1400','featured-image',NULL,NULL,'https://aggressivegraphix.com/wp-content/uploads/2024/12/jersey-gunplaymod.webp','1400','featured-image','{\"width\":800,\"height\":800,\"filesize\":30894,\"url\":\"https://aggressivegraphix.com/wp-content/uploads/2024/12/jersey-gunplaymod.webp\",\"path\":\"/home3/aggrest5/public_html/wp-content/uploads/2024/12/jersey-gunplaymod.webp\",\"size\":\"full\",\"id\":1400,\"alt\":\"\",\"pixels\":640000,\"type\":\"image/webp\"}',0,NULL,NULL,'2024-12-19 19:24:45','2025-09-09 21:55:20',1,NULL,NULL,NULL,NULL,0,1,2,'2025-02-11 16:35:53','2024-12-19 19:24:45',0),(76,'https://aggressivegraphix.com/shop/impact/','42:1729a7932e512eb425138a6fbbacbe0a',1420,'post','product',1,0,NULL,NULL,'Impact','publish',NULL,0,NULL,NULL,NULL,NULL,NULL,90,0,NULL,0,NULL,NULL,NULL,NULL,'https://aggressivegraphix.com/wp-content/uploads/2024/12/jersey-impact.webp',NULL,'1401','featured-image',NULL,NULL,'https://aggressivegraphix.com/wp-content/uploads/2024/12/jersey-impact.webp','1401','featured-image','{\"width\":800,\"height\":800,\"filesize\":27734,\"url\":\"https://aggressivegraphix.com/wp-content/uploads/2024/12/jersey-impact.webp\",\"path\":\"/home3/aggrest5/public_html/wp-content/uploads/2024/12/jersey-impact.webp\",\"size\":\"full\",\"id\":1401,\"alt\":\"\",\"pixels\":640000,\"type\":\"image/webp\"}',0,NULL,NULL,'2024-12-19 19:25:28','2025-09-09 21:55:20',1,NULL,NULL,NULL,NULL,0,1,2,'2025-02-11 16:35:13','2024-12-19 19:25:28',0),(77,'https://aggressivegraphix.com/shop/impact-mod/','46:54f9f4ddb303c5ae2ef53c1ba963a3b4',1421,'post','product',1,0,NULL,NULL,'Impact Mod','publish',NULL,0,NULL,NULL,NULL,NULL,NULL,90,0,NULL,0,NULL,NULL,NULL,NULL,'https://aggressivegraphix.com/wp-content/uploads/2024/12/jersey-impactmod.webp',NULL,'1402','featured-image',NULL,NULL,'https://aggressivegraphix.com/wp-content/uploads/2024/12/jersey-impactmod.webp','1402','featured-image','{\"width\":800,\"height\":800,\"filesize\":30384,\"url\":\"https://aggressivegraphix.com/wp-content/uploads/2024/12/jersey-impactmod.webp\",\"path\":\"/home3/aggrest5/public_html/wp-content/uploads/2024/12/jersey-impactmod.webp\",\"size\":\"full\",\"id\":1402,\"alt\":\"\",\"pixels\":640000,\"type\":\"image/webp\"}',0,0,NULL,'2024-12-19 19:26:11','2025-09-09 21:55:20',1,NULL,NULL,NULL,NULL,0,1,2,'2025-02-11 16:34:32','2024-12-19 19:26:11',0),(78,'https://aggressivegraphix.com/shop/pricedown/','45:68bcd19ee8b276e05bb6e29933998fee',1422,'post','product',1,0,NULL,NULL,'Pricedown','publish',NULL,0,NULL,NULL,NULL,NULL,NULL,90,0,NULL,0,NULL,NULL,NULL,NULL,'https://aggressivegraphix.com/wp-content/uploads/2024/12/jersey-pricedown.webp',NULL,'1403','featured-image',NULL,NULL,'https://aggressivegraphix.com/wp-content/uploads/2024/12/jersey-pricedown.webp','1403','featured-image','{\"width\":800,\"height\":800,\"filesize\":26008,\"url\":\"https://aggressivegraphix.com/wp-content/uploads/2024/12/jersey-pricedown.webp\",\"path\":\"/home3/aggrest5/public_html/wp-content/uploads/2024/12/jersey-pricedown.webp\",\"size\":\"full\",\"id\":1403,\"alt\":\"\",\"pixels\":640000,\"type\":\"image/webp\"}',0,NULL,NULL,'2024-12-19 19:27:47','2025-09-09 21:55:20',1,NULL,NULL,NULL,NULL,0,1,2,'2025-02-11 16:33:33','2024-12-19 19:27:47',0),(79,'https://aggressivegraphix.com/shop/reklame/','43:b03ed5bc29ff118eae6e7523a47db825',1423,'post','product',1,0,NULL,NULL,'Reklame','publish',NULL,0,NULL,NULL,NULL,NULL,NULL,90,0,NULL,0,NULL,NULL,NULL,NULL,'https://aggressivegraphix.com/wp-content/uploads/2024/12/jersey-reklame.webp',NULL,'1404','featured-image',NULL,NULL,'https://aggressivegraphix.com/wp-content/uploads/2024/12/jersey-reklame.webp','1404','featured-image','{\"width\":800,\"height\":800,\"filesize\":31322,\"url\":\"https://aggressivegraphix.com/wp-content/uploads/2024/12/jersey-reklame.webp\",\"path\":\"/home3/aggrest5/public_html/wp-content/uploads/2024/12/jersey-reklame.webp\",\"size\":\"full\",\"id\":1404,\"alt\":\"\",\"pixels\":640000,\"type\":\"image/webp\"}',0,NULL,NULL,'2024-12-19 19:29:16','2025-09-09 21:55:20',1,NULL,NULL,NULL,NULL,0,1,2,'2025-02-11 16:32:46','2024-12-19 19:29:16',0),(80,'https://aggressivegraphix.com/shop/special-tld/','47:af26b199f9f3dcac6846f5d54132dcbb',1424,'post','product',1,0,NULL,NULL,'Special TLD','publish',NULL,0,NULL,NULL,NULL,NULL,NULL,90,0,NULL,0,NULL,NULL,NULL,NULL,'https://aggressivegraphix.com/wp-content/uploads/2024/12/jersey-specialtld.webp',NULL,'1405','featured-image',NULL,NULL,'https://aggressivegraphix.com/wp-content/uploads/2024/12/jersey-specialtld.webp','1405','featured-image','{\"width\":800,\"height\":800,\"filesize\":29010,\"url\":\"https://aggressivegraphix.com/wp-content/uploads/2024/12/jersey-specialtld.webp\",\"path\":\"/home3/aggrest5/public_html/wp-content/uploads/2024/12/jersey-specialtld.webp\",\"size\":\"full\",\"id\":1405,\"alt\":\"\",\"pixels\":640000,\"type\":\"image/webp\"}',0,1,NULL,'2024-12-19 19:30:02','2025-09-09 21:55:20',1,NULL,NULL,NULL,NULL,0,1,2,'2025-02-11 16:31:52','2024-12-19 19:30:02',0),(81,'https://aggressivegraphix.com/shop/stellar/','43:6b9608ebeba3771f76e94064b2b682db',1425,'post','product',1,0,NULL,NULL,'Stellar','publish',NULL,0,NULL,NULL,NULL,NULL,NULL,90,0,NULL,0,NULL,NULL,NULL,NULL,'https://aggressivegraphix.com/wp-content/uploads/2024/12/jersey-stellar.webp',NULL,'1406','featured-image',NULL,NULL,'https://aggressivegraphix.com/wp-content/uploads/2024/12/jersey-stellar.webp','1406','featured-image','{\"width\":800,\"height\":800,\"filesize\":25344,\"url\":\"https://aggressivegraphix.com/wp-content/uploads/2024/12/jersey-stellar.webp\",\"path\":\"/home3/aggrest5/public_html/wp-content/uploads/2024/12/jersey-stellar.webp\",\"size\":\"full\",\"id\":1406,\"alt\":\"\",\"pixels\":640000,\"type\":\"image/webp\"}',0,1,NULL,'2024-12-19 19:31:02','2025-09-09 21:55:20',1,NULL,NULL,NULL,NULL,0,1,2,'2025-02-11 16:31:04','2024-12-19 19:31:02',0),(82,'https://aggressivegraphix.com/shop/teko/','40:53012cf822f13aa236d81f81e5530f95',1426,'post','product',1,0,NULL,NULL,'Teko','publish',NULL,0,NULL,NULL,NULL,NULL,NULL,90,0,NULL,0,NULL,NULL,NULL,NULL,'https://aggressivegraphix.com/wp-content/uploads/2024/12/jersey-teko.webp',NULL,'1407','featured-image',NULL,NULL,'https://aggressivegraphix.com/wp-content/uploads/2024/12/jersey-teko.webp','1407','featured-image','{\"width\":800,\"height\":800,\"filesize\":26390,\"url\":\"https://aggressivegraphix.com/wp-content/uploads/2024/12/jersey-teko.webp\",\"path\":\"/home3/aggrest5/public_html/wp-content/uploads/2024/12/jersey-teko.webp\",\"size\":\"full\",\"id\":1407,\"alt\":\"\",\"pixels\":640000,\"type\":\"image/webp\"}',0,1,NULL,'2024-12-19 19:31:57','2025-09-09 21:55:20',1,NULL,NULL,NULL,NULL,0,1,2,'2025-02-11 16:29:56','2024-12-19 19:31:57',0),(83,'https://aggressivegraphix.com/shop/vip/','39:5268632be856184bdf660dfd0da405b5',1427,'post','product',1,0,NULL,NULL,'VIP','publish',NULL,0,NULL,NULL,NULL,NULL,NULL,90,0,NULL,0,NULL,NULL,NULL,NULL,'https://aggressivegraphix.com/wp-content/uploads/2024/12/jersey-VIP.webp',NULL,'1408','featured-image',NULL,NULL,'https://aggressivegraphix.com/wp-content/uploads/2024/12/jersey-VIP.webp','1408','featured-image','{\"width\":800,\"height\":800,\"filesize\":26424,\"url\":\"https://aggressivegraphix.com/wp-content/uploads/2024/12/jersey-VIP.webp\",\"path\":\"/home3/aggrest5/public_html/wp-content/uploads/2024/12/jersey-VIP.webp\",\"size\":\"full\",\"id\":1408,\"alt\":\"\",\"pixels\":640000,\"type\":\"image/webp\"}',0,1,NULL,'2024-12-19 19:32:40','2025-09-09 21:55:20',1,NULL,NULL,NULL,NULL,0,1,2,'2025-02-11 16:27:45','2024-12-19 19:32:40',0),(84,'https://aggressivegraphix.com/shop/5-rib-seat-cover/','52:f7e18add2236e9cfa455c71f4a7c8a34',1490,'post','product',1,0,NULL,'Tired of your butt sliding off your seat when you\'re seat bouncing that triple? Get a custom gripper seat cover to keep you planted on that bike!','5-Rib Seat Cover','publish',NULL,0,NULL,NULL,NULL,'motocross seat cover gripper seat 5 rib',47,90,0,NULL,0,NULL,NULL,NULL,NULL,'https://aggressivegraphix.com/wp-content/uploads/2024/12/5ribgripper.webp',NULL,'1493','featured-image',NULL,NULL,'https://aggressivegraphix.com/wp-content/uploads/2024/12/5ribgripper.webp','1493','featured-image','{\"width\":720,\"height\":720,\"filesize\":84980,\"url\":\"https://aggressivegraphix.com/wp-content/uploads/2024/12/5ribgripper.webp\",\"path\":\"/home3/aggrest5/public_html/wp-content/uploads/2024/12/5ribgripper.webp\",\"size\":\"full\",\"id\":1493,\"alt\":\"\",\"pixels\":518400,\"type\":\"image/webp\"}',0,6,NULL,'2024-12-19 21:57:20','2025-10-02 19:54:13',1,NULL,NULL,NULL,NULL,0,1,2,'2025-10-02 13:54:12','2024-12-19 21:57:19',0),(85,'https://aggressivegraphix.com/shop/3-rib-seat-cover/','52:c97a19c017669a876c457d83d5f866ec',1838,'post','product',1,0,NULL,'Tired of your butt sliding off your seat when you\'re seat bouncing that triple? Get a custom gripper seat cover to keep you planted on that bike!','3-Rib Seat Cover','publish',NULL,0,NULL,NULL,NULL,'motocross seat cover gripper seat 3 rib',47,90,0,NULL,0,NULL,NULL,NULL,NULL,'https://aggressivegraphix.com/wp-content/uploads/2025/01/3ribgripper.webp',NULL,'1839','featured-image',NULL,NULL,'https://aggressivegraphix.com/wp-content/uploads/2025/01/3ribgripper.webp','1839','featured-image','{\"width\":720,\"height\":720,\"filesize\":82550,\"url\":\"https://aggressivegraphix.com/wp-content/uploads/2025/01/3ribgripper.webp\",\"path\":\"/home3/aggrest5/public_html/wp-content/uploads/2025/01/3ribgripper.webp\",\"size\":\"full\",\"id\":1839,\"alt\":\"\",\"pixels\":518400,\"type\":\"image/webp\"}',0,6,NULL,'2025-01-10 00:43:42','2025-10-02 19:56:17',1,NULL,NULL,NULL,NULL,0,1,2,'2025-10-02 13:56:16','2025-01-10 00:43:42',0),(86,'https://aggressivegraphix.com/shop/graphics-re-print/','53:d3ffb55f30d8bf5d196e3ea9a10b977a',2008,'post','product',1,0,NULL,NULL,'Graphics Re-print','publish',NULL,0,NULL,NULL,NULL,NULL,NULL,60,0,NULL,0,NULL,NULL,NULL,NULL,'https://aggressivegraphix.com/wp-content/uploads/2025/02/graphics-reprints.webp',NULL,'2023','featured-image',NULL,NULL,'https://aggressivegraphix.com/wp-content/uploads/2025/02/graphics-reprints.webp','2023','featured-image','{\"width\":1024,\"height\":1024,\"filesize\":986690,\"url\":\"https://aggressivegraphix.com/wp-content/uploads/2025/02/graphics-reprints.webp\",\"path\":\"/home3/aggrest5/public_html/wp-content/uploads/2025/02/graphics-reprints.webp\",\"size\":\"full\",\"id\":2023,\"alt\":\"\",\"pixels\":1048576,\"type\":\"image/webp\"}',21,NULL,NULL,'2025-02-11 15:37:40','2025-09-10 01:03:19',1,NULL,NULL,NULL,NULL,0,1,2,'2025-09-09 19:03:18','2025-02-11 15:42:02',0),(87,'https://aggressivegraphix.com/shop/custom-swingarm-decals/','58:0fd265c6c173f57286d59f4bdc64ebd7',2025,'post','product',1,0,NULL,NULL,'Custom Swingarm Decals','publish',NULL,0,NULL,NULL,NULL,NULL,NULL,90,0,NULL,0,NULL,NULL,NULL,NULL,'https://aggressivegraphix.com/wp-content/uploads/2025/02/customswingarmdecals.webp',NULL,'2034','featured-image',NULL,NULL,'https://aggressivegraphix.com/wp-content/uploads/2025/02/customswingarmdecals.webp','2034','featured-image','{\"width\":640,\"height\":640,\"filesize\":43008,\"url\":\"https://aggressivegraphix.com/wp-content/uploads/2025/02/customswingarmdecals.webp\",\"path\":\"/home3/aggrest5/public_html/wp-content/uploads/2025/02/customswingarmdecals.webp\",\"size\":\"full\",\"id\":2034,\"alt\":\"\",\"pixels\":409600,\"type\":\"image/webp\"}',0,NULL,NULL,'2025-02-11 16:04:56','2025-09-10 01:15:41',1,NULL,NULL,NULL,NULL,0,1,2,'2025-09-09 19:15:41','2025-02-11 16:06:10',0),(88,'https://aggressivegraphix.com/website_675b3277/brand/flowvisionco/','66:d1104e330fc5b0eed34ed4b82f6960f6',63,'term','product_brand',NULL,NULL,NULL,NULL,'Flow Vision Co.',NULL,NULL,0,NULL,NULL,NULL,NULL,NULL,NULL,0,NULL,NULL,NULL,NULL,NULL,NULL,NULL,NULL,NULL,NULL,NULL,NULL,NULL,NULL,NULL,NULL,0,NULL,NULL,'2025-02-11 16:50:17','2025-02-12 04:49:49',1,NULL,NULL,NULL,NULL,0,NULL,2,'2025-02-11 21:49:49',NULL,NULL),(89,'https://aggressivegraphix.com/shop/tear-off-packs/','50:f275a1c81baebe8f5998df8e4d0edf7b',2045,'post','product',1,0,NULL,NULL,'Tear-off packs','publish',NULL,0,NULL,NULL,NULL,NULL,NULL,90,0,NULL,0,NULL,NULL,NULL,NULL,'https://aggressivegraphix.com/wp-content/uploads/2025/02/FlowVision_Single_Tearoffs.jpg',NULL,'2049','featured-image',NULL,NULL,'https://aggressivegraphix.com/wp-content/uploads/2025/02/FlowVision_Single_Tearoffs.jpg','2049','featured-image','{\"width\":898,\"height\":1024,\"filesize\":657958,\"url\":\"https://aggressivegraphix.com/wp-content/uploads/2025/02/FlowVision_Single_Tearoffs.jpg\",\"path\":\"/home3/aggrest5/public_html/wp-content/uploads/2025/02/FlowVision_Single_Tearoffs.jpg\",\"size\":\"full\",\"id\":2049,\"alt\":\"\",\"pixels\":919552,\"type\":\"image/jpeg\"}',0,NULL,NULL,'2025-02-11 16:58:47','2025-09-09 21:55:20',1,NULL,NULL,NULL,NULL,0,1,2,'2025-02-11 17:31:03','2025-02-11 17:06:05',0),(90,'https://aggressivegraphix.com/shop/element-film-refills/','56:eadb54f27e22b9ab62b6dd6f022ca922',2051,'post','product',1,0,NULL,NULL,'Element film refills','publish',NULL,0,NULL,NULL,NULL,NULL,NULL,90,0,NULL,0,NULL,NULL,NULL,NULL,'https://aggressivegraphix.com/wp-content/uploads/2025/02/FlowVision-RollOff-Film.jpg',NULL,'2054','featured-image',NULL,NULL,'https://aggressivegraphix.com/wp-content/uploads/2025/02/FlowVision-RollOff-Film.jpg','2054','featured-image','{\"width\":440,\"height\":440,\"filesize\":49925,\"url\":\"https://aggressivegraphix.com/wp-content/uploads/2025/02/FlowVision-RollOff-Film.jpg\",\"path\":\"/home3/aggrest5/public_html/wp-content/uploads/2025/02/FlowVision-RollOff-Film.jpg\",\"size\":\"full\",\"id\":2054,\"alt\":\"\",\"pixels\":193600,\"type\":\"image/jpeg\"}',0,NULL,NULL,'2025-02-11 17:23:47','2025-09-09 21:55:20',1,NULL,NULL,NULL,NULL,0,1,2,'2025-02-11 17:34:17','2025-02-11 17:25:44',0),(91,'https://aggressivegraphix.com/shop/replacement-clear-lenses/','60:f4c04e79389457e65759e88faa431c04',2055,'post','product',1,0,NULL,NULL,'Replacement clear lenses','publish',NULL,0,NULL,NULL,NULL,NULL,NULL,0,0,NULL,0,NULL,NULL,NULL,NULL,'https://aggressivegraphix.com/wp-content/uploads/2025/02/clear-lens.jpg',NULL,'2069','featured-image',NULL,NULL,'https://aggressivegraphix.com/wp-content/uploads/2025/02/clear-lens.jpg','2069','featured-image','{\"width\":1024,\"height\":767,\"filesize\":424915,\"url\":\"https://aggressivegraphix.com/wp-content/uploads/2025/02/clear-lens.jpg\",\"path\":\"/home3/aggrest5/public_html/wp-content/uploads/2025/02/clear-lens.jpg\",\"size\":\"full\",\"id\":2069,\"alt\":\"\",\"pixels\":785408,\"type\":\"image/jpeg\"}',0,NULL,NULL,'2025-02-11 17:41:48','2025-09-09 21:55:20',1,NULL,NULL,NULL,NULL,0,1,2,'2025-02-11 18:46:38','2025-02-11 18:46:32',0),(92,'https://aggressivegraphix.com/shop/replacement-mirrored-lenses/','63:61353709a53f4c1b1eed4120ff67a90f',2076,'post','product',1,0,NULL,NULL,'Replacement mirrored lenses','publish',NULL,0,NULL,NULL,NULL,NULL,NULL,0,0,NULL,0,NULL,NULL,NULL,NULL,'https://aggressivegraphix.com/wp-content/uploads/2025/02/revo-lens-pink.jpg',NULL,'2086','featured-image',NULL,NULL,'https://aggressivegraphix.com/wp-content/uploads/2025/02/revo-lens-pink.jpg','2086','featured-image','{\"width\":1024,\"height\":642,\"filesize\":89153,\"url\":\"https://aggressivegraphix.com/wp-content/uploads/2025/02/revo-lens-pink.jpg\",\"path\":\"/home3/aggrest5/public_html/wp-content/uploads/2025/02/revo-lens-pink.jpg\",\"size\":\"full\",\"id\":2086,\"alt\":\"\",\"pixels\":657408,\"type\":\"image/jpeg\"}',0,NULL,NULL,'2025-02-11 18:54:34','2025-09-09 21:55:20',1,NULL,NULL,NULL,NULL,0,1,2,'2025-02-11 19:05:12','2025-02-11 19:04:22',0),(93,'https://aggressivegraphix.com/shop/element-film-system-lens/','60:869e44cb486a705b03db7a54fed884f2',2097,'post','product',1,0,NULL,NULL,'Element film system lens','publish',NULL,0,NULL,NULL,NULL,NULL,NULL,90,0,NULL,0,NULL,NULL,NULL,NULL,'https://aggressivegraphix.com/wp-content/uploads/2025/02/elementfilmsystem-clear.jpg',NULL,'2100','featured-image',NULL,NULL,'https://aggressivegraphix.com/wp-content/uploads/2025/02/elementfilmsystem-clear.jpg','2100','featured-image','{\"width\":1024,\"height\":768,\"filesize\":240561,\"url\":\"https://aggressivegraphix.com/wp-content/uploads/2025/02/elementfilmsystem-clear.jpg\",\"path\":\"/home3/aggrest5/public_html/wp-content/uploads/2025/02/elementfilmsystem-clear.jpg\",\"size\":\"full\",\"id\":2100,\"alt\":\"\",\"pixels\":786432,\"type\":\"image/jpeg\"}',0,NULL,NULL,'2025-02-11 19:23:48','2025-09-09 21:55:20',1,NULL,NULL,NULL,NULL,0,1,2,'2025-02-11 19:26:21','2025-02-11 19:24:51',0),(94,'https://aggressivegraphix.com/shop/goggle-case/','47:45bf0958d7fcfe0d6240ea907214d4d1',2102,'post','product',1,0,NULL,NULL,'Goggle Case','publish',NULL,0,NULL,NULL,NULL,NULL,NULL,90,0,NULL,0,NULL,NULL,NULL,NULL,'https://aggressivegraphix.com/wp-content/uploads/2025/02/FlowVision-GoggleCase.png',NULL,'2104','featured-image',NULL,NULL,'https://aggressivegraphix.com/wp-content/uploads/2025/02/FlowVision-GoggleCase.png','2104','featured-image','{\"width\":478,\"height\":416,\"filesize\":283852,\"url\":\"https://aggressivegraphix.com/wp-content/uploads/2025/02/FlowVision-GoggleCase.png\",\"path\":\"/home3/aggrest5/public_html/wp-content/uploads/2025/02/FlowVision-GoggleCase.png\",\"size\":\"full\",\"id\":2104,\"alt\":\"\",\"pixels\":198848,\"type\":\"image/png\"}',0,NULL,NULL,'2025-02-11 19:31:20','2025-09-09 21:55:20',1,NULL,NULL,NULL,NULL,0,1,2,'2025-02-11 19:32:27','2025-02-11 19:31:20',0),(95,'https://aggressivegraphix.com/shop/flow-vision-rythem-goggle-white-black/','73:83fdc15538c39a554023bca81a219837',2105,'post','product',1,0,NULL,NULL,'Flow Vision Rythem™ Goggle: White/Black','publish',NULL,0,NULL,NULL,NULL,NULL,NULL,90,0,NULL,0,NULL,NULL,NULL,NULL,'https://aggressivegraphix.com/wp-content/uploads/2025/02/FlowVision_SX_SMX_Oakley_100__Goggles_Whiteblack_right_1024x1024.jpg',NULL,'2107','featured-image',NULL,NULL,'https://aggressivegraphix.com/wp-content/uploads/2025/02/FlowVision_SX_SMX_Oakley_100__Goggles_Whiteblack_right_1024x1024.jpg','2107','featured-image','{\"width\":1024,\"height\":543,\"filesize\":119196,\"url\":\"https://aggressivegraphix.com/wp-content/uploads/2025/02/FlowVision_SX_SMX_Oakley_100__Goggles_Whiteblack_right_1024x1024.jpg\",\"path\":\"/home3/aggrest5/public_html/wp-content/uploads/2025/02/FlowVision_SX_SMX_Oakley_100__Goggles_Whiteblack_right_1024x1024.jpg\",\"size\":\"full\",\"id\":2107,\"alt\":\"\",\"pixels\":556032,\"type\":\"image/jpeg\"}',0,NULL,NULL,'2025-02-11 19:43:25','2025-09-09 21:55:14',1,NULL,NULL,NULL,NULL,0,1,2,'2025-02-11 19:45:49','2025-02-11 19:43:25',0),(96,'https://aggressivegraphix.com/website_675b3277/product-tag/adult-goggles/','73:c4486ec16de950e12a8609ed8fc96682',64,'term','product_tag',NULL,NULL,NULL,NULL,'Adult goggles',NULL,NULL,0,NULL,NULL,NULL,NULL,NULL,NULL,0,NULL,NULL,NULL,NULL,NULL,NULL,NULL,NULL,NULL,NULL,NULL,NULL,NULL,NULL,NULL,NULL,0,NULL,NULL,'2025-02-11 19:43:31','2025-02-21 00:14:36',1,NULL,NULL,NULL,NULL,0,NULL,2,'2025-02-11 20:55:28','2025-02-11 19:43:25',NULL),(97,'https://aggressivegraphix.com/shop/flow-vision-rythem-goggle-valor/','67:a357ee2850cab3e75a2cff0d1b5075de',2111,'post','product',1,0,NULL,NULL,'Flow Vision Rythem™ Goggle: Valor','publish',NULL,0,NULL,NULL,NULL,NULL,NULL,90,0,NULL,0,NULL,NULL,NULL,NULL,'https://aggressivegraphix.com/wp-content/uploads/2025/02/FlowVision_Motocross_SMX_SX_100__Valor_Goggles_Right_1024x1024.jpg',NULL,'2112','featured-image',NULL,NULL,'https://aggressivegraphix.com/wp-content/uploads/2025/02/FlowVision_Motocross_SMX_SX_100__Valor_Goggles_Right_1024x1024.jpg','2112','featured-image','{\"width\":1024,\"height\":520,\"filesize\":205676,\"url\":\"https://aggressivegraphix.com/wp-content/uploads/2025/02/FlowVision_Motocross_SMX_SX_100__Valor_Goggles_Right_1024x1024.jpg\",\"path\":\"/home3/aggrest5/public_html/wp-content/uploads/2025/02/FlowVision_Motocross_SMX_SX_100__Valor_Goggles_Right_1024x1024.jpg\",\"size\":\"full\",\"id\":2112,\"alt\":\"\",\"pixels\":532480,\"type\":\"image/jpeg\"}',0,NULL,NULL,'2025-02-11 19:47:44','2025-09-09 21:55:15',1,NULL,NULL,NULL,NULL,0,1,2,'2025-02-11 19:53:34','2025-02-11 19:47:44',0),(98,'https://aggressivegraphix.com/shop/flow-vision-rythem-goggle-neon/','66:a0be0774f0ee7961693166d84f138558',2114,'post','product',1,0,NULL,NULL,'Flow Vision Rythem™ Goggle: Neon','publish',NULL,0,NULL,NULL,NULL,NULL,NULL,90,0,NULL,0,NULL,NULL,NULL,NULL,'https://aggressivegraphix.com/wp-content/uploads/2025/02/FlowVision_Motocross_SMX_SX_100__Neon_Goggles_Right_1024x1024.jpg',NULL,'2115','featured-image',NULL,NULL,'https://aggressivegraphix.com/wp-content/uploads/2025/02/FlowVision_Motocross_SMX_SX_100__Neon_Goggles_Right_1024x1024.jpg','2115','featured-image','{\"width\":1024,\"height\":518,\"filesize\":214743,\"url\":\"https://aggressivegraphix.com/wp-content/uploads/2025/02/FlowVision_Motocross_SMX_SX_100__Neon_Goggles_Right_1024x1024.jpg\",\"path\":\"/home3/aggrest5/public_html/wp-content/uploads/2025/02/FlowVision_Motocross_SMX_SX_100__Neon_Goggles_Right_1024x1024.jpg\",\"size\":\"full\",\"id\":2115,\"alt\":\"\",\"pixels\":530432,\"type\":\"image/jpeg\"}',0,NULL,NULL,'2025-02-11 19:56:41','2025-09-09 21:55:15',1,NULL,NULL,NULL,NULL,0,1,2,'2025-02-11 20:07:09','2025-02-11 19:56:41',0),(99,'https://aggressivegraphix.com/shop/flow-vision-rythem-goggle-gold-leaf/','71:c93673b46d1f21ef515dfe291d90072b',2117,'post','product',1,0,NULL,NULL,'Flow Vision Rythem™ Goggle: Gold Leaf','publish',NULL,0,NULL,NULL,NULL,NULL,NULL,90,0,NULL,0,NULL,NULL,NULL,NULL,'https://aggressivegraphix.com/wp-content/uploads/2025/02/FlowVision_Motocross_SMX_SX_100__Goldleaf_Goggles_Right_1024x1024.jpg',NULL,'2118','featured-image',NULL,NULL,'https://aggressivegraphix.com/wp-content/uploads/2025/02/FlowVision_Motocross_SMX_SX_100__Goldleaf_Goggles_Right_1024x1024.jpg','2118','featured-image','{\"width\":1024,\"height\":501,\"filesize\":209510,\"url\":\"https://aggressivegraphix.com/wp-content/uploads/2025/02/FlowVision_Motocross_SMX_SX_100__Goldleaf_Goggles_Right_1024x1024.jpg\",\"path\":\"/home3/aggrest5/public_html/wp-content/uploads/2025/02/FlowVision_Motocross_SMX_SX_100__Goldleaf_Goggles_Right_1024x1024.jpg\",\"size\":\"full\",\"id\":2118,\"alt\":\"\",\"pixels\":513024,\"type\":\"image/jpeg\"}',0,NULL,NULL,'2025-02-11 19:59:57','2025-09-09 21:55:15',1,NULL,NULL,NULL,NULL,0,1,2,'2025-02-11 20:07:56','2025-02-11 19:59:56',0),(100,'https://aggressivegraphix.com/shop/flow-vision-rythem-goggle-starship/','70:deea51746a5c7215465028a3e85700df',2120,'post','product',1,0,NULL,NULL,'Flow Vision Rythem™ Goggle: Starship','publish',NULL,0,NULL,NULL,NULL,NULL,NULL,90,0,NULL,0,NULL,NULL,NULL,NULL,'https://aggressivegraphix.com/wp-content/uploads/2025/02/FlowVision_Motocross_SMX_SX_100__Starship_Goggles_Right_1024x1024.jpg',NULL,'2121','featured-image',NULL,NULL,'https://aggressivegraphix.com/wp-content/uploads/2025/02/FlowVision_Motocross_SMX_SX_100__Starship_Goggles_Right_1024x1024.jpg','2121','featured-image','{\"width\":1024,\"height\":529,\"filesize\":218873,\"url\":\"https://aggressivegraphix.com/wp-content/uploads/2025/02/FlowVision_Motocross_SMX_SX_100__Starship_Goggles_Right_1024x1024.jpg\",\"path\":\"/home3/aggrest5/public_html/wp-content/uploads/2025/02/FlowVision_Motocross_SMX_SX_100__Starship_Goggles_Right_1024x1024.jpg\",\"size\":\"full\",\"id\":2121,\"alt\":\"\",\"pixels\":541696,\"type\":\"image/jpeg\"}',0,NULL,NULL,'2025-02-11 20:04:10','2025-09-09 21:55:15',1,NULL,NULL,NULL,NULL,0,1,2,'2025-02-11 20:06:22','2025-02-11 20:04:10',0),(101,'https://aggressivegraphix.com/shop/flow-vision-rythem-goggle-blue-angel/','72:b2afadd25b88e134fd95afaaebdb21dc',2123,'post','product',1,0,NULL,NULL,'Flow Vision Rythem™ Goggle: Blue Angel','publish',NULL,0,NULL,NULL,NULL,NULL,NULL,90,0,NULL,0,NULL,NULL,NULL,NULL,'https://aggressivegraphix.com/wp-content/uploads/2025/02/FlowVision_Blue_Angel__MX_SMX_LorettaLynns_Right_1024x1024.png',NULL,'2124','featured-image',NULL,NULL,'https://aggressivegraphix.com/wp-content/uploads/2025/02/FlowVision_Blue_Angel__MX_SMX_LorettaLynns_Right_1024x1024.png','2124','featured-image','{\"width\":1024,\"height\":391,\"filesize\":477262,\"url\":\"https://aggressivegraphix.com/wp-content/uploads/2025/02/FlowVision_Blue_Angel__MX_SMX_LorettaLynns_Right_1024x1024.png\",\"path\":\"/home3/aggrest5/public_html/wp-content/uploads/2025/02/FlowVision_Blue_Angel__MX_SMX_LorettaLynns_Right_1024x1024.png\",\"size\":\"full\",\"id\":2124,\"alt\":\"\",\"pixels\":400384,\"type\":\"image/png\"}',0,NULL,NULL,'2025-02-11 20:09:01','2025-09-09 21:55:15',1,NULL,NULL,NULL,NULL,0,1,2,'2025-02-11 20:11:47','2025-02-11 20:09:01',0),(102,'https://aggressivegraphix.com/shop/flow-vision-rythem-goggle-pipeline/','70:adfc4393e662b75a7a285192a0d47d52',2126,'post','product',1,0,NULL,NULL,'Flow Vision Rythem™ Goggle: Pipeline','publish',NULL,0,NULL,NULL,NULL,NULL,NULL,90,0,NULL,0,NULL,NULL,NULL,NULL,'https://aggressivegraphix.com/wp-content/uploads/2025/02/FlowVision_Pipeline__MX_SMX_LorettaLynns_Right_1024x1024.png',NULL,'2127','featured-image',NULL,NULL,'https://aggressivegraphix.com/wp-content/uploads/2025/02/FlowVision_Pipeline__MX_SMX_LorettaLynns_Right_1024x1024.png','2127','featured-image','{\"width\":1024,\"height\":391,\"filesize\":528866,\"url\":\"https://aggressivegraphix.com/wp-content/uploads/2025/02/FlowVision_Pipeline__MX_SMX_LorettaLynns_Right_1024x1024.png\",\"path\":\"/home3/aggrest5/public_html/wp-content/uploads/2025/02/FlowVision_Pipeline__MX_SMX_LorettaLynns_Right_1024x1024.png\",\"size\":\"full\",\"id\":2127,\"alt\":\"\",\"pixels\":400384,\"type\":\"image/png\"}',0,NULL,NULL,'2025-02-11 20:12:20','2025-09-09 21:55:15',1,NULL,NULL,NULL,NULL,0,1,2,'2025-02-11 20:14:48','2025-02-11 20:12:20',0),(103,'https://aggressivegraphix.com/shop/flow-vision-rythem-goggle-independence/','74:0ac4f6bbe22ec2ba6ff25d6246b69659',2129,'post','product',1,0,NULL,NULL,'Flow Vision Rythem™ Goggle: Independence','publish',NULL,0,NULL,NULL,NULL,NULL,NULL,90,0,NULL,0,NULL,NULL,NULL,NULL,'https://aggressivegraphix.com/wp-content/uploads/2025/02/FlowVision_SMX_MX_LorettaLynnsMX_Independence_Right_1024x1024.png',NULL,'2130','featured-image',NULL,NULL,'https://aggressivegraphix.com/wp-content/uploads/2025/02/FlowVision_SMX_MX_LorettaLynnsMX_Independence_Right_1024x1024.png','2130','featured-image','{\"width\":1024,\"height\":391,\"filesize\":635825,\"url\":\"https://aggressivegraphix.com/wp-content/uploads/2025/02/FlowVision_SMX_MX_LorettaLynnsMX_Independence_Right_1024x1024.png\",\"path\":\"/home3/aggrest5/public_html/wp-content/uploads/2025/02/FlowVision_SMX_MX_LorettaLynnsMX_Independence_Right_1024x1024.png\",\"size\":\"full\",\"id\":2130,\"alt\":\"\",\"pixels\":400384,\"type\":\"image/png\"}',0,NULL,NULL,'2025-02-11 20:17:12','2025-09-09 21:55:15',1,NULL,NULL,NULL,NULL,0,1,2,'2025-02-11 20:18:31','2025-02-11 20:17:12',0),(104,'https://aggressivegraphix.com/shop/flow-vision-rythem-goggle-magma/','67:ad7c416ceb692ca85c9837802a64933f',2132,'post','product',1,0,NULL,NULL,'Flow Vision Rythem™ Goggle: Magma','publish',NULL,0,NULL,NULL,NULL,NULL,NULL,90,0,NULL,0,NULL,NULL,NULL,NULL,'https://aggressivegraphix.com/wp-content/uploads/2025/02/FlowVision_SMX_MX_LorettaLynnsMX_Magma_Right_1024x1024.png',NULL,'2133','featured-image',NULL,NULL,'https://aggressivegraphix.com/wp-content/uploads/2025/02/FlowVision_SMX_MX_LorettaLynnsMX_Magma_Right_1024x1024.png','2133','featured-image','{\"width\":1024,\"height\":391,\"filesize\":601293,\"url\":\"https://aggressivegraphix.com/wp-content/uploads/2025/02/FlowVision_SMX_MX_LorettaLynnsMX_Magma_Right_1024x1024.png\",\"path\":\"/home3/aggrest5/public_html/wp-content/uploads/2025/02/FlowVision_SMX_MX_LorettaLynnsMX_Magma_Right_1024x1024.png\",\"size\":\"full\",\"id\":2133,\"alt\":\"\",\"pixels\":400384,\"type\":\"image/png\"}',0,NULL,NULL,'2025-02-11 20:19:11','2025-09-09 21:55:15',1,NULL,NULL,NULL,NULL,0,1,2,'2025-02-11 20:21:49','2025-02-11 20:19:11',0),(105,'https://aggressivegraphix.com/shop/flow-vision-rythem-goggle-jc/','64:8587d846b4e8ff5eb846cc5eb5317ff8',2135,'post','product',1,0,NULL,NULL,'Flow Vision Rythem™ Goggle: JC','publish',NULL,0,NULL,NULL,NULL,NULL,NULL,90,0,NULL,0,NULL,NULL,NULL,NULL,'https://aggressivegraphix.com/wp-content/uploads/2025/02/FlowVision_JC_MX_SX_Goggles_New_Right_1024x1024.png',NULL,'2136','featured-image',NULL,NULL,'https://aggressivegraphix.com/wp-content/uploads/2025/02/FlowVision_JC_MX_SX_Goggles_New_Right_1024x1024.png','2136','featured-image','{\"width\":1024,\"height\":391,\"filesize\":685019,\"url\":\"https://aggressivegraphix.com/wp-content/uploads/2025/02/FlowVision_JC_MX_SX_Goggles_New_Right_1024x1024.png\",\"path\":\"/home3/aggrest5/public_html/wp-content/uploads/2025/02/FlowVision_JC_MX_SX_Goggles_New_Right_1024x1024.png\",\"size\":\"full\",\"id\":2136,\"alt\":\"\",\"pixels\":400384,\"type\":\"image/png\"}',0,NULL,NULL,'2025-02-11 20:31:30','2025-09-09 21:55:15',1,NULL,NULL,NULL,NULL,0,1,2,'2025-02-11 20:37:57','2025-02-11 20:31:30',0),(106,'https://aggressivegraphix.com/shop/flow-vision-rythem-goggle-abstract/','70:ba800b3a85be69127ec23600af4b8cd7',2138,'post','product',1,0,NULL,NULL,'Flow Vision Rythem™ Goggle: Abstract','publish',NULL,0,NULL,NULL,NULL,NULL,NULL,90,0,NULL,0,NULL,NULL,NULL,NULL,'https://aggressivegraphix.com/wp-content/uploads/2025/02/FlowVision_MX_SMX_Dirtbike_Goggles__Right_1024x1024.png',NULL,'2139','featured-image',NULL,NULL,'https://aggressivegraphix.com/wp-content/uploads/2025/02/FlowVision_MX_SMX_Dirtbike_Goggles__Right_1024x1024.png','2139','featured-image','{\"width\":1024,\"height\":391,\"filesize\":476107,\"url\":\"https://aggressivegraphix.com/wp-content/uploads/2025/02/FlowVision_MX_SMX_Dirtbike_Goggles__Right_1024x1024.png\",\"path\":\"/home3/aggrest5/public_html/wp-content/uploads/2025/02/FlowVision_MX_SMX_Dirtbike_Goggles__Right_1024x1024.png\",\"size\":\"full\",\"id\":2139,\"alt\":\"\",\"pixels\":400384,\"type\":\"image/png\"}',0,NULL,NULL,'2025-02-11 20:40:45','2025-09-09 21:55:15',1,NULL,NULL,NULL,NULL,0,1,2,'2025-02-11 20:43:00','2025-02-11 20:40:45',0),(107,'https://aggressivegraphix.com/shop/flow-vision-rythem-goggle-2nd-amendment/','75:4e20eecafa64fd382c69bc955bfb6997',2141,'post','product',1,0,NULL,NULL,'Flow Vision Rythem™ Goggle: 2nd Amendment','publish',NULL,0,NULL,NULL,NULL,NULL,NULL,90,0,NULL,0,NULL,NULL,NULL,NULL,'https://aggressivegraphix.com/wp-content/uploads/2025/02/FlowVision_2nd_Amendment_MX_Goggles_Right_1024x1024.jpg',NULL,'2142','featured-image',NULL,NULL,'https://aggressivegraphix.com/wp-content/uploads/2025/02/FlowVision_2nd_Amendment_MX_Goggles_Right_1024x1024.jpg','2142','featured-image','{\"width\":1024,\"height\":482,\"filesize\":62168,\"url\":\"https://aggressivegraphix.com/wp-content/uploads/2025/02/FlowVision_2nd_Amendment_MX_Goggles_Right_1024x1024.jpg\",\"path\":\"/home3/aggrest5/public_html/wp-content/uploads/2025/02/FlowVision_2nd_Amendment_MX_Goggles_Right_1024x1024.jpg\",\"size\":\"full\",\"id\":2142,\"alt\":\"\",\"pixels\":493568,\"type\":\"image/jpeg\"}',0,NULL,NULL,'2025-02-11 20:45:59','2025-09-09 21:55:15',1,NULL,NULL,NULL,NULL,0,1,2,'2025-02-11 20:47:40','2025-02-11 20:45:59',0),(108,'https://aggressivegraphix.com/shop/flow-vision-rythem-goggle-freedom/','69:b85b69febf731f6113fe1b28da3fe865',2144,'post','product',1,0,NULL,NULL,'Flow Vision Rythem™ Goggle: Freedom','publish',NULL,0,NULL,NULL,NULL,NULL,NULL,90,0,NULL,0,NULL,NULL,NULL,NULL,'https://aggressivegraphix.com/wp-content/uploads/2025/02/FlowVision_Rythem_Freedom_MX_Goggles_Right_1024x1024.jpg',NULL,'2145','featured-image',NULL,NULL,'https://aggressivegraphix.com/wp-content/uploads/2025/02/FlowVision_Rythem_Freedom_MX_Goggles_Right_1024x1024.jpg','2145','featured-image','{\"width\":1024,\"height\":398,\"filesize\":42132,\"url\":\"https://aggressivegraphix.com/wp-content/uploads/2025/02/FlowVision_Rythem_Freedom_MX_Goggles_Right_1024x1024.jpg\",\"path\":\"/home3/aggrest5/public_html/wp-content/uploads/2025/02/FlowVision_Rythem_Freedom_MX_Goggles_Right_1024x1024.jpg\",\"size\":\"full\",\"id\":2145,\"alt\":\"\",\"pixels\":407552,\"type\":\"image/jpeg\"}',0,NULL,NULL,'2025-02-11 20:48:02','2025-09-09 21:55:15',1,NULL,NULL,NULL,NULL,0,1,2,'2025-02-11 20:53:35','2025-02-11 20:48:02',0),(109,'https://aggressivegraphix.com/shop/flow-vision-rythem-goggle-i-dont-kneel/','74:94dcd33c95037a9f6ff72df2871a8177',2147,'post','product',1,0,NULL,NULL,'Flow Vision Rythem™ Goggle: I Don&#8217;t Kneel','publish',NULL,0,NULL,NULL,NULL,NULL,NULL,90,0,NULL,0,NULL,NULL,NULL,NULL,'https://aggressivegraphix.com/wp-content/uploads/2025/02/FlowVision_Dirtbike_Goggles_IDontKneel_Ethos_1_1024x1024.jpg',NULL,'2149','featured-image',NULL,NULL,'https://aggressivegraphix.com/wp-content/uploads/2025/02/FlowVision_Dirtbike_Goggles_IDontKneel_Ethos_1_1024x1024.jpg','2149','featured-image','{\"width\":1023,\"height\":409,\"filesize\":80893,\"url\":\"https://aggressivegraphix.com/wp-content/uploads/2025/02/FlowVision_Dirtbike_Goggles_IDontKneel_Ethos_1_1024x1024.jpg\",\"path\":\"/home3/aggrest5/public_html/wp-content/uploads/2025/02/FlowVision_Dirtbike_Goggles_IDontKneel_Ethos_1_1024x1024.jpg\",\"size\":\"full\",\"id\":2149,\"alt\":\"\",\"pixels\":418407,\"type\":\"image/jpeg\"}',0,NULL,NULL,'2025-02-11 20:54:11','2025-09-09 21:55:15',1,NULL,NULL,NULL,NULL,0,1,2,'2025-02-11 20:55:28','2025-02-11 20:54:11',0),(110,'https://aggressivegraphix.com/shop/flow-vision-section-goggle-cg/','65:815306a1655834b9fef2004b5d43a261',2150,'post','product',1,0,NULL,NULL,'Flow Vision Section™ Goggle: CG','publish',NULL,0,NULL,NULL,NULL,NULL,NULL,90,0,NULL,0,NULL,NULL,NULL,NULL,'https://aggressivegraphix.com/wp-content/uploads/2025/02/FlowVision_Youth_CG_SX_Goggle_FZFOptics_right_1024x1024.jpg',NULL,'2151','featured-image',NULL,NULL,'https://aggressivegraphix.com/wp-content/uploads/2025/02/FlowVision_Youth_CG_SX_Goggle_FZFOptics_right_1024x1024.jpg','2151','featured-image','{\"width\":1023,\"height\":452,\"filesize\":44138,\"url\":\"https://aggressivegraphix.com/wp-content/uploads/2025/02/FlowVision_Youth_CG_SX_Goggle_FZFOptics_right_1024x1024.jpg\",\"path\":\"/home3/aggrest5/public_html/wp-content/uploads/2025/02/FlowVision_Youth_CG_SX_Goggle_FZFOptics_right_1024x1024.jpg\",\"size\":\"full\",\"id\":2151,\"alt\":\"\",\"pixels\":462396,\"type\":\"image/jpeg\"}',0,NULL,NULL,'2025-02-11 20:56:51','2025-09-09 21:55:15',1,NULL,NULL,NULL,NULL,0,1,2,'2025-02-11 20:59:41','2025-02-11 20:56:51',0),(111,'https://aggressivegraphix.com/website_675b3277/product-tag/youth-goggles/','73:5c825d49506012f3867b7f849b526450',65,'term','product_tag',NULL,NULL,NULL,NULL,'Youth goggles',NULL,NULL,0,NULL,NULL,NULL,NULL,NULL,NULL,0,NULL,NULL,NULL,NULL,NULL,NULL,NULL,NULL,NULL,NULL,NULL,NULL,NULL,NULL,NULL,NULL,0,NULL,NULL,'2025-02-11 20:58:38','2025-02-21 00:14:36',1,NULL,NULL,NULL,NULL,0,NULL,2,'2025-02-11 21:49:49','2025-02-11 20:56:51',NULL),(112,'https://aggressivegraphix.com/shop/flow-vision-section-goggle-the-liberty/','74:a390eca7fa3251bebf8f82f96c71ef24',2159,'post','product',1,0,NULL,NULL,'Flow Vision Section™ Goggle: The Liberty','publish',NULL,0,NULL,NULL,NULL,NULL,NULL,90,0,NULL,0,NULL,NULL,NULL,NULL,'https://aggressivegraphix.com/wp-content/uploads/2025/02/Flow_Vision_The_Liberty_EthosVision_MX_Goggle_Youth_Right_1024x1024.jpg',NULL,'2160','featured-image',NULL,NULL,'https://aggressivegraphix.com/wp-content/uploads/2025/02/Flow_Vision_The_Liberty_EthosVision_MX_Goggle_Youth_Right_1024x1024.jpg','2160','featured-image','{\"width\":1024,\"height\":438,\"filesize\":67281,\"url\":\"https://aggressivegraphix.com/wp-content/uploads/2025/02/Flow_Vision_The_Liberty_EthosVision_MX_Goggle_Youth_Right_1024x1024.jpg\",\"path\":\"/home3/aggrest5/public_html/wp-content/uploads/2025/02/Flow_Vision_The_Liberty_EthosVision_MX_Goggle_Youth_Right_1024x1024.jpg\",\"size\":\"full\",\"id\":2160,\"alt\":\"\",\"pixels\":448512,\"type\":\"image/jpeg\"}',0,NULL,NULL,'2025-02-11 21:12:14','2025-09-09 21:55:15',1,NULL,NULL,NULL,NULL,0,1,2,'2025-02-11 21:13:27','2025-02-11 21:12:14',0),(113,'https://aggressivegraphix.com/shop/flow-vision-section-goggle-black-white/','74:dac67a2c8434488502e74e4019ed73a8',2162,'post','product',1,0,NULL,NULL,'Flow Vision Section™ Goggle: Black/White','publish',NULL,0,NULL,NULL,NULL,NULL,NULL,90,0,NULL,0,NULL,NULL,NULL,NULL,'https://aggressivegraphix.com/wp-content/uploads/2025/02/FlowVision_Youth_MX_Goggles_BLKWHT_right.jpg',NULL,'2163','featured-image',NULL,NULL,'https://aggressivegraphix.com/wp-content/uploads/2025/02/FlowVision_Youth_MX_Goggles_BLKWHT_right.jpg','2163','featured-image','{\"width\":1094,\"height\":591,\"filesize\":459271,\"url\":\"https://aggressivegraphix.com/wp-content/uploads/2025/02/FlowVision_Youth_MX_Goggles_BLKWHT_right.jpg\",\"path\":\"/home3/aggrest5/public_html/wp-content/uploads/2025/02/FlowVision_Youth_MX_Goggles_BLKWHT_right.jpg\",\"size\":\"full\",\"id\":2163,\"alt\":\"\",\"pixels\":646554,\"type\":\"image/jpeg\"}',0,NULL,NULL,'2025-02-11 21:13:51','2025-09-09 21:55:15',1,NULL,NULL,NULL,NULL,0,1,2,'2025-02-11 21:15:18','2025-02-11 21:13:51',0),(114,'https://aggressivegraphix.com/shop/flow-vision-section-goggle-slamlife/','71:78a290131a4ce00787393b270974d996',2165,'post','product',1,0,NULL,NULL,'Flow Vision Section™ Goggle: Slamlife','publish',NULL,0,NULL,NULL,NULL,NULL,NULL,90,0,NULL,0,NULL,NULL,NULL,NULL,'https://aggressivegraphix.com/wp-content/uploads/2025/02/FlowVision_Youth_Slamlife_MX_Ethos_Vision_right_1024x1024.jpg',NULL,'2166','featured-image',NULL,NULL,'https://aggressivegraphix.com/wp-content/uploads/2025/02/FlowVision_Youth_Slamlife_MX_Ethos_Vision_right_1024x1024.jpg','2166','featured-image','{\"width\":1024,\"height\":497,\"filesize\":41947,\"url\":\"https://aggressivegraphix.com/wp-content/uploads/2025/02/FlowVision_Youth_Slamlife_MX_Ethos_Vision_right_1024x1024.jpg\",\"path\":\"/home3/aggrest5/public_html/wp-content/uploads/2025/02/FlowVision_Youth_Slamlife_MX_Ethos_Vision_right_1024x1024.jpg\",\"size\":\"full\",\"id\":2166,\"alt\":\"\",\"pixels\":508928,\"type\":\"image/jpeg\"}',0,NULL,NULL,'2025-02-11 21:15:49','2025-09-09 21:55:15',1,NULL,NULL,NULL,NULL,0,1,2,'2025-02-11 21:16:58','2025-02-11 21:15:49',0),(115,'https://aggressivegraphix.com/shop/flow-vision-section-goggle-flo-blue-black/','77:5d39b3c68b4c66e78354dc5f218beffe',2168,'post','product',1,0,NULL,NULL,'Flow Vision Section™ Goggle: Flo/Blue/Black','publish',NULL,0,NULL,NULL,NULL,NULL,NULL,90,0,NULL,0,NULL,NULL,NULL,NULL,'https://aggressivegraphix.com/wp-content/uploads/2025/02/FlowVision_Flo_Blue_Black_Youth-MxGoggle_DirtBikes1.jpg',NULL,'2170','featured-image',NULL,NULL,'https://aggressivegraphix.com/wp-content/uploads/2025/02/FlowVision_Flo_Blue_Black_Youth-MxGoggle_DirtBikes1.jpg','2170','featured-image','{\"width\":1094,\"height\":502,\"filesize\":397039,\"url\":\"https://aggressivegraphix.com/wp-content/uploads/2025/02/FlowVision_Flo_Blue_Black_Youth-MxGoggle_DirtBikes1.jpg\",\"path\":\"/home3/aggrest5/public_html/wp-content/uploads/2025/02/FlowVision_Flo_Blue_Black_Youth-MxGoggle_DirtBikes1.jpg\",\"size\":\"full\",\"id\":2170,\"alt\":\"\",\"pixels\":549188,\"type\":\"image/jpeg\"}',0,NULL,NULL,'2025-02-11 21:22:41','2025-09-09 21:55:15',1,NULL,NULL,NULL,NULL,0,1,2,'2025-02-11 21:24:17','2025-02-11 21:22:41',0),(116,'https://aggressivegraphix.com/shop/flow-vision-section-goggle-sharks/','69:80f2c5fc6016affed583f92279948e1a',2171,'post','product',1,0,NULL,NULL,'Flow Vision Section™ Goggle: Sharks','publish',NULL,0,NULL,NULL,NULL,NULL,NULL,90,0,NULL,0,NULL,NULL,NULL,NULL,'https://aggressivegraphix.com/wp-content/uploads/2025/02/FlowVision_youth_Section_MX_Shark_Goggles_right_1024x1024.jpg',NULL,'2172','featured-image',NULL,NULL,'https://aggressivegraphix.com/wp-content/uploads/2025/02/FlowVision_youth_Section_MX_Shark_Goggles_right_1024x1024.jpg','2172','featured-image','{\"width\":1024,\"height\":368,\"filesize\":46226,\"url\":\"https://aggressivegraphix.com/wp-content/uploads/2025/02/FlowVision_youth_Section_MX_Shark_Goggles_right_1024x1024.jpg\",\"path\":\"/home3/aggrest5/public_html/wp-content/uploads/2025/02/FlowVision_youth_Section_MX_Shark_Goggles_right_1024x1024.jpg\",\"size\":\"full\",\"id\":2172,\"alt\":\"\",\"pixels\":376832,\"type\":\"image/jpeg\"}',0,NULL,NULL,'2025-02-11 21:25:01','2025-09-09 21:55:15',1,NULL,NULL,NULL,NULL,0,1,2,'2025-02-11 21:26:31','2025-02-11 21:25:01',0),(117,'https://aggressivegraphix.com/shop/flow-vision-section-goggle-zombies/','70:cfe3731b393585f2d7aee1a1b314c5b4',2174,'post','product',1,0,NULL,NULL,'Flow Vision Section™ Goggle: Zombies','publish',NULL,0,NULL,NULL,NULL,NULL,NULL,90,0,NULL,0,NULL,NULL,NULL,NULL,'https://aggressivegraphix.com/wp-content/uploads/2025/02/Flow_Vision_Mx_Goggles_Havoc_Youth_Zombies_Right_1024x1024.jpg',NULL,'2175','featured-image',NULL,NULL,'https://aggressivegraphix.com/wp-content/uploads/2025/02/Flow_Vision_Mx_Goggles_Havoc_Youth_Zombies_Right_1024x1024.jpg','2175','featured-image','{\"width\":1024,\"height\":419,\"filesize\":68912,\"url\":\"https://aggressivegraphix.com/wp-content/uploads/2025/02/Flow_Vision_Mx_Goggles_Havoc_Youth_Zombies_Right_1024x1024.jpg\",\"path\":\"/home3/aggrest5/public_html/wp-content/uploads/2025/02/Flow_Vision_Mx_Goggles_Havoc_Youth_Zombies_Right_1024x1024.jpg\",\"size\":\"full\",\"id\":2175,\"alt\":\"\",\"pixels\":429056,\"type\":\"image/jpeg\"}',0,NULL,NULL,'2025-02-11 21:28:03','2025-09-09 21:55:05',1,NULL,NULL,NULL,NULL,0,1,2,'2025-02-11 21:29:20','2025-02-11 21:28:03',0),(118,'https://aggressivegraphix.com/shop/flow-vision-section-goggle-black-orange/','75:dc151a91b128dd8340e5a1281c33d3a3',2180,'post','product',1,0,NULL,NULL,'Flow Vision Section™ Goggle: Black/Orange','publish',NULL,0,NULL,NULL,NULL,NULL,NULL,90,0,NULL,0,NULL,NULL,NULL,NULL,'https://aggressivegraphix.com/wp-content/uploads/2025/02/FlowVision_Motocross_Youth_Goggles_Black_Orange_Right_1024x1024.jpg',NULL,'2181','featured-image',NULL,NULL,'https://aggressivegraphix.com/wp-content/uploads/2025/02/FlowVision_Motocross_Youth_Goggles_Black_Orange_Right_1024x1024.jpg','2181','featured-image','{\"width\":1024,\"height\":402,\"filesize\":29644,\"url\":\"https://aggressivegraphix.com/wp-content/uploads/2025/02/FlowVision_Motocross_Youth_Goggles_Black_Orange_Right_1024x1024.jpg\",\"path\":\"/home3/aggrest5/public_html/wp-content/uploads/2025/02/FlowVision_Motocross_Youth_Goggles_Black_Orange_Right_1024x1024.jpg\",\"size\":\"full\",\"id\":2181,\"alt\":\"\",\"pixels\":411648,\"type\":\"image/jpeg\"}',0,NULL,NULL,'2025-02-11 21:32:17','2025-09-09 21:55:05',1,NULL,NULL,NULL,NULL,0,1,2,'2025-02-11 21:34:23','2025-02-11 21:32:17',0),(119,'https://aggressivegraphix.com/shop/flow-vision-section-goggle-t-rex/','68:299e3d51780fb8e4cd7089f3c159cc99',2183,'post','product',1,0,NULL,NULL,'Flow Vision Section™ Goggle: T-Rex','publish',NULL,0,NULL,NULL,NULL,NULL,NULL,90,0,NULL,0,NULL,NULL,NULL,NULL,'https://aggressivegraphix.com/wp-content/uploads/2025/02/FlowVision_Section_Trex_MX_Goggles_Left_1024x1024.jpg',NULL,'2184','featured-image',NULL,NULL,'https://aggressivegraphix.com/wp-content/uploads/2025/02/FlowVision_Section_Trex_MX_Goggles_Left_1024x1024.jpg','2184','featured-image','{\"width\":1024,\"height\":498,\"filesize\":82500,\"url\":\"https://aggressivegraphix.com/wp-content/uploads/2025/02/FlowVision_Section_Trex_MX_Goggles_Left_1024x1024.jpg\",\"path\":\"/home3/aggrest5/public_html/wp-content/uploads/2025/02/FlowVision_Section_Trex_MX_Goggles_Left_1024x1024.jpg\",\"size\":\"full\",\"id\":2184,\"alt\":\"\",\"pixels\":509952,\"type\":\"image/jpeg\"}',0,NULL,NULL,'2025-02-11 21:44:12','2025-09-09 21:55:05',1,NULL,NULL,NULL,NULL,0,1,2,'2025-02-11 21:45:48','2025-02-11 21:44:12',0),(120,'https://aggressivegraphix.com/shop/flow-vision-section-goggle-reflex-cyan-red/','78:cca7d08e751e56a6228dcd50f495f508',2186,'post','product',1,0,NULL,NULL,'Flow Vision Section™ Goggle: Reflex/Cyan/Red','publish',NULL,0,NULL,NULL,NULL,NULL,NULL,90,0,NULL,0,NULL,NULL,NULL,NULL,'https://aggressivegraphix.com/wp-content/uploads/2025/02/FlowVision_Supercross_Goggles_Dirbike_MX_Reflex_Cyan_Red_Right-scaled.jpg',NULL,'2187','featured-image',NULL,NULL,'https://aggressivegraphix.com/wp-content/uploads/2025/02/FlowVision_Supercross_Goggles_Dirbike_MX_Reflex_Cyan_Red_Right-scaled.jpg','2187','featured-image','{\"width\":2560,\"height\":1161,\"filesize\":252121,\"url\":\"https://aggressivegraphix.com/wp-content/uploads/2025/02/FlowVision_Supercross_Goggles_Dirbike_MX_Reflex_Cyan_Red_Right-scaled.jpg\",\"path\":\"/home3/aggrest5/public_html/wp-content/uploads/2025/02/FlowVision_Supercross_Goggles_Dirbike_MX_Reflex_Cyan_Red_Right-scaled.jpg\",\"size\":\"full\",\"id\":2187,\"alt\":\"\",\"pixels\":2972160,\"type\":\"image/jpeg\"}',0,NULL,NULL,'2025-02-11 21:47:37','2025-09-09 21:55:05',1,NULL,NULL,NULL,NULL,0,1,2,'2025-02-11 21:49:49','2025-02-11 21:47:37',0),(122,'https://aggressivegraphix.com/shop/aggressive-graphix-10x10-canopy/','67:2caaadabb72f010d2c276140122abc79',2190,'post','product',1,0,NULL,NULL,'Aggressive Graphix 10×10 Canopy','publish',NULL,0,NULL,NULL,NULL,NULL,NULL,90,0,NULL,0,NULL,NULL,NULL,NULL,'https://aggressivegraphix.com/wp-content/uploads/2025/02/AggressiveGraphix10x10top-hondared-1.png',NULL,'3664','featured-image',NULL,NULL,'https://aggressivegraphix.com/wp-content/uploads/2025/02/AggressiveGraphix10x10top-hondared-1.png','3664','featured-image','{\"width\":992,\"height\":952,\"filesize\":49982,\"url\":\"https://aggressivegraphix.com/wp-content/uploads/2025/02/AggressiveGraphix10x10top-hondared-1.png\",\"path\":\"/home3/aggrest5/public_html/wp-content/uploads/2025/02/AggressiveGraphix10x10top-hondared-1.png\",\"size\":\"full\",\"id\":3664,\"alt\":\"\",\"pixels\":944384,\"type\":\"image/png\"}',0,NULL,NULL,'2025-02-11 21:57:54','2025-09-10 01:25:47',1,NULL,NULL,NULL,NULL,0,1,2,'2025-09-09 19:25:47','2025-02-11 22:02:11',0),(123,'https://aggressivegraphix.com/shop/custom-canopy/','49:7c61f326c86228109abfd79ce33b22fc',2208,'post','product',1,0,NULL,NULL,'Custom canopy','publish',NULL,0,NULL,NULL,NULL,NULL,NULL,90,0,NULL,0,NULL,NULL,NULL,NULL,'https://aggressivegraphix.com/wp-content/uploads/2025/02/bosssuspension.webp',NULL,'2235','featured-image',NULL,NULL,'https://aggressivegraphix.com/wp-content/uploads/2025/02/bosssuspension.webp','2235','featured-image','{\"width\":1440,\"height\":1080,\"filesize\":850078,\"url\":\"https://aggressivegraphix.com/wp-content/uploads/2025/02/bosssuspension.webp\",\"path\":\"/home3/aggrest5/public_html/wp-content/uploads/2025/02/bosssuspension.webp\",\"size\":\"full\",\"id\":2235,\"alt\":\"\",\"pixels\":1555200,\"type\":\"image/webp\"}',0,NULL,NULL,'2025-02-11 22:10:41','2025-09-09 21:55:05',1,NULL,NULL,NULL,NULL,0,2,2,'2025-08-20 17:35:05','2025-02-11 22:12:13',0),(124,'https://aggressivegraphix.com/shop/10x10-blank-canopy/','54:b16632492205c5273e83050bc89bfdbf',2291,'post','product',1,0,NULL,NULL,'10&#215;10 Blank Canopy','publish',NULL,0,NULL,NULL,NULL,NULL,NULL,90,0,NULL,0,NULL,NULL,NULL,NULL,'https://aggressivegraphix.com/wp-content/uploads/2025/02/10x10blankcanopy.webp',NULL,'2302','featured-image',NULL,NULL,'https://aggressivegraphix.com/wp-content/uploads/2025/02/10x10blankcanopy.webp','2302','featured-image','{\"width\":800,\"height\":675,\"filesize\":65554,\"url\":\"https://aggressivegraphix.com/wp-content/uploads/2025/02/10x10blankcanopy.webp\",\"path\":\"/home3/aggrest5/public_html/wp-content/uploads/2025/02/10x10blankcanopy.webp\",\"size\":\"full\",\"id\":2302,\"alt\":\"\",\"pixels\":540000,\"type\":\"image/webp\"}',0,NULL,NULL,'2025-02-19 17:12:22','2025-09-09 21:55:05',1,NULL,NULL,NULL,NULL,0,1,2,'2025-02-19 17:44:24','2025-02-19 17:20:17',0),(125,'https://aggressivegraphix.com/shop/10x15-blank-canopy/','54:9e8568f02d0d3919772c0ea15a004487',2307,'post','product',1,0,NULL,NULL,'10&#215;15 Blank Canopy','publish',NULL,0,NULL,NULL,NULL,NULL,NULL,90,0,NULL,0,NULL,NULL,NULL,NULL,'https://aggressivegraphix.com/wp-content/uploads/2025/02/10x15blankcanopy.webp',NULL,'2303','featured-image',NULL,NULL,'https://aggressivegraphix.com/wp-content/uploads/2025/02/10x15blankcanopy.webp','2303','featured-image','{\"width\":800,\"height\":683,\"filesize\":67252,\"url\":\"https://aggressivegraphix.com/wp-content/uploads/2025/02/10x15blankcanopy.webp\",\"path\":\"/home3/aggrest5/public_html/wp-content/uploads/2025/02/10x15blankcanopy.webp\",\"size\":\"full\",\"id\":2303,\"alt\":\"\",\"pixels\":546400,\"type\":\"image/webp\"}',0,NULL,NULL,'2025-02-19 17:26:13','2025-09-09 21:55:05',1,NULL,NULL,NULL,NULL,0,1,2,'2025-02-19 17:45:19','2025-02-19 17:26:13',0),(126,'https://aggressivegraphix.com/shop/10x20-blank-canopy/','54:5a1767f20a3a1026eb750b01f4acf7fb',2320,'post','product',1,0,NULL,NULL,'10&#215;20 Blank Canopy','publish',NULL,0,NULL,NULL,NULL,NULL,NULL,90,0,NULL,0,NULL,NULL,NULL,NULL,'https://aggressivegraphix.com/wp-content/uploads/2025/02/10x20blankcanopy.webp',NULL,'2301','featured-image',NULL,NULL,'https://aggressivegraphix.com/wp-content/uploads/2025/02/10x20blankcanopy.webp','2301','featured-image','{\"width\":800,\"height\":614,\"filesize\":55802,\"url\":\"https://aggressivegraphix.com/wp-content/uploads/2025/02/10x20blankcanopy.webp\",\"path\":\"/home3/aggrest5/public_html/wp-content/uploads/2025/02/10x20blankcanopy.webp\",\"size\":\"full\",\"id\":2301,\"alt\":\"\",\"pixels\":491200,\"type\":\"image/webp\"}',0,NULL,NULL,'2025-02-19 17:32:32','2025-09-09 21:55:05',1,NULL,NULL,NULL,NULL,0,1,2,'2025-02-19 17:46:08','2025-02-19 17:32:32',0),(127,'https://aggressivegraphix.com/shop/10ft-blank-half-wall/','56:42aa1111e24c1db7109a2b828451dc10',2334,'post','product',1,0,NULL,NULL,'10ft Blank Half Wall','publish',NULL,0,NULL,NULL,NULL,NULL,NULL,90,0,NULL,0,NULL,NULL,NULL,NULL,'https://aggressivegraphix.com/wp-content/uploads/2025/02/halfwall-blank-1.webp',NULL,'2414','featured-image',NULL,NULL,'https://aggressivegraphix.com/wp-content/uploads/2025/02/halfwall-blank-1.webp','2414','featured-image','{\"width\":574,\"height\":574,\"filesize\":51426,\"url\":\"https://aggressivegraphix.com/wp-content/uploads/2025/02/halfwall-blank-1.webp\",\"path\":\"/home3/aggrest5/public_html/wp-content/uploads/2025/02/halfwall-blank-1.webp\",\"size\":\"full\",\"id\":2414,\"alt\":\"\",\"pixels\":329476,\"type\":\"image/webp\"}',0,NULL,NULL,'2025-02-19 17:56:39','2025-09-09 21:55:05',1,NULL,NULL,NULL,NULL,0,1,2,'2025-02-20 16:50:16','2025-02-19 17:56:39',0),(128,'https://aggressivegraphix.com/shop/custom-printed-half-wall/','60:7c79fa1aea55261ec1611a8d0fc73c2a',2368,'post','product',1,0,NULL,NULL,'Custom Printed Half Wall','publish',NULL,0,NULL,NULL,NULL,NULL,NULL,90,0,NULL,0,NULL,NULL,NULL,NULL,'https://aggressivegraphix.com/wp-content/uploads/2025/02/customhalfwall-1.webp',NULL,'2422','featured-image',NULL,NULL,'https://aggressivegraphix.com/wp-content/uploads/2025/02/customhalfwall-1-1024x768.webp','2422','featured-image','{\"width\":1024,\"height\":768,\"filesize\":856842,\"path\":\"2025/02/customhalfwall-1-1024x768.webp\",\"url\":\"https://aggressivegraphix.com/wp-content/uploads/2025/02/customhalfwall-1-1024x768.webp\",\"size\":\"large\",\"id\":2422,\"alt\":\"\",\"pixels\":786432,\"type\":\"image/webp\"}',0,NULL,NULL,'2025-02-20 14:59:13','2025-09-09 21:55:05',1,NULL,NULL,NULL,NULL,0,1,2,'2025-02-20 17:03:08','2025-02-20 14:59:47',0),(129,'https://aggressivegraphix.com/website_675b3277/?product_shipping_class=free-shipping','84:60ab46a2897efd62d3c5aa4fc2b3b119',66,'term','product_shipping_class',NULL,NULL,NULL,NULL,'Free shipping',NULL,NULL,0,NULL,NULL,NULL,NULL,NULL,NULL,0,NULL,NULL,NULL,NULL,NULL,NULL,NULL,NULL,NULL,NULL,NULL,NULL,NULL,NULL,NULL,NULL,0,NULL,NULL,'2025-02-20 15:45:22','2025-02-27 01:20:28',1,NULL,NULL,NULL,NULL,0,NULL,2,'2025-02-26 18:20:28',NULL,NULL),(130,'https://aggressivegraphix.com/shop/blank-full-wall/','51:ec1353026e0c05177befc7347232dfcc',2391,'post','product',1,0,NULL,NULL,'Blank Full Wall','publish',NULL,0,NULL,NULL,NULL,NULL,NULL,90,0,NULL,0,NULL,NULL,NULL,NULL,'https://aggressivegraphix.com/wp-content/uploads/2025/02/10fullwall.webp',NULL,'2412','featured-image',NULL,NULL,'https://aggressivegraphix.com/wp-content/uploads/2025/02/10fullwall.webp','2412','featured-image','{\"width\":542,\"height\":542,\"filesize\":35032,\"url\":\"https://aggressivegraphix.com/wp-content/uploads/2025/02/10fullwall.webp\",\"path\":\"/home3/aggrest5/public_html/wp-content/uploads/2025/02/10fullwall.webp\",\"size\":\"full\",\"id\":2412,\"alt\":\"\",\"pixels\":293764,\"type\":\"image/webp\"}',0,NULL,NULL,'2025-02-20 16:14:16','2025-09-09 21:55:05',1,NULL,NULL,NULL,NULL,0,1,2,'2025-02-20 17:08:33','2025-02-20 16:29:02',0),(131,'https://aggressivegraphix.com/shop/custom-print-full-wall/','58:764f993a99c8cfde2030561e257aec47',2424,'post','product',1,0,NULL,NULL,'Custom Print Full Wall','publish',NULL,0,NULL,NULL,NULL,NULL,NULL,90,0,NULL,0,NULL,NULL,NULL,NULL,'https://aggressivegraphix.com/wp-content/uploads/2025/02/fullwallAG.webp',NULL,'2429','featured-image',NULL,NULL,'https://aggressivegraphix.com/wp-content/uploads/2025/02/fullwallAG.webp','2429','featured-image','{\"width\":1404,\"height\":882,\"filesize\":1018578,\"url\":\"https://aggressivegraphix.com/wp-content/uploads/2025/02/fullwallAG.webp\",\"path\":\"/home3/aggrest5/public_html/wp-content/uploads/2025/02/fullwallAG.webp\",\"size\":\"full\",\"id\":2429,\"alt\":\"\",\"pixels\":1238328,\"type\":\"image/webp\"}',0,NULL,NULL,'2025-02-20 17:10:12','2025-09-09 21:55:05',1,NULL,NULL,NULL,NULL,0,1,2,'2025-02-20 20:24:40','2025-02-20 17:10:12',0),(132,'https://aggressivegraphix.com/shop/canopy-leg-weights/','54:2c883fdce172dd11d5b64c2fdb293fc1',2448,'post','product',1,0,NULL,NULL,'Sandbag Canopy Weights','publish',NULL,0,NULL,NULL,NULL,NULL,NULL,90,0,NULL,0,NULL,NULL,NULL,NULL,'https://aggressivegraphix.com/wp-content/uploads/2025/02/mediumsandbags.webp',NULL,'2461','featured-image',NULL,NULL,'https://aggressivegraphix.com/wp-content/uploads/2025/02/mediumsandbags.webp','2461','featured-image','{\"width\":679,\"height\":745,\"filesize\":101156,\"url\":\"https://aggressivegraphix.com/wp-content/uploads/2025/02/mediumsandbags.webp\",\"path\":\"/home3/aggrest5/public_html/wp-content/uploads/2025/02/mediumsandbags.webp\",\"size\":\"full\",\"id\":2461,\"alt\":\"\",\"pixels\":505855,\"type\":\"image/webp\"}',0,NULL,NULL,'2025-02-20 20:32:02','2025-09-09 21:55:05',1,NULL,NULL,NULL,NULL,0,1,2,'2025-02-26 18:14:02','2025-02-20 20:32:02',0),(133,'https://aggressivegraphix.com/shop/replacement-canopy-frame/','60:c256fa3bc27f3e355cd58a7a066b3ff8',2450,'post','product',1,0,NULL,NULL,'Replacement Canopy Frame','publish',NULL,0,NULL,NULL,NULL,NULL,NULL,90,0,NULL,0,NULL,NULL,NULL,NULL,'https://aggressivegraphix.com/wp-content/uploads/2025/02/replacementframe.webp',NULL,'2460','featured-image',NULL,NULL,'https://aggressivegraphix.com/wp-content/uploads/2025/02/replacementframe.webp','2460','featured-image','{\"width\":800,\"height\":800,\"filesize\":490188,\"url\":\"https://aggressivegraphix.com/wp-content/uploads/2025/02/replacementframe.webp\",\"path\":\"/home3/aggrest5/public_html/wp-content/uploads/2025/02/replacementframe.webp\",\"size\":\"full\",\"id\":2460,\"alt\":\"\",\"pixels\":640000,\"type\":\"image/webp\"}',0,NULL,NULL,'2025-02-20 20:39:58','2025-09-09 21:55:05',1,NULL,NULL,NULL,NULL,0,1,2,'2025-02-26 18:20:28','2025-02-20 20:47:04',0),(134,'https://aggressivegraphix.com/shop/replacement-canopy-bag/','58:f03984b21be7e3dc9ec835a72c9854a4',2465,'post','product',1,0,NULL,NULL,'Replacement Canopy Bag','publish',NULL,0,NULL,NULL,NULL,NULL,NULL,0,0,NULL,0,NULL,NULL,NULL,NULL,'https://aggressivegraphix.com/wp-content/uploads/2025/02/replacement10x10bag.webp',NULL,'2467','featured-image',NULL,NULL,'https://aggressivegraphix.com/wp-content/uploads/2025/02/replacement10x10bag.webp','2467','featured-image','{\"width\":268,\"height\":640,\"filesize\":38774,\"url\":\"https://aggressivegraphix.com/wp-content/uploads/2025/02/replacement10x10bag.webp\",\"path\":\"/home3/aggrest5/public_html/wp-content/uploads/2025/02/replacement10x10bag.webp\",\"size\":\"full\",\"id\":2467,\"alt\":\"\",\"pixels\":171520,\"type\":\"image/webp\"}',0,NULL,NULL,'2025-02-26 17:14:29','2025-09-09 21:55:05',1,NULL,NULL,NULL,NULL,0,1,2,'2025-02-26 18:07:57','2025-02-26 17:18:43',0),(135,'https://aggressivegraphix.com/envira/chrome-deletes/','52:9b720a5a7b541bbe315c568bac45af31',2530,'post','envira',1,0,NULL,NULL,'Chrome deletes','publish',NULL,0,NULL,NULL,NULL,NULL,NULL,90,0,NULL,0,NULL,NULL,NULL,NULL,NULL,NULL,NULL,NULL,NULL,NULL,NULL,NULL,NULL,NULL,0,NULL,NULL,'2025-03-03 21:42:52','2025-09-19 01:10:38',1,NULL,NULL,NULL,NULL,0,0,2,'2025-09-18 19:10:36','2025-03-03 21:35:07',0),(136,'https://aggressivegraphix.com/envira/partial-wraps/','51:2a57b395401ea8b44a4f35b2c124bdeb',2590,'post','envira',1,0,NULL,NULL,'Partial wraps','publish',NULL,0,NULL,NULL,NULL,NULL,NULL,90,0,NULL,0,NULL,NULL,NULL,NULL,NULL,NULL,NULL,NULL,NULL,NULL,NULL,NULL,NULL,NULL,0,NULL,NULL,'2025-03-03 22:39:10','2025-08-30 01:43:52',1,NULL,NULL,NULL,NULL,0,0,2,'2025-08-29 19:43:52','2025-03-03 22:42:32',0),(137,'https://aggressivegraphix.com/envira/full-wraps/','48:a6e4420ef6cb298735636fd380e99e9b',2620,'post','envira',1,0,NULL,NULL,'Full wraps','publish',NULL,0,NULL,NULL,NULL,NULL,NULL,90,0,NULL,0,NULL,NULL,NULL,NULL,NULL,NULL,NULL,NULL,NULL,NULL,NULL,NULL,NULL,NULL,0,NULL,NULL,'2025-03-03 22:47:48','2025-09-19 01:14:53',1,NULL,NULL,NULL,NULL,0,0,2,'2025-09-18 19:14:51','2025-03-03 22:47:53',0),(138,'https://aggressivegraphix.com/envira/window-tinting/','52:c20b3c25c021368166a12307fb9cfe3a',2703,'post','envira',1,0,NULL,NULL,'Window tinting','publish',NULL,0,NULL,NULL,NULL,NULL,NULL,90,0,NULL,0,NULL,NULL,NULL,NULL,NULL,NULL,NULL,NULL,NULL,NULL,NULL,NULL,NULL,NULL,0,NULL,NULL,'2025-03-07 21:25:30','2025-09-19 01:00:09',1,NULL,NULL,NULL,NULL,0,0,2,'2025-09-18 19:00:08','2025-03-07 21:47:45',0),(139,'https://aggressivegraphix.com/envira/commercial-wraps/','54:5da1daa329895b2f0384942c1245a6a6',2832,'post','envira',1,0,NULL,NULL,'Commercial wraps','publish',NULL,0,NULL,NULL,NULL,NULL,NULL,90,0,NULL,0,NULL,NULL,NULL,NULL,NULL,NULL,NULL,NULL,NULL,NULL,NULL,NULL,NULL,NULL,0,NULL,NULL,'2025-05-15 17:15:40','2025-09-19 00:52:20',1,NULL,NULL,NULL,NULL,0,0,2,'2025-09-18 18:52:19','2025-05-15 17:19:26',0),(140,'https://aggressivegraphix.com/envira/our-work-bikes/','52:7861e7382fa7712672028c2fe332ce03',2947,'post','envira',1,0,NULL,NULL,'Our Work &#8211; Bikes','publish',NULL,0,NULL,NULL,NULL,NULL,NULL,90,0,NULL,0,NULL,NULL,NULL,NULL,NULL,NULL,NULL,NULL,NULL,NULL,NULL,NULL,NULL,NULL,0,NULL,NULL,'2025-06-11 15:03:25','2025-08-20 23:53:54',1,NULL,NULL,NULL,NULL,0,0,2,'2025-08-20 17:53:53','2025-06-11 15:42:59',0),(141,'https://aggressivegraphix.com/envira/our-work-wraps/','52:c372947dbc7139c4f3a76c7cdc56567d',3010,'post','envira',1,0,NULL,NULL,'Our Work &#8211; Wraps','publish',NULL,0,NULL,NULL,NULL,NULL,NULL,90,0,NULL,0,NULL,NULL,NULL,NULL,NULL,NULL,NULL,NULL,NULL,NULL,NULL,NULL,NULL,NULL,0,NULL,NULL,'2025-06-11 15:48:43','2025-08-20 23:53:54',1,NULL,NULL,NULL,NULL,0,0,2,'2025-08-20 17:53:54','2025-06-11 16:36:54',0),(142,'https://aggressivegraphix.com/envira/our-work-canopies/','55:544a5d658d3fef11b9c1a38cd2ce7b9f',3152,'post','envira',1,0,NULL,NULL,'Our Work &#8211; Canopies','publish',NULL,0,NULL,NULL,NULL,NULL,NULL,90,0,NULL,0,NULL,NULL,NULL,NULL,NULL,NULL,NULL,NULL,NULL,NULL,NULL,NULL,NULL,NULL,0,NULL,NULL,'2025-06-11 18:01:09','2025-08-20 23:53:54',1,NULL,NULL,NULL,NULL,0,0,2,'2025-08-20 17:53:54','2025-06-11 18:14:38',0),(143,'https://aggressivegraphix.com/website_675b3277/?page_id=3221','60:31dde6603bb00ed7d134805fe7ad1900',3221,'post','page',1,31,NULL,NULL,'Apply for a sponsorship','draft',0,0,NULL,NULL,NULL,NULL,NULL,90,0,NULL,0,NULL,NULL,NULL,NULL,NULL,NULL,NULL,NULL,NULL,NULL,NULL,NULL,NULL,NULL,NULL,NULL,NULL,'2025-06-13 14:09:14','2025-06-13 20:55:52',1,NULL,NULL,NULL,NULL,0,1,2,'2025-06-13 14:55:52','0000-00-00 00:00:00',0),(144,'https://aggressivegraphix.com/shop/fitted-table-cloths/','55:b2ecd24d86b9d1f96332cfb295471961',3251,'post','product',1,0,NULL,NULL,'Fitted Table Cloth','publish',NULL,0,NULL,NULL,NULL,NULL,NULL,90,0,NULL,0,NULL,NULL,NULL,NULL,'https://aggressivegraphix.com/wp-content/uploads/2025/06/aggressive.webp',NULL,'3252','featured-image',NULL,NULL,'https://aggressivegraphix.com/wp-content/uploads/2025/06/aggressive.webp','3252','featured-image','{\"width\":1440,\"height\":1080,\"filesize\":73580,\"url\":\"https://aggressivegraphix.com/wp-content/uploads/2025/06/aggressive.webp\",\"path\":\"/home3/aggrest5/public_html/wp-content/uploads/2025/06/aggressive.webp\",\"size\":\"full\",\"id\":3252,\"alt\":\"\",\"pixels\":1555200,\"type\":\"image/webp\"}',0,NULL,NULL,'2025-06-17 17:25:47','2025-09-09 21:55:05',1,NULL,NULL,NULL,NULL,0,1,2,'2025-06-17 18:12:03','2025-06-17 18:10:22',0),(145,'https://aggressivegraphix.com/shop/stretch-table-cloth/','55:45b0edf16cfe90218e3d222de93e49b7',3274,'post','product',1,0,NULL,NULL,'Stretch Table Cloth','publish',NULL,0,NULL,NULL,NULL,NULL,NULL,90,0,NULL,0,NULL,NULL,NULL,NULL,'https://aggressivegraphix.com/wp-content/uploads/2025/06/wickedbigcarshow-stretch.webp',NULL,'3275','featured-image',NULL,NULL,'https://aggressivegraphix.com/wp-content/uploads/2025/06/wickedbigcarshow-stretch.webp','3275','featured-image','{\"width\":1440,\"height\":1080,\"filesize\":111428,\"url\":\"https://aggressivegraphix.com/wp-content/uploads/2025/06/wickedbigcarshow-stretch.webp\",\"path\":\"/home3/aggrest5/public_html/wp-content/uploads/2025/06/wickedbigcarshow-stretch.webp\",\"size\":\"full\",\"id\":3275,\"alt\":\"\",\"pixels\":1555200,\"type\":\"image/webp\"}',0,NULL,NULL,'2025-06-17 18:24:40','2025-09-09 21:55:05',1,NULL,NULL,NULL,NULL,0,1,2,'2025-06-17 18:26:57','2025-06-17 18:26:53',0),(146,'https://aggressivegraphix.com/shop/progressive/','47:a3ae2e2b1da775bd144d183ce413f05a',3465,'post','product',1,0,NULL,NULL,'Progressive','publish',NULL,0,NULL,NULL,NULL,NULL,NULL,90,0,NULL,0,NULL,NULL,NULL,NULL,'https://aggressivegraphix.com/wp-content/uploads/2025/08/jersey-progressive.webp',NULL,'3466','featured-image',NULL,NULL,'https://aggressivegraphix.com/wp-content/uploads/2025/08/jersey-progressive.webp','3466','featured-image','{\"width\":800,\"height\":800,\"filesize\":28222,\"url\":\"https://aggressivegraphix.com/wp-content/uploads/2025/08/jersey-progressive.webp\",\"path\":\"/home3/aggrest5/public_html/wp-content/uploads/2025/08/jersey-progressive.webp\",\"size\":\"full\",\"id\":3466,\"alt\":\"\",\"pixels\":640000,\"type\":\"image/webp\"}',0,NULL,NULL,'2025-08-11 17:07:33','2025-09-09 21:55:05',1,NULL,NULL,NULL,NULL,0,1,2,'2025-08-11 17:09:26','2025-08-11 17:07:33',0),(147,'https://aggressivegraphix.com/shop/marker/','42:9e8cfa37160f37095e6c35b4148c43fe',3467,'post','product',1,0,NULL,NULL,'Marker','publish',NULL,0,NULL,NULL,NULL,NULL,NULL,90,0,NULL,0,NULL,NULL,NULL,NULL,'https://aggressivegraphix.com/wp-content/uploads/2025/08/jersey-marker.webp',NULL,'3468','featured-image',NULL,NULL,'https://aggressivegraphix.com/wp-content/uploads/2025/08/jersey-marker.webp','3468','featured-image','{\"width\":800,\"height\":800,\"filesize\":29572,\"url\":\"https://aggressivegraphix.com/wp-content/uploads/2025/08/jersey-marker.webp\",\"path\":\"/home3/aggrest5/public_html/wp-content/uploads/2025/08/jersey-marker.webp\",\"size\":\"full\",\"id\":3468,\"alt\":\"\",\"pixels\":640000,\"type\":\"image/webp\"}',0,NULL,NULL,'2025-08-11 17:12:25','2025-09-09 21:55:05',1,NULL,NULL,NULL,NULL,0,1,2,'2025-08-11 17:16:26','2025-08-11 17:12:25',0),(148,'https://aggressivegraphix.com/ag-logos/','39:8591756648eee29b2c09ef9aa9972300',3506,'post','page',1,0,NULL,NULL,'AG Logos','publish',NULL,0,NULL,NULL,NULL,NULL,NULL,90,0,NULL,0,NULL,NULL,NULL,NULL,NULL,NULL,NULL,NULL,NULL,NULL,NULL,NULL,NULL,NULL,0,NULL,NULL,'2025-08-20 17:17:49','2025-08-20 23:17:52',1,NULL,NULL,NULL,NULL,0,1,2,'2025-08-20 17:17:52','2025-08-20 17:17:49',0);

--
-- Table structure for table `nbn_yoast_indexable_hierarchy`
--

CREATE TABLE `nbn_yoast_indexable_hierarchy` (
  `indexable_id` int(11) unsigned NOT NULL,
  `ancestor_id` int(11) unsigned NOT NULL,
  `depth` int(11) unsigned DEFAULT NULL,
  `blog_id` bigint(20) NOT NULL DEFAULT '1',
  PRIMARY KEY (`indexable_id`,`ancestor_id`),
  KEY `indexable_id` (`indexable_id`),
  KEY `ancestor_id` (`ancestor_id`),
  KEY `depth` (`depth`)
) ENGINE=InnoDB DEFAULT CHARSET=utf8mb4 COLLATE=utf8mb4_unicode_520_ci;

--
-- Dumping data for table `nbn_yoast_indexable_hierarchy`
--

INSERT INTO `nbn_yoast_indexable_hierarchy` VALUES (2,0,0,1),(3,0,0,1),(4,0,0,1),(5,0,0,1),(6,0,0,1),(7,0,0,1),(8,0,0,1),(11,0,0,1),(13,0,0,1),(14,0,0,1),(16,0,0,1),(17,0,0,1),(18,0,0,1),(19,0,0,1),(20,0,0,1),(21,0,0,1),(22,0,0,1),(23,26,1,1),(24,26,1,1),(25,26,1,1),(26,0,0,1),(27,0,0,1),(28,27,1,1),(29,27,1,1),(30,27,1,1),(31,27,1,1),(32,27,2,1),(32,31,1,1),(33,27,2,1),(33,31,1,1),(34,27,2,1),(34,31,1,1),(35,0,0,1),(36,35,1,1),(37,35,1,1),(38,35,1,1),(39,35,1,1),(40,35,1,1),(41,35,1,1),(42,0,0,1),(43,0,0,1),(44,0,0,1),(45,0,0,1),(46,0,0,1),(47,0,0,1),(48,0,0,1),(49,0,0,1),(50,0,0,1),(51,0,0,1),(52,0,0,1),(53,0,0,1),(54,0,0,1),(55,0,0,1),(56,0,0,1),(57,0,0,1),(58,26,1,1),(59,26,1,1),(61,21,1,1),(62,21,1,1),(63,21,1,1),(64,0,0,1),(68,0,0,1),(69,0,0,1),(70,0,0,1),(71,0,0,1),(72,0,0,1),(73,0,0,1),(74,0,0,1),(75,0,0,1),(76,0,0,1),(77,0,0,1),(78,0,0,1),(79,0,0,1),(80,0,0,1),(81,0,0,1),(82,0,0,1),(83,0,0,1),(84,0,0,1),(85,0,0,1),(86,0,0,1),(87,0,0,1),(88,0,0,1),(89,0,0,1),(90,0,0,1),(91,0,0,1),(92,0,0,1),(93,0,0,1),(94,0,0,1),(95,0,0,1),(96,0,0,1),(97,0,0,1),(98,0,0,1),(99,0,0,1),(100,0,0,1),(101,0,0,1),(102,0,0,1),(103,0,0,1),(104,0,0,1),(105,0,0,1),(106,0,0,1),(107,0,0,1),(108,0,0,1),(109,0,0,1),(110,0,0,1),(111,0,0,1),(112,0,0,1),(113,0,0,1),(114,0,0,1),(115,0,0,1),(116,0,0,1),(117,0,0,1),(118,0,0,1),(119,0,0,1),(120,0,0,1),(122,0,0,1),(123,0,0,1),(124,0,0,1),(125,0,0,1),(126,0,0,1),(127,0,0,1),(128,0,0,1),(129,0,0,1),(130,0,0,1),(131,0,0,1),(132,0,0,1),(133,0,0,1),(134,0,0,1),(135,0,0,1),(136,0,0,1),(137,0,0,1),(138,0,0,1),(139,0,0,1),(140,0,0,1),(141,0,0,1),(142,0,0,1),(143,18,1,1),(144,0,0,1),(145,0,0,1),(146,0,0,1),(147,0,0,1),(148,0,0,1);

--
-- Table structure for table `nbn_yoast_migrations`
--

CREATE TABLE `nbn_yoast_migrations` (
  `id` int(11) unsigned NOT NULL AUTO_INCREMENT,
  `version` varchar(191) COLLATE utf8mb4_unicode_520_ci DEFAULT NULL,
  PRIMARY KEY (`id`),
  UNIQUE KEY `nbn_yoast_migrations_version` (`version`)
) ENGINE=InnoDB AUTO_INCREMENT=25 DEFAULT CHARSET=utf8mb4 COLLATE=utf8mb4_unicode_520_ci;

--
-- Dumping data for table `nbn_yoast_migrations`
--

INSERT INTO `nbn_yoast_migrations` VALUES (1,'20171228151840'),(2,'20171228151841'),(3,'20190529075038'),(4,'20191011111109'),(5,'20200408101900'),(6,'20200420073606'),(7,'20200428123747'),(8,'20200428194858'),(9,'20200429105310'),(10,'20200430075614'),(11,'20200430150130'),(12,'20200507054848'),(13,'20200513133401'),(14,'20200609154515'),(15,'20200616130143'),(16,'20200617122511'),(17,'20200702141921'),(18,'20200728095334'),(19,'20201202144329'),(20,'20201216124002'),(21,'20201216141134'),(22,'20210817092415'),(23,'20211020091404'),(24,'20230417083836');

--
-- Table structure for table `nbn_yoast_primary_term`
--

CREATE TABLE `nbn_yoast_primary_term` (
  `id` int(11) unsigned NOT NULL AUTO_INCREMENT,
  `post_id` bigint(20) DEFAULT NULL,
  `term_id` bigint(20) DEFAULT NULL,
  `taxonomy` varchar(32) COLLATE utf8mb4_unicode_520_ci NOT NULL,
  `created_at` datetime DEFAULT NULL,
  `updated_at` timestamp NOT NULL DEFAULT CURRENT_TIMESTAMP ON UPDATE CURRENT_TIMESTAMP,
  `blog_id` bigint(20) NOT NULL DEFAULT '1',
  PRIMARY KEY (`id`),
  KEY `post_taxonomy` (`post_id`,`taxonomy`),
  KEY `post_term` (`post_id`,`term_id`)
) ENGINE=InnoDB AUTO_INCREMENT=108 DEFAULT CHARSET=utf8mb4 COLLATE=utf8mb4_unicode_520_ci;

--
-- Dumping data for table `nbn_yoast_primary_term`
--

INSERT INTO `nbn_yoast_primary_term` VALUES (1,122,25,'product_cat','2024-10-31 01:37:10','2025-09-09 22:07:10',1),(2,486,24,'product_cat','2024-11-10 23:55:31','2025-10-03 20:52:35',1),(3,700,24,'product_cat','2024-11-11 00:50:40','2025-10-02 02:18:48',1),(4,858,24,'product_cat','2024-11-11 01:38:02','2025-09-10 01:01:39',1),(5,910,24,'product_cat','2024-11-11 23:49:13','2025-09-10 01:04:47',1),(6,1027,25,'product_cat','2024-11-12 02:12:24','2025-09-10 00:57:24',1),(7,1103,24,'product_cat','2024-11-12 02:49:01','2025-09-10 01:18:03',1),(9,1271,29,'product_cat','2024-12-18 20:17:38','2025-09-09 22:07:10',1),(10,1392,29,'product_cat','2024-12-19 17:41:01','2025-09-09 22:07:10',1),(11,1413,29,'product_cat','2024-12-19 18:41:31','2025-09-09 22:07:10',1),(12,1414,29,'product_cat','2024-12-19 19:19:33','2025-09-09 22:07:10',1),(13,1415,29,'product_cat','2024-12-19 19:20:40','2025-09-09 22:07:10',1),(14,1416,29,'product_cat','2024-12-19 19:21:34','2025-09-09 22:07:10',1),(15,1417,29,'product_cat','2024-12-19 19:23:14','2025-09-09 22:07:10',1),(16,1418,29,'product_cat','2024-12-19 19:24:07','2025-09-09 21:55:20',1),(17,1419,29,'product_cat','2024-12-19 19:24:47','2025-09-09 21:55:20',1),(18,1420,29,'product_cat','2024-12-19 19:25:30','2025-09-09 21:55:20',1),(19,1421,29,'product_cat','2024-12-19 19:26:13','2025-09-09 21:55:20',1),(20,1422,29,'product_cat','2024-12-19 19:27:49','2025-09-09 21:55:20',1),(21,1423,29,'product_cat','2024-12-19 19:29:18','2025-09-09 21:55:20',1),(22,1424,29,'product_cat','2024-12-19 19:30:04','2025-09-09 21:55:20',1),(23,1425,29,'product_cat','2024-12-19 19:31:04','2025-09-09 21:55:20',1),(24,1426,29,'product_cat','2024-12-19 19:31:59','2025-09-09 21:55:20',1),(25,1427,29,'product_cat','2024-12-19 19:32:42','2025-09-09 21:55:20',1),(26,1490,25,'product_cat','2024-12-19 21:57:22','2025-10-02 19:54:13',1),(27,1838,25,'product_cat','2025-01-10 00:43:44','2025-10-02 19:56:17',1),(28,2008,24,'product_cat','2025-02-11 15:43:00','2025-09-10 01:03:18',1),(29,2025,24,'product_cat','2025-02-11 16:06:17','2025-09-10 01:15:41',1),(30,2045,63,'product_brand','2025-02-11 17:06:09','2025-09-09 21:55:20',1),(31,2045,31,'product_cat','2025-02-11 17:06:09','2025-09-09 21:55:20',1),(32,2051,63,'product_brand','2025-02-11 17:25:47','2025-09-09 21:55:20',1),(33,2051,31,'product_cat','2025-02-11 17:25:47','2025-09-09 21:55:20',1),(34,2055,63,'product_brand','2025-02-11 18:46:38','2025-09-09 21:55:20',1),(35,2055,31,'product_cat','2025-02-11 18:46:38','2025-09-09 21:55:20',1),(36,2076,63,'product_brand','2025-02-11 19:04:30','2025-09-09 21:55:20',1),(37,2076,31,'product_cat','2025-02-11 19:04:30','2025-09-09 21:55:20',1),(38,2097,63,'product_brand','2025-02-11 19:24:56','2025-09-09 21:55:20',1),(39,2097,31,'product_cat','2025-02-11 19:24:56','2025-09-09 21:55:20',1),(40,2102,63,'product_brand','2025-02-11 19:31:25','2025-09-09 21:55:20',1),(41,2102,31,'product_cat','2025-02-11 19:31:25','2025-09-09 21:55:20',1),(42,2105,63,'product_brand','2025-02-11 19:43:36','2025-09-09 21:55:14',1),(43,2105,30,'product_cat','2025-02-11 19:43:36','2025-09-09 21:55:14',1),(44,2111,63,'product_brand','2025-02-11 19:47:46','2025-09-09 21:55:15',1),(45,2111,30,'product_cat','2025-02-11 19:47:46','2025-09-09 21:55:15',1),(46,2114,63,'product_brand','2025-02-11 19:56:43','2025-09-09 21:55:15',1),(47,2114,30,'product_cat','2025-02-11 19:56:43','2025-09-09 21:55:15',1),(48,2117,63,'product_brand','2025-02-11 19:59:58','2025-09-09 21:55:15',1),(49,2117,30,'product_cat','2025-02-11 19:59:58','2025-09-09 21:55:15',1),(50,2120,63,'product_brand','2025-02-11 20:04:11','2025-09-09 21:55:15',1),(51,2120,30,'product_cat','2025-02-11 20:04:11','2025-09-09 21:55:15',1),(52,2123,63,'product_brand','2025-02-11 20:09:03','2025-09-09 21:55:15',1),(53,2123,30,'product_cat','2025-02-11 20:09:03','2025-09-09 21:55:15',1),(54,2126,63,'product_brand','2025-02-11 20:12:21','2025-09-09 21:55:15',1),(55,2126,30,'product_cat','2025-02-11 20:12:21','2025-09-09 21:55:15',1),(56,2129,63,'product_brand','2025-02-11 20:17:15','2025-09-09 21:55:15',1),(57,2129,30,'product_cat','2025-02-11 20:17:15','2025-09-09 21:55:15',1),(58,2132,63,'product_brand','2025-02-11 20:19:14','2025-09-09 21:55:15',1),(59,2132,30,'product_cat','2025-02-11 20:19:14','2025-09-09 21:55:15',1),(60,2135,63,'product_brand','2025-02-11 20:31:32','2025-09-09 21:55:15',1),(61,2135,30,'product_cat','2025-02-11 20:31:32','2025-09-09 21:55:15',1),(62,2138,63,'product_brand','2025-02-11 20:40:48','2025-09-09 21:55:15',1),(63,2138,30,'product_cat','2025-02-11 20:40:48','2025-09-09 21:55:15',1),(64,2141,63,'product_brand','2025-02-11 20:46:01','2025-09-09 21:55:15',1),(65,2141,30,'product_cat','2025-02-11 20:46:01','2025-09-09 21:55:15',1),(66,2144,63,'product_brand','2025-02-11 20:48:05','2025-09-09 21:55:15',1),(67,2144,30,'product_cat','2025-02-11 20:48:05','2025-09-09 21:55:15',1),(68,2147,63,'product_brand','2025-02-11 20:54:13','2025-09-09 21:55:15',1),(69,2147,30,'product_cat','2025-02-11 20:54:13','2025-09-09 21:55:15',1),(70,2150,63,'product_brand','2025-02-11 20:56:53','2025-09-09 21:55:15',1),(71,2150,30,'product_cat','2025-02-11 20:56:53','2025-09-09 21:55:15',1),(72,2159,63,'product_brand','2025-02-11 21:12:17','2025-09-09 21:55:15',1),(73,2159,30,'product_cat','2025-02-11 21:12:17','2025-09-09 21:55:15',1),(74,2162,63,'product_brand','2025-02-11 21:13:54','2025-09-09 21:55:15',1),(75,2162,30,'product_cat','2025-02-11 21:13:54','2025-09-09 21:55:15',1),(76,2165,63,'product_brand','2025-02-11 21:15:51','2025-09-09 21:55:15',1),(77,2165,30,'product_cat','2025-02-11 21:15:51','2025-09-09 21:55:15',1),(78,2168,63,'product_brand','2025-02-11 21:22:44','2025-09-09 21:55:15',1),(79,2168,30,'product_cat','2025-02-11 21:22:44','2025-09-09 21:55:15',1),(80,2171,63,'product_brand','2025-02-11 21:25:03','2025-09-09 21:55:15',1),(81,2171,30,'product_cat','2025-02-11 21:25:03','2025-09-09 21:55:15',1),(82,2174,63,'product_brand','2025-02-11 21:28:06','2025-09-09 21:55:05',1),(83,2174,30,'product_cat','2025-02-11 21:28:06','2025-09-09 21:55:05',1),(84,2180,63,'product_brand','2025-02-11 21:32:19','2025-09-09 21:55:05',1),(85,2180,30,'product_cat','2025-02-11 21:32:19','2025-09-09 21:55:05',1),(86,2183,63,'product_brand','2025-02-11 21:44:14','2025-09-09 21:55:05',1),(87,2183,30,'product_cat','2025-02-11 21:44:14','2025-09-09 21:55:05',1),(88,2186,63,'product_brand','2025-02-11 21:47:39','2025-09-09 21:55:05',1),(89,2186,30,'product_cat','2025-02-11 21:47:39','2025-09-09 21:55:05',1),(92,2190,37,'product_cat','2025-02-11 22:02:14','2025-09-10 01:25:47',1),(93,2208,37,'product_cat','2025-02-11 22:12:50','2025-09-09 21:55:05',1),(94,2291,37,'product_cat','2025-02-19 17:20:23','2025-09-09 21:55:05',1),(95,2307,37,'product_cat','2025-02-19 17:26:15','2025-09-09 21:55:05',1),(96,2320,37,'product_cat','2025-02-19 17:32:33','2025-09-09 21:55:05',1),(97,2334,38,'product_cat','2025-02-19 18:13:25','2025-09-09 21:55:05',1),(98,2368,38,'product_cat','2025-02-20 14:59:51','2025-09-09 21:55:05',1),(99,2391,39,'product_cat','2025-02-20 16:33:20','2025-09-09 21:55:05',1),(100,2424,39,'product_cat','2025-02-20 17:10:15','2025-09-09 21:55:05',1),(101,2448,36,'product_cat','2025-02-20 20:32:07','2025-09-09 21:55:05',1),(102,2450,42,'product_cat','2025-02-20 20:47:33','2025-09-09 21:55:05',1),(103,2465,42,'product_cat','2025-02-26 17:18:46','2025-09-09 21:55:05',1),(104,3251,41,'product_cat','2025-06-17 18:03:55','2025-09-09 21:55:05',1),(105,3274,41,'product_cat','2025-06-17 18:26:57','2025-09-09 21:55:05',1),(106,3465,29,'product_cat','2025-08-11 17:07:35','2025-09-09 21:55:05',1),(107,3467,29,'product_cat','2025-08-11 17:12:26','2025-09-09 21:55:05',1);

--
-- Table structure for table `nbn_yoast_seo_links`
--

CREATE TABLE `nbn_yoast_seo_links` (
  `id` bigint(20) unsigned NOT NULL AUTO_INCREMENT,
  `url` varchar(255) DEFAULT NULL,
  `post_id` bigint(20) unsigned DEFAULT NULL,
  `target_post_id` bigint(20) unsigned DEFAULT NULL,
  `type` varchar(8) DEFAULT NULL,
  `indexable_id` int(11) unsigned DEFAULT NULL,
  `target_indexable_id` int(11) unsigned DEFAULT NULL,
  `height` int(11) unsigned DEFAULT NULL,
  `width` int(11) unsigned DEFAULT NULL,
  `size` int(11) unsigned DEFAULT NULL,
  `language` varchar(32) DEFAULT NULL,
  `region` varchar(32) DEFAULT NULL,
  PRIMARY KEY (`id`),
  KEY `link_direction` (`post_id`,`type`),
  KEY `indexable_link_direction` (`indexable_id`,`type`)
) ENGINE=InnoDB AUTO_INCREMENT=3903 DEFAULT CHARSET=utf8;

--
-- Dumping data for table `nbn_yoast_seo_links`
--

INSERT INTO `nbn_yoast_seo_links` VALUES (2,'https://www.google.com/maps/search/?api=1&amp;query=42.042945,-71.886383',31,NULL,'external',18,NULL,NULL,NULL,NULL,NULL,NULL),(3,'https://www.facebook.com/Aggressive.Graphix',31,NULL,'external',18,NULL,NULL,NULL,NULL,NULL,NULL),(4,'https://www.instagram.com/aggressive_graphix',31,NULL,'external',18,NULL,NULL,NULL,NULL,NULL,NULL),(234,'https://aggressivegraphix.com/website_675b3277/shop/',7,6,'internal',5,4,NULL,NULL,NULL,NULL,NULL),(235,'https://aggressivegraphix.com/website_675b3277/product/vip/',7,1427,'internal',5,83,NULL,NULL,NULL,NULL,NULL),(236,'https://aggressivegraphix.com/website_675b3277/product/teko/',7,1426,'internal',5,82,NULL,NULL,NULL,NULL,NULL),(237,'https://aggressivegraphix.com/website_675b3277/product/stellar/',7,1425,'internal',5,81,NULL,NULL,NULL,NULL,NULL),(238,'https://aggressivegraphix.com/website_675b3277/product/special-tld/',7,1424,'internal',5,80,NULL,NULL,NULL,NULL,NULL),(239,'https://i0.wp.com/aggressivegraphix.com/website_675b3277/wp-content/uploads/2024/12/jersey-VIP.png?resize=300%2C300&amp;ssl=1',7,NULL,'image-ex',5,NULL,NULL,NULL,NULL,NULL,NULL),(240,'https://i0.wp.com/aggressivegraphix.com/website_675b3277/wp-content/uploads/2024/12/jersey-teko.png?resize=300%2C300&amp;ssl=1',7,NULL,'image-ex',5,NULL,NULL,NULL,NULL,NULL,NULL),(241,'https://i0.wp.com/aggressivegraphix.com/website_675b3277/wp-content/uploads/2024/12/jersey-stellar.png?resize=300%2C300&amp;ssl=1',7,NULL,'image-ex',5,NULL,NULL,NULL,NULL,NULL,NULL),(242,'https://i0.wp.com/aggressivegraphix.com/website_675b3277/wp-content/uploads/2024/12/jersey-specialtld.png?resize=300%2C300&amp;ssl=1',7,NULL,'image-ex',5,NULL,NULL,NULL,NULL,NULL,NULL),(277,'https://i0.wp.com/aggressivegraphix.com/website_675b3277/wp-content/uploads/2025/02/zippers.png?resize=845%2C738&amp;ssl=1',2391,NULL,'image-ex',130,NULL,NULL,NULL,NULL,NULL,NULL),(278,'https://i0.wp.com/aggressivegraphix.com/website_675b3277/wp-content/uploads/2025/02/zippers.png?resize=845%2C738&amp;ssl=1',2424,NULL,'image-ex',131,NULL,NULL,NULL,NULL,NULL,NULL),(279,'https://i0.wp.com/aggressivegraphix.com/website_675b3277/wp-content/uploads/2025/02/31mmsquare.png?resize=800%2C800&amp;ssl=1',2450,NULL,'image-ex',133,NULL,NULL,NULL,NULL,NULL,NULL),(280,'https://i0.wp.com/aggressivegraphix.com/website_675b3277/wp-content/uploads/2025/02/40mmhex.jpg?resize=800%2C800&amp;ssl=1',2450,NULL,'image-ex',133,NULL,NULL,NULL,NULL,NULL,NULL),(281,'https://i0.wp.com/aggressivegraphix.com/website_675b3277/wp-content/uploads/2025/02/50mmhex.jpg?resize=800%2C800&amp;ssl=1',2450,NULL,'image-ex',133,NULL,NULL,NULL,NULL,NULL,NULL),(1232,'https://aggressivegraphix.com/wraps-and-tint/color-change-wraps/',95,NULL,'internal',21,NULL,NULL,NULL,NULL,NULL,NULL),(1233,'https://aggressivegraphix.com/wraps-and-tint/commercial-wraps-and-lettering/',95,NULL,'internal',21,NULL,NULL,NULL,NULL,NULL,NULL),(1234,'https://aggressivegraphix.com/wraps-and-tint/window-tint/',95,NULL,'internal',21,NULL,NULL,NULL,NULL,NULL,NULL),(1237,'https://i0.wp.com/aggressivegraphix.com/wp-content/uploads/2025/02/IMG_3616.jpg?resize=768%2C1024&amp;ssl=1',95,NULL,'image-ex',21,NULL,NULL,NULL,NULL,NULL,NULL),(1240,'https://i0.wp.com/aggressivegraphix.com/wp-content/uploads/2025/02/IMG_3128.jpg?resize=768%2C1024&amp;ssl=1',95,NULL,'image-ex',21,NULL,NULL,NULL,NULL,NULL,NULL),(1241,'https://i0.wp.com/aggressivegraphix.com/wp-content/uploads/2025/02/IMG_3097.jpg?resize=768%2C1024&amp;ssl=1',95,NULL,'image-ex',21,NULL,NULL,NULL,NULL,NULL,NULL),(1242,'https://i0.wp.com/aggressivegraphix.com/wp-content/uploads/2025/02/IMG_3053.jpg?resize=768%2C1024&amp;ssl=1',95,NULL,'image-ex',21,NULL,NULL,NULL,NULL,NULL,NULL),(1300,'https://aggressivegraphix.com/our-work/',1212,82,'internal',61,19,NULL,NULL,NULL,NULL,NULL),(1423,'https://aggressivegraphix.com/wp-content/plugins/wpforms/assets/images/submit-spin.svg',1212,NULL,'image-in',61,NULL,NULL,NULL,NULL,NULL,NULL),(1580,'https://aggressivegraphix.com/wp-content/plugins/wpforms/assets/images/submit-spin.svg',1214,NULL,'image-in',62,NULL,NULL,NULL,NULL,NULL,NULL),(1635,'https://aggressivegraphix.com/wp-content/plugins/wpforms/assets/images/submit-spin.svg',1216,NULL,'image-in',63,NULL,NULL,NULL,NULL,NULL,NULL),(1684,'mailto:info@aggressivegraphix.com',10,NULL,'external',8,NULL,NULL,NULL,NULL,NULL,NULL),(1685,'mailto:info@aggressivegraphix.com',3,NULL,'external',13,NULL,NULL,NULL,NULL,NULL,NULL),(2894,'https://i0.wp.com/aggressivegraphix.com/wp-content/uploads/2025/02/31mmsquare.png?resize=800%2C800&amp;ssl=1',2208,NULL,'image-ex',123,NULL,NULL,NULL,NULL,NULL,NULL),(2895,'https://i0.wp.com/aggressivegraphix.com/wp-content/uploads/2025/02/40mmhex.jpg?resize=800%2C800&amp;ssl=1',2208,NULL,'image-ex',123,NULL,NULL,NULL,NULL,NULL,NULL),(2896,'https://i0.wp.com/aggressivegraphix.com/wp-content/uploads/2025/02/50mmhex.jpg?resize=800%2C800&amp;ssl=1',2208,NULL,'image-ex',123,NULL,NULL,NULL,NULL,NULL,NULL),(3470,'https://explore.auravinyl.com/',1212,NULL,'external',61,NULL,NULL,NULL,NULL,NULL,NULL),(3471,'https://explore.auravinyl.com/',1212,NULL,'external',61,NULL,NULL,NULL,NULL,NULL,NULL),(3472,'https://explore.auravinyl.com/',1212,NULL,'external',61,NULL,NULL,NULL,NULL,NULL,NULL),(3473,'https://explore.auravinyl.com/',1212,NULL,'external',61,NULL,NULL,NULL,NULL,NULL,NULL),(3531,'https://i0.wp.com/aggressivegraphix.com/wp-content/uploads/2025/02/3M.png?ssl=1',1212,NULL,'image-ex',61,NULL,NULL,NULL,NULL,NULL,NULL),(3532,'https://i0.wp.com/aggressivegraphix.com/wp-content/uploads/2025/02/averydennison.png?ssl=1',1212,NULL,'image-ex',61,NULL,NULL,NULL,NULL,NULL,NULL),(3533,'https://i0.wp.com/aggressivegraphix.com/wp-content/uploads/2025/02/Orafol.png?ssl=1',1212,NULL,'image-ex',61,NULL,NULL,NULL,NULL,NULL,NULL),(3534,'https://i0.wp.com/aggressivegraphix.com/wp-content/uploads/2025/02/hexis.png?ssl=1',1212,NULL,'image-ex',61,NULL,NULL,NULL,NULL,NULL,NULL),(3535,'https://i0.wp.com/aggressivegraphix.com/wp-content/uploads/2025/02/kpmf.png?ssl=1',1212,NULL,'image-ex',61,NULL,NULL,NULL,NULL,NULL,NULL),(3536,'https://i0.wp.com/aggressivegraphix.com/wp-content/uploads/2025/02/teckwrap.png?ssl=1',1212,NULL,'image-ex',61,NULL,NULL,NULL,NULL,NULL,NULL),(3537,'https://i0.wp.com/aggressivegraphix.com/wp-content/uploads/2025/02/tinyBot.png?ssl=1',1212,NULL,'image-ex',61,NULL,NULL,NULL,NULL,NULL,NULL),(3538,'https://i0.wp.com/aggressivegraphix.com/wp-content/uploads/2025/02/aura.png?ssl=1',1212,NULL,'image-ex',61,NULL,NULL,NULL,NULL,NULL,NULL),(3707,'https://aggressivegraphix.com/shop/two-tone-seat-cover/',486,122,'internal',52,22,NULL,NULL,NULL,NULL,NULL),(3708,'https://aggressivegraphix.com/shop/two-tone-seat-cover/',486,122,'internal',52,22,NULL,NULL,NULL,NULL,NULL),(3709,'https://aggressivegraphix.com/shop/two-tone-seat-cover/',486,122,'internal',52,22,NULL,NULL,NULL,NULL,NULL),(3710,'https://aggressivegraphix.com/shop/solid-seat-cover/',486,1027,'internal',52,56,NULL,NULL,NULL,NULL,NULL),(3711,'https://aggressivegraphix.com/shop/solid-seat-cover/',486,1027,'internal',52,56,NULL,NULL,NULL,NULL,NULL),(3712,'https://aggressivegraphix.com/shop/solid-seat-cover/',486,1027,'internal',52,56,NULL,NULL,NULL,NULL,NULL),(3713,'https://aggressivegraphix.com/shop/5-rib-seat-cover/',486,1490,'internal',52,84,NULL,NULL,NULL,NULL,NULL),(3714,'https://aggressivegraphix.com/shop/5-rib-seat-cover/',486,1490,'internal',52,84,NULL,NULL,NULL,NULL,NULL),(3715,'https://aggressivegraphix.com/shop/5-rib-seat-cover/',486,1490,'internal',52,84,NULL,NULL,NULL,NULL,NULL),(3716,'https://aggressivegraphix.com/shop/3-rib-seat-cover/',486,1838,'internal',52,85,NULL,NULL,NULL,NULL,NULL),(3717,'https://aggressivegraphix.com/shop/3-rib-seat-cover/',486,1838,'internal',52,85,NULL,NULL,NULL,NULL,NULL),(3718,'https://aggressivegraphix.com/shop/3-rib-seat-cover/',486,1838,'internal',52,85,NULL,NULL,NULL,NULL,NULL),(3719,'https://i0.wp.com/aggressivegraphix.com/wp-content/uploads/2024/10/2tonegripper.webp?resize=300%2C300&amp;ssl=1',486,NULL,'image-ex',52,NULL,NULL,NULL,NULL,NULL,NULL),(3720,'https://i0.wp.com/aggressivegraphix.com/wp-content/uploads/2024/11/solidseatcover-black.png?resize=300%2C300&amp;ssl=1',486,NULL,'image-ex',52,NULL,NULL,NULL,NULL,NULL,NULL),(3721,'https://i0.wp.com/aggressivegraphix.com/wp-content/uploads/2024/12/5ribgripper.webp?resize=300%2C300&amp;ssl=1',486,NULL,'image-ex',52,NULL,NULL,NULL,NULL,NULL,NULL),(3722,'https://i0.wp.com/aggressivegraphix.com/wp-content/uploads/2025/01/3ribgripper.webp?resize=300%2C300&amp;ssl=1',486,NULL,'image-ex',52,NULL,NULL,NULL,NULL,NULL,NULL),(3724,'https://aggressivegraphix.com/shop/custom-full-decal-kit/',2008,486,'internal',86,52,NULL,NULL,NULL,NULL,NULL),(3725,'https://aggressivegraphix.com/shop/custom-full-decal-kit/',2008,486,'internal',86,52,NULL,NULL,NULL,NULL,NULL),(3726,'https://aggressivegraphix.com/shop/custom-full-decal-kit/',2008,486,'internal',86,52,NULL,NULL,NULL,NULL,NULL),(3727,'https://aggressivegraphix.com/shop/custom-trim-kit/',2008,700,'internal',86,53,NULL,NULL,NULL,NULL,NULL),(3728,'https://aggressivegraphix.com/shop/custom-trim-kit/',2008,700,'internal',86,53,NULL,NULL,NULL,NULL,NULL),(3729,'https://aggressivegraphix.com/shop/custom-trim-kit/',2008,700,'internal',86,53,NULL,NULL,NULL,NULL,NULL),(3730,'https://aggressivegraphix.com/shop/custom-number-plate-kit/',2008,858,'internal',86,54,NULL,NULL,NULL,NULL,NULL),(3731,'https://aggressivegraphix.com/shop/custom-number-plate-kit/',2008,858,'internal',86,54,NULL,NULL,NULL,NULL,NULL),(3732,'https://aggressivegraphix.com/shop/custom-number-plate-kit/',2008,858,'internal',86,54,NULL,NULL,NULL,NULL,NULL),(3733,'https://aggressivegraphix.com/shop/3-rib-seat-cover/',2008,1838,'internal',86,85,NULL,NULL,NULL,NULL,NULL),(3734,'https://aggressivegraphix.com/shop/3-rib-seat-cover/',2008,1838,'internal',86,85,NULL,NULL,NULL,NULL,NULL),(3735,'https://aggressivegraphix.com/shop/3-rib-seat-cover/',2008,1838,'internal',86,85,NULL,NULL,NULL,NULL,NULL),(3736,'https://aggressivegraphix.com/shop/5-rib-seat-cover/',2008,1490,'internal',86,84,NULL,NULL,NULL,NULL,NULL),(3737,'https://aggressivegraphix.com/shop/5-rib-seat-cover/',2008,1490,'internal',86,84,NULL,NULL,NULL,NULL,NULL),(3738,'https://aggressivegraphix.com/shop/5-rib-seat-cover/',2008,1490,'internal',86,84,NULL,NULL,NULL,NULL,NULL),(3739,'https://aggressivegraphix.com/shop/solid-seat-cover/',2008,1027,'internal',86,56,NULL,NULL,NULL,NULL,NULL),(3740,'https://aggressivegraphix.com/shop/solid-seat-cover/',2008,1027,'internal',86,56,NULL,NULL,NULL,NULL,NULL),(3741,'https://aggressivegraphix.com/shop/solid-seat-cover/',2008,1027,'internal',86,56,NULL,NULL,NULL,NULL,NULL),(3742,'https://aggressivegraphix.com/shop/two-tone-seat-cover/',2008,122,'internal',86,22,NULL,NULL,NULL,NULL,NULL),(3743,'https://aggressivegraphix.com/shop/two-tone-seat-cover/',2008,122,'internal',86,22,NULL,NULL,NULL,NULL,NULL),(3744,'https://aggressivegraphix.com/shop/two-tone-seat-cover/',2008,122,'internal',86,22,NULL,NULL,NULL,NULL,NULL),(3745,'https://i0.wp.com/aggressivegraphix.com/wp-content/uploads/2024/11/customfullbikedecals.webp?resize=300%2C300&amp;ssl=1',2008,NULL,'image-ex',86,NULL,NULL,NULL,NULL,NULL,NULL),(3746,'https://i0.wp.com/aggressivegraphix.com/wp-content/uploads/2024/11/customtrimkitdecals.webp?resize=300%2C300&amp;ssl=1',2008,NULL,'image-ex',86,NULL,NULL,NULL,NULL,NULL,NULL),(3747,'https://i0.wp.com/aggressivegraphix.com/wp-content/uploads/2024/11/customnumberplatekit.webp?resize=300%2C300&amp;ssl=1',2008,NULL,'image-ex',86,NULL,NULL,NULL,NULL,NULL,NULL),(3748,'https://i0.wp.com/aggressivegraphix.com/wp-content/uploads/2025/01/3ribgripper.webp?resize=300%2C300&amp;ssl=1',2008,NULL,'image-ex',86,NULL,NULL,NULL,NULL,NULL,NULL),(3749,'https://i0.wp.com/aggressivegraphix.com/wp-content/uploads/2024/12/5ribgripper.webp?resize=300%2C300&amp;ssl=1',2008,NULL,'image-ex',86,NULL,NULL,NULL,NULL,NULL,NULL),(3750,'https://i0.wp.com/aggressivegraphix.com/wp-content/uploads/2024/11/solidseatcover-black.png?resize=300%2C300&amp;ssl=1',2008,NULL,'image-ex',86,NULL,NULL,NULL,NULL,NULL,NULL),(3751,'https://i0.wp.com/aggressivegraphix.com/wp-content/uploads/2024/10/2tonegripper.webp?resize=300%2C300&amp;ssl=1',2008,NULL,'image-ex',86,NULL,NULL,NULL,NULL,NULL,NULL),(3752,'/wp-admin/post.php?post=2008&amp;action=edit&amp;meta-box-loader=1&amp;meta-box-loader-nonce=1eaf15972a&amp;_locale=user&amp;add-to-cart=486',2008,NULL,'internal',86,NULL,NULL,NULL,NULL,NULL,NULL),(3753,'/wp-admin/post.php?post=2008&amp;action=edit&amp;meta-box-loader=1&amp;meta-box-loader-nonce=1eaf15972a&amp;_locale=user&amp;add-to-cart=700',2008,NULL,'internal',86,NULL,NULL,NULL,NULL,NULL,NULL),(3754,'/wp-admin/post.php?post=2008&amp;action=edit&amp;meta-box-loader=1&amp;meta-box-loader-nonce=1eaf15972a&amp;_locale=user&amp;add-to-cart=858',2008,NULL,'internal',86,NULL,NULL,NULL,NULL,NULL,NULL),(3755,'/wp-admin/post.php?post=2008&amp;action=edit&amp;meta-box-loader=1&amp;meta-box-loader-nonce=1eaf15972a&amp;_locale=user&amp;add-to-cart=1027',2008,NULL,'internal',86,NULL,NULL,NULL,NULL,NULL,NULL),(3756,'https://i0.wp.com/aggressivegraphix.com/wp-content/uploads/2025/02/IMG_2741-1-edited-1024x576.webp?resize=1024%2C576&amp;ssl=1',95,NULL,'image-ex',21,NULL,NULL,NULL,NULL,NULL,NULL),(3757,'https://i0.wp.com/aggressivegraphix.com/wp-content/uploads/2025/02/IMG_2556-1-768x1024.jpg?resize=768%2C1024&amp;ssl=1',95,NULL,'image-ex',21,NULL,NULL,NULL,NULL,NULL,NULL),(3758,'https://i0.wp.com/aggressivegraphix.com/wp-content/uploads/2025/02/IMG_0785-1024x758.jpg?resize=1024%2C758&amp;ssl=1',95,NULL,'image-ex',21,NULL,NULL,NULL,NULL,NULL,NULL),(3759,'https://i0.wp.com/aggressivegraphix.com/wp-content/uploads/2025/02/IMG_2698-edited-scaled.webp?resize=1024%2C576&amp;ssl=1',95,NULL,'image-ex',21,NULL,NULL,NULL,NULL,NULL,NULL),(3811,'https://i0.wp.com/aggressivegraphix.com/wp-content/uploads/2025/05/IMG_1197-scaled.webp?resize=2560%2C1920&amp;ssl=1',1214,NULL,'image-ex',62,NULL,NULL,NULL,NULL,NULL,NULL),(3828,'https://i0.wp.com/aggressivegraphix.com/wp-content/uploads/2025/03/factorytint.webp?resize=308%2C172&amp;ssl=1',1216,NULL,'image-ex',63,NULL,NULL,NULL,NULL,NULL,NULL),(3829,'https://i0.wp.com/aggressivegraphix.com/wp-content/uploads/2025/03/50percenttint.webp?resize=308%2C172&amp;ssl=1',1216,NULL,'image-ex',63,NULL,NULL,NULL,NULL,NULL,NULL),(3830,'https://i0.wp.com/aggressivegraphix.com/wp-content/uploads/2025/03/40percenttint.webp?resize=308%2C172&amp;ssl=1',1216,NULL,'image-ex',63,NULL,NULL,NULL,NULL,NULL,NULL),(3831,'https://i0.wp.com/aggressivegraphix.com/wp-content/uploads/2025/03/35percenttint.webp?resize=308%2C172&amp;ssl=1',1216,NULL,'image-ex',63,NULL,NULL,NULL,NULL,NULL,NULL),(3832,'https://i0.wp.com/aggressivegraphix.com/wp-content/uploads/2025/03/20percenttint.webp?resize=308%2C172&amp;ssl=1',1216,NULL,'image-ex',63,NULL,NULL,NULL,NULL,NULL,NULL),(3833,'https://i0.wp.com/aggressivegraphix.com/wp-content/uploads/2025/03/5percenttint.webp?resize=308%2C172&amp;ssl=1',1216,NULL,'image-ex',63,NULL,NULL,NULL,NULL,NULL,NULL),(3866,'https://i0.wp.com/aggressivegraphix.com/wp-content/uploads/2025/03/frontdoor.webp?ssl=1',1216,NULL,'image-ex',63,NULL,NULL,NULL,NULL,NULL,NULL),(3867,'https://i0.wp.com/aggressivegraphix.com/wp-content/uploads/2025/03/reardoor.webp?ssl=1',1216,NULL,'image-ex',63,NULL,NULL,NULL,NULL,NULL,NULL),(3868,'https://i0.wp.com/aggressivegraphix.com/wp-content/uploads/2025/03/rearwindow.webp?ssl=1',1216,NULL,'image-ex',63,NULL,NULL,NULL,NULL,NULL,NULL),(3869,'https://i0.wp.com/aggressivegraphix.com/wp-content/uploads/2025/03/windshieldconcave.webp?ssl=1',1216,NULL,'image-ex',63,NULL,NULL,NULL,NULL,NULL,NULL),(3870,'https://i0.wp.com/aggressivegraphix.com/wp-content/uploads/2025/03/windshieldconvex.webp?ssl=1',1216,NULL,'image-ex',63,NULL,NULL,NULL,NULL,NULL,NULL),(3871,'https://i0.wp.com/aggressivegraphix.com/wp-content/uploads/2025/03/windshieldfull.webp?ssl=1',1216,NULL,'image-ex',63,NULL,NULL,NULL,NULL,NULL,NULL),(3895,'https://i0.wp.com/aggressivegraphix.com/wp-content/uploads/2025/05/IMG_3402-scaled-e1746126337486-768x1024.webp?resize=768%2C1024&amp;ssl=1',1214,NULL,'image-ex',62,NULL,NULL,NULL,NULL,NULL,NULL),(3896,'https://i0.wp.com/aggressivegraphix.com/wp-content/uploads/2025/05/IMG_3090-scaled-e1746127004697-1024x768.webp?resize=1024%2C768&amp;ssl=1',1214,NULL,'image-ex',62,NULL,NULL,NULL,NULL,NULL,NULL),(3897,'https://i0.wp.com/aggressivegraphix.com/wp-content/uploads/2025/05/IMG_3651-scaled.webp?resize=1920%2C2560&amp;ssl=1',1214,NULL,'image-ex',62,NULL,NULL,NULL,NULL,NULL,NULL),(3902,'/wp-admin/post.php?post=486&amp;action=edit&amp;meta-box-loader=1&amp;meta-box-loader-nonce=c6e2ca9bd1&amp;_locale=user&amp;add-to-cart=1027',486,NULL,'internal',52,NULL,NULL,NULL,NULL,NULL,NULL);
/*!50112 PREPARE s FROM @disable_bulk_load */;
/*!50112 EXECUTE s */;
/*!50112 DEALLOCATE PREPARE s */;


